{"id":44648,"date":"2026-02-06T15:19:48","date_gmt":"2026-02-06T15:19:48","guid":{"rendered":"https:\/\/ani.pt\/?post_type=evento&#038;p=44648"},"modified":"2026-02-06T15:42:18","modified_gmt":"2026-02-06T15:42:18","slug":"economia-circular-em-destaque-na-regiao-centro-como-motor-de-inovacao-e-desenvolvimento","status":"publish","type":"evento","link":"https:\/\/ani.pt\/en\/evento\/economia-circular-em-destaque-na-regiao-centro-como-motor-de-inovacao-e-desenvolvimento\/","title":{"rendered":"Economia Circular em destaque na Regi\u00e3o Centro como motor de inova\u00e7\u00e3o e desenvolvimento"},"content":{"rendered":"\n<p class=\"has-text-align-center\"><strong>16 de junho, Convento S\u00e3o Francisco, Coimbra<\/strong><\/p>\n\n\n\n<p>A Comiss\u00e3o de Coordena\u00e7\u00e3o e Desenvolvimento Regional do Centro, I.P. (CCDR Centro) promoveu, no passado dia 16 de junho, o evento \u201cEconomia Circular: um caminho de competitividade e inova\u00e7\u00e3o na Regi\u00e3o Centro\u201d, que decorreu no Convento S\u00e3o Francisco, em Coimbra e que contou com a participa\u00e7\u00e3o de Lu\u00eds Ferreira e Maria Jo\u00e3o Fernandes, da ANI.<\/p>\n\n\n\n<p>A iniciativa reuniu especialistas internacionais, decisores pol\u00edticos, empres\u00e1rios, investigadores e cidad\u00e3os, com o objetivo de acelerar a transi\u00e7\u00e3o para um modelo econ\u00f3mico mais circular, resiliente e regenerativo. O programa abordou temas como novos modelos de neg\u00f3cio, oportunidades de financiamento, pol\u00edticas p\u00fablicas e inova\u00e7\u00e3o regional.<\/p>\n\n\n\n<p>Lu\u00eds Ferreira moderou a sess\u00e3o \u201cNovos Modelos de Neg\u00f3cio \u2013 Servi\u00e7os e Produtos Circulares\u201d e Maria Jo\u00e3o Fernandes interveio na sess\u00e3o \u201cOportunidades de Financiamento em Economia Circular\u201d, com uma apresenta\u00e7\u00e3o sobre as oportunidades de financiamento no Horizonte Europa ligadas \u00e0 economia circular.<\/p>\n\n\n\n<p>Al\u00e9m das quatro sess\u00f5es tem\u00e1ticas, o evento contou ainda com 18 expositores na mostra de produtos e servi\u00e7os circulares, que promoveu o contacto direto entre agentes e a apresenta\u00e7\u00e3o de solu\u00e7\u00f5es sustent\u00e1veis.<\/p>\n\n\n\n<p>Saiba mais&nbsp;<a href=\"https:\/\/centro2030.pt\/2025\/05\/28\/economia-circular-um-caminho-de-competitividade-e-inovacao-na-regiao-centro\/\" target=\"_blank\" rel=\"noreferrer noopener\">aqui<\/a>.<\/p>\n","protected":false},"excerpt":{"rendered":"<p>16 de junho, Convento S\u00e3o Francisco, Coimbra A Comiss\u00e3o de Coordena\u00e7\u00e3o e Desenvolvimento Regional do Centro, I.P. (CCDR Centro) promoveu, no passado dia 16 de junho, o evento \u201cEconomia Circular: um caminho de competitividade e inova\u00e7\u00e3o na Regi\u00e3o Centro\u201d, que decorreu no Convento S\u00e3o Francisco, em Coimbra e que contou com a participa\u00e7\u00e3o de Lu\u00eds [&hellip;]<\/p>\n","protected":false},"featured_media":40688,"template":"","meta":{"_acf_changed":false,"_et_pb_use_builder":"off","_et_pb_old_content":"","_et_gb_content_width":"","footnotes":""},"categoria-eventos":[907],"class_list":["post-44648","evento","type-evento","status-publish","has-post-thumbnail","hentry","categoria-eventos-eventos-conferencias"],"acf":[],"yoast_head":"<!-- This site is optimized with the Yoast SEO plugin v27.5 - https:\/\/yoast.com\/product\/yoast-seo-wordpress\/ -->\n<title>Economia Circular em destaque na Regi\u00e3o Centro como motor de inova\u00e7\u00e3o e desenvolvimento - ANI<\/title>\n<meta name=\"robots\" content=\"index, follow, max-snippet:-1, max-image-preview:large, max-video-preview:-1\" \/>\n<link rel=\"canonical\" href=\"https:\/\/ani.pt\/en\/evento\/economia-circular-em-destaque-na-regiao-centro-como-motor-de-inovacao-e-desenvolvimento\/\" \/>\n<meta property=\"og:locale\" content=\"en_US\" \/>\n<meta property=\"og:type\" content=\"article\" \/>\n<meta property=\"og:title\" content=\"Economia Circular em destaque na Regi\u00e3o Centro como motor de inova\u00e7\u00e3o e desenvolvimento - ANI\" \/>\n<meta property=\"og:description\" content=\"16 de junho, Convento S\u00e3o Francisco, Coimbra A Comiss\u00e3o de Coordena\u00e7\u00e3o e Desenvolvimento Regional do Centro, I.P. (CCDR Centro) promoveu, no passado dia 16 de junho, o evento \u201cEconomia Circular: um caminho de competitividade e inova\u00e7\u00e3o na Regi\u00e3o Centro\u201d, que decorreu no Convento S\u00e3o Francisco, em Coimbra e que contou com a participa\u00e7\u00e3o de Lu\u00eds [&hellip;]\" \/>\n<meta property=\"og:url\" content=\"https:\/\/ani.pt\/en\/evento\/economia-circular-em-destaque-na-regiao-centro-como-motor-de-inovacao-e-desenvolvimento\/\" \/>\n<meta property=\"og:site_name\" content=\"ANI\" \/>\n<meta property=\"article:publisher\" content=\"https:\/\/www.facebook.com\/agencianacionaldeinovacao\/\" \/>\n<meta property=\"article:modified_time\" content=\"2026-02-06T15:42:18+00:00\" \/>\n<meta name=\"twitter:card\" content=\"summary_large_image\" \/>\n<meta name=\"twitter:label1\" content=\"Est. reading time\" \/>\n\t<meta name=\"twitter:data1\" content=\"2 minutes\" \/>\n<script type=\"application\/ld+json\" class=\"yoast-schema-graph\">{\"@context\":\"https:\\\/\\\/schema.org\",\"@graph\":[{\"@type\":\"WebPage\",\"@id\":\"https:\\\/\\\/ani.pt\\\/en\\\/evento\\\/economia-circular-em-destaque-na-regiao-centro-como-motor-de-inovacao-e-desenvolvimento\\\/\",\"url\":\"https:\\\/\\\/ani.pt\\\/en\\\/evento\\\/economia-circular-em-destaque-na-regiao-centro-como-motor-de-inovacao-e-desenvolvimento\\\/\",\"name\":\"Economia Circular em destaque na Regi\u00e3o Centro como motor de inova\u00e7\u00e3o e desenvolvimento - ANI\",\"isPartOf\":{\"@id\":\"https:\\\/\\\/ani.pt\\\/en\\\/#website\"},\"primaryImageOfPage\":{\"@id\":\"https:\\\/\\\/ani.pt\\\/en\\\/evento\\\/economia-circular-em-destaque-na-regiao-centro-como-motor-de-inovacao-e-desenvolvimento\\\/#primaryimage\"},\"image\":{\"@id\":\"https:\\\/\\\/ani.pt\\\/en\\\/evento\\\/economia-circular-em-destaque-na-regiao-centro-como-motor-de-inovacao-e-desenvolvimento\\\/#primaryimage\"},\"thumbnailUrl\":\"https:\\\/\\\/ani.pt\\\/wp-content\\\/uploads\\\/2025\\\/06\\\/noticias_economiaciruclar.png\",\"datePublished\":\"2026-02-06T15:19:48+00:00\",\"dateModified\":\"2026-02-06T15:42:18+00:00\",\"breadcrumb\":{\"@id\":\"https:\\\/\\\/ani.pt\\\/en\\\/evento\\\/economia-circular-em-destaque-na-regiao-centro-como-motor-de-inovacao-e-desenvolvimento\\\/#breadcrumb\"},\"inLanguage\":\"en-US\",\"potentialAction\":[{\"@type\":\"ReadAction\",\"target\":[\"https:\\\/\\\/ani.pt\\\/en\\\/evento\\\/economia-circular-em-destaque-na-regiao-centro-como-motor-de-inovacao-e-desenvolvimento\\\/\"]}]},{\"@type\":\"ImageObject\",\"inLanguage\":\"en-US\",\"@id\":\"https:\\\/\\\/ani.pt\\\/en\\\/evento\\\/economia-circular-em-destaque-na-regiao-centro-como-motor-de-inovacao-e-desenvolvimento\\\/#primaryimage\",\"url\":\"https:\\\/\\\/ani.pt\\\/wp-content\\\/uploads\\\/2025\\\/06\\\/noticias_economiaciruclar.png\",\"contentUrl\":\"https:\\\/\\\/ani.pt\\\/wp-content\\\/uploads\\\/2025\\\/06\\\/noticias_economiaciruclar.png\",\"width\":1920,\"height\":1080},{\"@type\":\"BreadcrumbList\",\"@id\":\"https:\\\/\\\/ani.pt\\\/en\\\/evento\\\/economia-circular-em-destaque-na-regiao-centro-como-motor-de-inovacao-e-desenvolvimento\\\/#breadcrumb\",\"itemListElement\":[{\"@type\":\"ListItem\",\"position\":1,\"name\":\"Homepage\",\"item\":\"https:\\\/\\\/ani.pt\\\/en\\\/\"},{\"@type\":\"ListItem\",\"position\":2,\"name\":\"Eventos\",\"item\":\"https:\\\/\\\/ani.pt\\\/en\\\/evento\\\/\"},{\"@type\":\"ListItem\",\"position\":3,\"name\":\"Eventos &amp; Confer\u00eancias\",\"item\":\"https:\\\/\\\/ani.pt\\\/en\\\/categoria-eventos\\\/eventos-conferencias\\\/\"},{\"@type\":\"ListItem\",\"position\":4,\"name\":\"Economia Circular em destaque na Regi\u00e3o Centro como motor de inova\u00e7\u00e3o e desenvolvimento\"}]},{\"@type\":\"WebSite\",\"@id\":\"https:\\\/\\\/ani.pt\\\/en\\\/#website\",\"url\":\"https:\\\/\\\/ani.pt\\\/en\\\/\",\"name\":\"ANI\",\"description\":\"\",\"potentialAction\":[{\"@type\":\"SearchAction\",\"target\":{\"@type\":\"EntryPoint\",\"urlTemplate\":\"https:\\\/\\\/ani.pt\\\/en\\\/?s={search_term_string}\"},\"query-input\":{\"@type\":\"PropertyValueSpecification\",\"valueRequired\":true,\"valueName\":\"search_term_string\"}}],\"inLanguage\":\"en-US\"}]}<\/script>\n<!-- \/ Yoast SEO plugin. -->","yoast_head_json":{"title":"Economia Circular em destaque na Regi\u00e3o Centro como motor de inova\u00e7\u00e3o e desenvolvimento - ANI","robots":{"index":"index","follow":"follow","max-snippet":"max-snippet:-1","max-image-preview":"max-image-preview:large","max-video-preview":"max-video-preview:-1"},"canonical":"https:\/\/ani.pt\/en\/evento\/economia-circular-em-destaque-na-regiao-centro-como-motor-de-inovacao-e-desenvolvimento\/","og_locale":"en_US","og_type":"article","og_title":"Economia Circular em destaque na Regi\u00e3o Centro como motor de inova\u00e7\u00e3o e desenvolvimento - ANI","og_description":"16 de junho, Convento S\u00e3o Francisco, Coimbra A Comiss\u00e3o de Coordena\u00e7\u00e3o e Desenvolvimento Regional do Centro, I.P. (CCDR Centro) promoveu, no passado dia 16 de junho, o evento \u201cEconomia Circular: um caminho de competitividade e inova\u00e7\u00e3o na Regi\u00e3o Centro\u201d, que decorreu no Convento S\u00e3o Francisco, em Coimbra e que contou com a participa\u00e7\u00e3o de Lu\u00eds [&hellip;]","og_url":"https:\/\/ani.pt\/en\/evento\/economia-circular-em-destaque-na-regiao-centro-como-motor-de-inovacao-e-desenvolvimento\/","og_site_name":"ANI","article_publisher":"https:\/\/www.facebook.com\/agencianacionaldeinovacao\/","article_modified_time":"2026-02-06T15:42:18+00:00","twitter_card":"summary_large_image","twitter_misc":{"Est. reading time":"2 minutes"},"schema":{"@context":"https:\/\/schema.org","@graph":[{"@type":"WebPage","@id":"https:\/\/ani.pt\/en\/evento\/economia-circular-em-destaque-na-regiao-centro-como-motor-de-inovacao-e-desenvolvimento\/","url":"https:\/\/ani.pt\/en\/evento\/economia-circular-em-destaque-na-regiao-centro-como-motor-de-inovacao-e-desenvolvimento\/","name":"Economia Circular em destaque na Regi\u00e3o Centro como motor de inova\u00e7\u00e3o e desenvolvimento - ANI","isPartOf":{"@id":"https:\/\/ani.pt\/en\/#website"},"primaryImageOfPage":{"@id":"https:\/\/ani.pt\/en\/evento\/economia-circular-em-destaque-na-regiao-centro-como-motor-de-inovacao-e-desenvolvimento\/#primaryimage"},"image":{"@id":"https:\/\/ani.pt\/en\/evento\/economia-circular-em-destaque-na-regiao-centro-como-motor-de-inovacao-e-desenvolvimento\/#primaryimage"},"thumbnailUrl":"https:\/\/ani.pt\/wp-content\/uploads\/2025\/06\/noticias_economiaciruclar.png","datePublished":"2026-02-06T15:19:48+00:00","dateModified":"2026-02-06T15:42:18+00:00","breadcrumb":{"@id":"https:\/\/ani.pt\/en\/evento\/economia-circular-em-destaque-na-regiao-centro-como-motor-de-inovacao-e-desenvolvimento\/#breadcrumb"},"inLanguage":"en-US","potentialAction":[{"@type":"ReadAction","target":["https:\/\/ani.pt\/en\/evento\/economia-circular-em-destaque-na-regiao-centro-como-motor-de-inovacao-e-desenvolvimento\/"]}]},{"@type":"ImageObject","inLanguage":"en-US","@id":"https:\/\/ani.pt\/en\/evento\/economia-circular-em-destaque-na-regiao-centro-como-motor-de-inovacao-e-desenvolvimento\/#primaryimage","url":"https:\/\/ani.pt\/wp-content\/uploads\/2025\/06\/noticias_economiaciruclar.png","contentUrl":"https:\/\/ani.pt\/wp-content\/uploads\/2025\/06\/noticias_economiaciruclar.png","width":1920,"height":1080},{"@type":"BreadcrumbList","@id":"https:\/\/ani.pt\/en\/evento\/economia-circular-em-destaque-na-regiao-centro-como-motor-de-inovacao-e-desenvolvimento\/#breadcrumb","itemListElement":[{"@type":"ListItem","position":1,"name":"Homepage","item":"https:\/\/ani.pt\/en\/"},{"@type":"ListItem","position":2,"name":"Eventos","item":"https:\/\/ani.pt\/en\/evento\/"},{"@type":"ListItem","position":3,"name":"Eventos &amp; Confer\u00eancias","item":"https:\/\/ani.pt\/en\/categoria-eventos\/eventos-conferencias\/"},{"@type":"ListItem","position":4,"name":"Economia Circular em destaque na Regi\u00e3o Centro como motor de inova\u00e7\u00e3o e desenvolvimento"}]},{"@type":"WebSite","@id":"https:\/\/ani.pt\/en\/#website","url":"https:\/\/ani.pt\/en\/","name":"ANI","description":"","potentialAction":[{"@type":"SearchAction","target":{"@type":"EntryPoint","urlTemplate":"https:\/\/ani.pt\/en\/?s={search_term_string}"},"query-input":{"@type":"PropertyValueSpecification","valueRequired":true,"valueName":"search_term_string"}}],"inLanguage":"en-US"}]}},"_links":{"self":[{"href":"https:\/\/ani.pt\/en\/wp-json\/wp\/v2\/evento\/44648","targetHints":{"allow":["GET"]}}],"collection":[{"href":"https:\/\/ani.pt\/en\/wp-json\/wp\/v2\/evento"}],"about":[{"href":"https:\/\/ani.pt\/en\/wp-json\/wp\/v2\/types\/evento"}],"version-history":[{"count":2,"href":"https:\/\/ani.pt\/en\/wp-json\/wp\/v2\/evento\/44648\/revisions"}],"predecessor-version":[{"id":44664,"href":"https:\/\/ani.pt\/en\/wp-json\/wp\/v2\/evento\/44648\/revisions\/44664"}],"wp:featuredmedia":[{"embeddable":true,"href":"https:\/\/ani.pt\/en\/wp-json\/wp\/v2\/media\/40688"}],"wp:attachment":[{"href":"https:\/\/ani.pt\/en\/wp-json\/wp\/v2\/media?parent=44648"}],"wp:term":[{"taxonomy":"categoria-eventos","embeddable":true,"href":"https:\/\/ani.pt\/en\/wp-json\/wp\/v2\/categoria-eventos?post=44648"}],"curies":[{"name":"wp","href":"https:\/\/api.w.org\/{rel}","templated":true}]}}

Economia Circular em destaque na Região Centro como motor de inovação e desenvolvimento

<p class="has-text-align-center"><strong>16 de junho, Convento São Francisco, Coimbra</strong></p>



<p>A Comissão de Coordenação e Desenvolvimento Regional do Centro, I.P. (CCDR Centro) promoveu, no passado dia 16 de junho, o evento “Economia Circular: um caminho de competitividade e inovação na Região Centro”, que decorreu no Convento São Francisco, em Coimbra e que contou com a participação de Luís Ferreira e Maria João Fernandes, da ANI.</p>



<p>A iniciativa reuniu especialistas internacionais, decisores políticos, empresários, investigadores e cidadãos, com o objetivo de acelerar a transição para um modelo económico mais circular, resiliente e regenerativo. O programa abordou temas como novos modelos de negócio, oportunidades de financiamento, políticas públicas e inovação regional.</p>



<p>Luís Ferreira moderou a sessão “Novos Modelos de Negócio – Serviços e Produtos Circulares” e Maria João Fernandes interveio na sessão “Oportunidades de Financiamento em Economia Circular”, com uma apresentação sobre as oportunidades de financiamento no Horizonte Europa ligadas à economia circular.</p>



<p>Além das quatro sessões temáticas, o evento contou ainda com 18 expositores na mostra de produtos e serviços circulares, que promoveu o contacto direto entre agentes e a apresentação de soluções sustentáveis.</p>



<p>Saiba mais&nbsp;<a href="https://centro2030.pt/2025/05/28/economia-circular-um-caminho-de-competitividade-e-inovacao-na-regiao-centro/" target="_blank" rel="noreferrer noopener">aqui</a>.</p>

<p>16 de junho, Convento São Francisco, Coimbra A Comissão de Coordenação e Desenvolvimento Regional do Centro, I.P. (CCDR Centro) promoveu, no passado dia 16 de junho, o evento “Economia Circular: um caminho de competitividade e inovação na Região Centro”, que decorreu no Convento São Francisco, em Coimbra e que contou com a participação de Luís [&hellip;]</p>

<!-- This site is optimized with the Yoast SEO plugin v27.5 - https://yoast.com/product/yoast-seo-wordpress/ -->
<title>Economia Circular em destaque na Região Centro como motor de inovação e desenvolvimento - ANI</title>
<meta name="robots" content="index, follow, max-snippet:-1, max-image-preview:large, max-video-preview:-1" />
<link rel="canonical" href="https://ani.pt/en/evento/economia-circular-em-destaque-na-regiao-centro-como-motor-de-inovacao-e-desenvolvimento/" />
<meta property="og:locale" content="en_US" />
<meta property="og:type" content="article" />
<meta property="og:title" content="Economia Circular em destaque na Região Centro como motor de inovação e desenvolvimento - ANI" />
<meta property="og:description" content="16 de junho, Convento São Francisco, Coimbra A Comissão de Coordenação e Desenvolvimento Regional do Centro, I.P. (CCDR Centro) promoveu, no passado dia 16 de junho, o evento “Economia Circular: um caminho de competitividade e inovação na Região Centro”, que decorreu no Convento São Francisco, em Coimbra e que contou com a participação de Luís [&hellip;]" />
<meta property="og:url" content="https://ani.pt/en/evento/economia-circular-em-destaque-na-regiao-centro-como-motor-de-inovacao-e-desenvolvimento/" />
<meta property="og:site_name" content="ANI" />
<meta property="article:publisher" content="https://www.facebook.com/agencianacionaldeinovacao/" />
<meta property="article:modified_time" content="2026-02-06T15:42:18+00:00" />
<meta name="twitter:card" content="summary_large_image" />
<meta name="twitter:label1" content="Est. reading time" />
	<meta name="twitter:data1" content="2 minutes" />
<script type="application/ld+json" class="yoast-schema-graph">{"@context":"https:\/\/schema.org","@graph":[{"@type":"WebPage","@id":"https:\/\/ani.pt\/en\/evento\/economia-circular-em-destaque-na-regiao-centro-como-motor-de-inovacao-e-desenvolvimento\/","url":"https:\/\/ani.pt\/en\/evento\/economia-circular-em-destaque-na-regiao-centro-como-motor-de-inovacao-e-desenvolvimento\/","name":"Economia Circular em destaque na Região Centro como motor de inovação e desenvolvimento - ANI","isPartOf":{"@id":"https:\/\/ani.pt\/en\/#website"},"primaryImageOfPage":{"@id":"https:\/\/ani.pt\/en\/evento\/economia-circular-em-destaque-na-regiao-centro-como-motor-de-inovacao-e-desenvolvimento\/#primaryimage"},"image":{"@id":"https:\/\/ani.pt\/en\/evento\/economia-circular-em-destaque-na-regiao-centro-como-motor-de-inovacao-e-desenvolvimento\/#primaryimage"},"thumbnailUrl":"https:\/\/ani.pt\/wp-content\/uploads\/2025\/06\/noticias_economiaciruclar.png","datePublished":"2026-02-06T15:19:48+00:00","dateModified":"2026-02-06T15:42:18+00:00","breadcrumb":{"@id":"https:\/\/ani.pt\/en\/evento\/economia-circular-em-destaque-na-regiao-centro-como-motor-de-inovacao-e-desenvolvimento\/#breadcrumb"},"inLanguage":"en-US","potentialAction":[{"@type":"ReadAction","target":["https:\/\/ani.pt\/en\/evento\/economia-circular-em-destaque-na-regiao-centro-como-motor-de-inovacao-e-desenvolvimento\/"]}]},{"@type":"ImageObject","inLanguage":"en-US","@id":"https:\/\/ani.pt\/en\/evento\/economia-circular-em-destaque-na-regiao-centro-como-motor-de-inovacao-e-desenvolvimento\/#primaryimage","url":"https:\/\/ani.pt\/wp-content\/uploads\/2025\/06\/noticias_economiaciruclar.png","contentUrl":"https:\/\/ani.pt\/wp-content\/uploads\/2025\/06\/noticias_economiaciruclar.png","width":1920,"height":1080},{"@type":"BreadcrumbList","@id":"https:\/\/ani.pt\/en\/evento\/economia-circular-em-destaque-na-regiao-centro-como-motor-de-inovacao-e-desenvolvimento\/#breadcrumb","itemListElement":[{"@type":"ListItem","position":1,"name":"Homepage","item":"https:\/\/ani.pt\/en\/"},{"@type":"ListItem","position":2,"name":"Eventos","item":"https:\/\/ani.pt\/en\/evento\/"},{"@type":"ListItem","position":3,"name":"Eventos &amp; Conferências","item":"https:\/\/ani.pt\/en\/categoria-eventos\/eventos-conferencias\/"},{"@type":"ListItem","position":4,"name":"Economia Circular em destaque na Região Centro como motor de inovação e desenvolvimento"}]},{"@type":"WebSite","@id":"https:\/\/ani.pt\/en\/#website","url":"https:\/\/ani.pt\/en\/","name":"ANI","description":"","potentialAction":[{"@type":"SearchAction","target":{"@type":"EntryPoint","urlTemplate":"https:\/\/ani.pt\/en\/?s={search_term_string}"},"query-input":{"@type":"PropertyValueSpecification","valueRequired":true,"valueName":"search_term_string"}}],"inLanguage":"en-US"}]}</script>
<!-- / Yoast SEO plugin. -->

Economia Circular em destaque na Região Centro como motor de inovação e desenvolvimento - ANI

16 de junho, Convento São Francisco, Coimbra A Comissão de Coordenação e Desenvolvimento Regional do Centro, I.P. (CCDR Centro) promoveu, no passado dia 16 de junho, o evento “Economia Circular: um caminho de competitividade e inovação na Região Centro”, que decorreu no Convento São Francisco, em Coimbra e que contou com a participação de Luís [&hellip;]

Eventos &amp; Conferências
