{"id":44642,"date":"2026-02-06T15:07:39","date_gmt":"2026-02-06T15:07:39","guid":{"rendered":"https:\/\/ani.pt\/?post_type=evento&#038;p=44642"},"modified":"2026-02-06T15:40:19","modified_gmt":"2026-02-06T15:40:19","slug":"rede-eureka-cluster-itea4-po-days","status":"publish","type":"evento","link":"https:\/\/ani.pt\/en\/evento\/rede-eureka-cluster-itea4-po-days\/","title":{"rendered":"Rede Eureka: Cluster ITEA4 PO Days"},"content":{"rendered":"\n<p class=\"has-text-align-center\"><strong>16\u201318 de setembro | Centro de Congressos do Estoril<\/strong><\/p>\n\n\n\n<p>A Rede&nbsp;<em>Eureka<\/em>&nbsp;promove entre 16 e 18 de setembro, no Centro de Congressos do Estoril, o evento&nbsp;<a href=\"https:\/\/itea4.org\/\"><em>ITEA4 Project Outline Days<\/em><\/a>, dedicado \u00e0 inova\u00e7\u00e3o em software. O encontro assinala o lan\u00e7amento da convocat\u00f3ria ITEA 2025 e espera reunir mais de 300 participantes, incluindo potenciais parceiros e representantes de ag\u00eancias de financiamento p\u00fablico.<\/p>\n\n\n\n<p>Os&nbsp;<em>ITEA4 PO Days<\/em>&nbsp;constituem uma plataforma privilegiada para o lan\u00e7amento de novas ideias de projetos de I&amp;D e para a cria\u00e7\u00e3o de cons\u00f3rcios internacionais. O programa inclui sess\u00f5es de&nbsp;<em>networking<\/em>, reuni\u00f5es B2B e apresenta\u00e7\u00f5es de ideias, com a participa\u00e7\u00e3o de entidades p\u00fablicas e organiza\u00e7\u00f5es internacionais ligadas \u00e0 inova\u00e7\u00e3o tecnol\u00f3gica.<\/p>\n\n\n\n<p>A participa\u00e7\u00e3o tem um custo de 200 euros (IVA exclu\u00eddo e n\u00e3o reembols\u00e1vel) e requer a assinatura pr\u00e9via de um acordo de confidencialidade.<\/p>\n\n\n\n<p>Registo dispon\u00edvel&nbsp;<a href=\"https:\/\/itea4.org\/podays2025\/registration.html\" target=\"_blank\" rel=\"noreferrer noopener\">aqui<\/a>.<\/p>\n\n\n\n<p>Consulte&nbsp;<a href=\"https:\/\/eur03.safelinks.protection.outlook.com\/?url=https%3A%2F%2Fitea4.org%2Fpodays2025%2Fprogramme.html&amp;data=05%7C02%7Cnuno.vieira%40ani.pt%7C47c853ab142947374bd608ddb496eb64%7C0383970c8e6247a8990e9a81506f56f1%7C0%7C0%7C638865282468953953%7CUnknown%7CTWFpbGZsb3d8eyJFbXB0eU1hcGkiOnRydWUsIlYiOiIwLjAuMDAwMCIsIlAiOiJXaW4zMiIsIkFOIjoiTWFpbCIsIldUIjoyfQ%3D%3D%7C0%7C%7C%7C&amp;sdata=iXgRVAGXpQgDw%2B0FwcPmT%2BGTNQZsSibK9kt6hLVtj94%3D&amp;reserved=0\" target=\"_blank\" rel=\"noreferrer noopener\">aqui<\/a>&nbsp;o programa.<\/p>\n\n\n\n<p>Para esclarecimentos adicionais, contacte a&nbsp;<a href=\"https:\/\/eur03.safelinks.protection.outlook.com\/?url=https%3A%2F%2Fani.pt%2Frede-eureka%2F&amp;data=05%7C02%7Cnuno.vieira%40ani.pt%7C47c853ab142947374bd608ddb496eb64%7C0383970c8e6247a8990e9a81506f56f1%7C0%7C0%7C638865282468965878%7CUnknown%7CTWFpbGZsb3d8eyJFbXB0eU1hcGkiOnRydWUsIlYiOiIwLjAuMDAwMCIsIlAiOiJXaW4zMiIsIkFOIjoiTWFpbCIsIldUIjoyfQ%3D%3D%7C0%7C%7C%7C&amp;sdata=mMeONIIDrNfmwZ%2BwJRZaB4QT6kJQMv4w8D%2FTsCe9E%2Bo%3D&amp;reserved=0\" target=\"_blank\" rel=\"noreferrer noopener\">Equipa&nbsp;<em>Eureka<\/em><\/a>.<\/p>\n","protected":false},"excerpt":{"rendered":"<p>16\u201318 de setembro | Centro de Congressos do Estoril A Rede&nbsp;Eureka&nbsp;promove entre 16 e 18 de setembro, no Centro de Congressos do Estoril, o evento&nbsp;ITEA4 Project Outline Days, dedicado \u00e0 inova\u00e7\u00e3o em software. O encontro assinala o lan\u00e7amento da convocat\u00f3ria ITEA 2025 e espera reunir mais de 300 participantes, incluindo potenciais parceiros e representantes de [&hellip;]<\/p>\n","protected":false},"featured_media":40785,"template":"","meta":{"_acf_changed":false,"_et_pb_use_builder":"off","_et_pb_old_content":"","_et_gb_content_width":"","footnotes":""},"categoria-eventos":[906],"class_list":["post-44642","evento","type-evento","status-publish","has-post-thumbnail","hentry","categoria-eventos-financiamentos-calls-concursos"],"acf":[],"yoast_head":"<!-- This site is optimized with the Yoast SEO plugin v27.5 - https:\/\/yoast.com\/product\/yoast-seo-wordpress\/ -->\n<title>Rede Eureka: Cluster ITEA4 PO Days - ANI<\/title>\n<meta name=\"robots\" content=\"index, follow, max-snippet:-1, max-image-preview:large, max-video-preview:-1\" \/>\n<link rel=\"canonical\" href=\"https:\/\/ani.pt\/en\/evento\/rede-eureka-cluster-itea4-po-days\/\" \/>\n<meta property=\"og:locale\" content=\"en_US\" \/>\n<meta property=\"og:type\" content=\"article\" \/>\n<meta property=\"og:title\" content=\"Rede Eureka: Cluster ITEA4 PO Days - ANI\" \/>\n<meta property=\"og:description\" content=\"16\u201318 de setembro | Centro de Congressos do Estoril A Rede&nbsp;Eureka&nbsp;promove entre 16 e 18 de setembro, no Centro de Congressos do Estoril, o evento&nbsp;ITEA4 Project Outline Days, dedicado \u00e0 inova\u00e7\u00e3o em software. O encontro assinala o lan\u00e7amento da convocat\u00f3ria ITEA 2025 e espera reunir mais de 300 participantes, incluindo potenciais parceiros e representantes de [&hellip;]\" \/>\n<meta property=\"og:url\" content=\"https:\/\/ani.pt\/en\/evento\/rede-eureka-cluster-itea4-po-days\/\" \/>\n<meta property=\"og:site_name\" content=\"ANI\" \/>\n<meta property=\"article:publisher\" content=\"https:\/\/www.facebook.com\/agencianacionaldeinovacao\/\" \/>\n<meta property=\"article:modified_time\" content=\"2026-02-06T15:40:19+00:00\" \/>\n<meta name=\"twitter:card\" content=\"summary_large_image\" \/>\n<meta name=\"twitter:label1\" content=\"Est. reading time\" \/>\n\t<meta name=\"twitter:data1\" content=\"1 minute\" \/>\n<script type=\"application\/ld+json\" class=\"yoast-schema-graph\">{\"@context\":\"https:\\\/\\\/schema.org\",\"@graph\":[{\"@type\":\"WebPage\",\"@id\":\"https:\\\/\\\/ani.pt\\\/en\\\/evento\\\/rede-eureka-cluster-itea4-po-days\\\/\",\"url\":\"https:\\\/\\\/ani.pt\\\/en\\\/evento\\\/rede-eureka-cluster-itea4-po-days\\\/\",\"name\":\"Rede Eureka: Cluster ITEA4 PO Days - ANI\",\"isPartOf\":{\"@id\":\"https:\\\/\\\/ani.pt\\\/en\\\/#website\"},\"primaryImageOfPage\":{\"@id\":\"https:\\\/\\\/ani.pt\\\/en\\\/evento\\\/rede-eureka-cluster-itea4-po-days\\\/#primaryimage\"},\"image\":{\"@id\":\"https:\\\/\\\/ani.pt\\\/en\\\/evento\\\/rede-eureka-cluster-itea4-po-days\\\/#primaryimage\"},\"thumbnailUrl\":\"https:\\\/\\\/ani.pt\\\/wp-content\\\/uploads\\\/2025\\\/06\\\/evento_ITEA4PODays.png\",\"datePublished\":\"2026-02-06T15:07:39+00:00\",\"dateModified\":\"2026-02-06T15:40:19+00:00\",\"breadcrumb\":{\"@id\":\"https:\\\/\\\/ani.pt\\\/en\\\/evento\\\/rede-eureka-cluster-itea4-po-days\\\/#breadcrumb\"},\"inLanguage\":\"en-US\",\"potentialAction\":[{\"@type\":\"ReadAction\",\"target\":[\"https:\\\/\\\/ani.pt\\\/en\\\/evento\\\/rede-eureka-cluster-itea4-po-days\\\/\"]}]},{\"@type\":\"ImageObject\",\"inLanguage\":\"en-US\",\"@id\":\"https:\\\/\\\/ani.pt\\\/en\\\/evento\\\/rede-eureka-cluster-itea4-po-days\\\/#primaryimage\",\"url\":\"https:\\\/\\\/ani.pt\\\/wp-content\\\/uploads\\\/2025\\\/06\\\/evento_ITEA4PODays.png\",\"contentUrl\":\"https:\\\/\\\/ani.pt\\\/wp-content\\\/uploads\\\/2025\\\/06\\\/evento_ITEA4PODays.png\",\"width\":1920,\"height\":1080},{\"@type\":\"BreadcrumbList\",\"@id\":\"https:\\\/\\\/ani.pt\\\/en\\\/evento\\\/rede-eureka-cluster-itea4-po-days\\\/#breadcrumb\",\"itemListElement\":[{\"@type\":\"ListItem\",\"position\":1,\"name\":\"Homepage\",\"item\":\"https:\\\/\\\/ani.pt\\\/en\\\/\"},{\"@type\":\"ListItem\",\"position\":2,\"name\":\"Eventos\",\"item\":\"https:\\\/\\\/ani.pt\\\/en\\\/evento\\\/\"},{\"@type\":\"ListItem\",\"position\":3,\"name\":\"Financiamentos, Calls &amp; Concursos\",\"item\":\"https:\\\/\\\/ani.pt\\\/en\\\/categoria-eventos\\\/financiamentos-calls-concursos\\\/\"},{\"@type\":\"ListItem\",\"position\":4,\"name\":\"Rede Eureka: Cluster ITEA4 PO Days\"}]},{\"@type\":\"WebSite\",\"@id\":\"https:\\\/\\\/ani.pt\\\/en\\\/#website\",\"url\":\"https:\\\/\\\/ani.pt\\\/en\\\/\",\"name\":\"ANI\",\"description\":\"\",\"potentialAction\":[{\"@type\":\"SearchAction\",\"target\":{\"@type\":\"EntryPoint\",\"urlTemplate\":\"https:\\\/\\\/ani.pt\\\/en\\\/?s={search_term_string}\"},\"query-input\":{\"@type\":\"PropertyValueSpecification\",\"valueRequired\":true,\"valueName\":\"search_term_string\"}}],\"inLanguage\":\"en-US\"}]}<\/script>\n<!-- \/ Yoast SEO plugin. -->","yoast_head_json":{"title":"Rede Eureka: Cluster ITEA4 PO Days - ANI","robots":{"index":"index","follow":"follow","max-snippet":"max-snippet:-1","max-image-preview":"max-image-preview:large","max-video-preview":"max-video-preview:-1"},"canonical":"https:\/\/ani.pt\/en\/evento\/rede-eureka-cluster-itea4-po-days\/","og_locale":"en_US","og_type":"article","og_title":"Rede Eureka: Cluster ITEA4 PO Days - ANI","og_description":"16\u201318 de setembro | Centro de Congressos do Estoril A Rede&nbsp;Eureka&nbsp;promove entre 16 e 18 de setembro, no Centro de Congressos do Estoril, o evento&nbsp;ITEA4 Project Outline Days, dedicado \u00e0 inova\u00e7\u00e3o em software. O encontro assinala o lan\u00e7amento da convocat\u00f3ria ITEA 2025 e espera reunir mais de 300 participantes, incluindo potenciais parceiros e representantes de [&hellip;]","og_url":"https:\/\/ani.pt\/en\/evento\/rede-eureka-cluster-itea4-po-days\/","og_site_name":"ANI","article_publisher":"https:\/\/www.facebook.com\/agencianacionaldeinovacao\/","article_modified_time":"2026-02-06T15:40:19+00:00","twitter_card":"summary_large_image","twitter_misc":{"Est. reading time":"1 minute"},"schema":{"@context":"https:\/\/schema.org","@graph":[{"@type":"WebPage","@id":"https:\/\/ani.pt\/en\/evento\/rede-eureka-cluster-itea4-po-days\/","url":"https:\/\/ani.pt\/en\/evento\/rede-eureka-cluster-itea4-po-days\/","name":"Rede Eureka: Cluster ITEA4 PO Days - ANI","isPartOf":{"@id":"https:\/\/ani.pt\/en\/#website"},"primaryImageOfPage":{"@id":"https:\/\/ani.pt\/en\/evento\/rede-eureka-cluster-itea4-po-days\/#primaryimage"},"image":{"@id":"https:\/\/ani.pt\/en\/evento\/rede-eureka-cluster-itea4-po-days\/#primaryimage"},"thumbnailUrl":"https:\/\/ani.pt\/wp-content\/uploads\/2025\/06\/evento_ITEA4PODays.png","datePublished":"2026-02-06T15:07:39+00:00","dateModified":"2026-02-06T15:40:19+00:00","breadcrumb":{"@id":"https:\/\/ani.pt\/en\/evento\/rede-eureka-cluster-itea4-po-days\/#breadcrumb"},"inLanguage":"en-US","potentialAction":[{"@type":"ReadAction","target":["https:\/\/ani.pt\/en\/evento\/rede-eureka-cluster-itea4-po-days\/"]}]},{"@type":"ImageObject","inLanguage":"en-US","@id":"https:\/\/ani.pt\/en\/evento\/rede-eureka-cluster-itea4-po-days\/#primaryimage","url":"https:\/\/ani.pt\/wp-content\/uploads\/2025\/06\/evento_ITEA4PODays.png","contentUrl":"https:\/\/ani.pt\/wp-content\/uploads\/2025\/06\/evento_ITEA4PODays.png","width":1920,"height":1080},{"@type":"BreadcrumbList","@id":"https:\/\/ani.pt\/en\/evento\/rede-eureka-cluster-itea4-po-days\/#breadcrumb","itemListElement":[{"@type":"ListItem","position":1,"name":"Homepage","item":"https:\/\/ani.pt\/en\/"},{"@type":"ListItem","position":2,"name":"Eventos","item":"https:\/\/ani.pt\/en\/evento\/"},{"@type":"ListItem","position":3,"name":"Financiamentos, Calls &amp; Concursos","item":"https:\/\/ani.pt\/en\/categoria-eventos\/financiamentos-calls-concursos\/"},{"@type":"ListItem","position":4,"name":"Rede Eureka: Cluster ITEA4 PO Days"}]},{"@type":"WebSite","@id":"https:\/\/ani.pt\/en\/#website","url":"https:\/\/ani.pt\/en\/","name":"ANI","description":"","potentialAction":[{"@type":"SearchAction","target":{"@type":"EntryPoint","urlTemplate":"https:\/\/ani.pt\/en\/?s={search_term_string}"},"query-input":{"@type":"PropertyValueSpecification","valueRequired":true,"valueName":"search_term_string"}}],"inLanguage":"en-US"}]}},"_links":{"self":[{"href":"https:\/\/ani.pt\/en\/wp-json\/wp\/v2\/evento\/44642","targetHints":{"allow":["GET"]}}],"collection":[{"href":"https:\/\/ani.pt\/en\/wp-json\/wp\/v2\/evento"}],"about":[{"href":"https:\/\/ani.pt\/en\/wp-json\/wp\/v2\/types\/evento"}],"version-history":[{"count":2,"href":"https:\/\/ani.pt\/en\/wp-json\/wp\/v2\/evento\/44642\/revisions"}],"predecessor-version":[{"id":44661,"href":"https:\/\/ani.pt\/en\/wp-json\/wp\/v2\/evento\/44642\/revisions\/44661"}],"wp:featuredmedia":[{"embeddable":true,"href":"https:\/\/ani.pt\/en\/wp-json\/wp\/v2\/media\/40785"}],"wp:attachment":[{"href":"https:\/\/ani.pt\/en\/wp-json\/wp\/v2\/media?parent=44642"}],"wp:term":[{"taxonomy":"categoria-eventos","embeddable":true,"href":"https:\/\/ani.pt\/en\/wp-json\/wp\/v2\/categoria-eventos?post=44642"}],"curies":[{"name":"wp","href":"https:\/\/api.w.org\/{rel}","templated":true}]}}

<p class="has-text-align-center"><strong>16–18 de setembro | Centro de Congressos do Estoril</strong></p>



<p>A Rede&nbsp;<em>Eureka</em>&nbsp;promove entre 16 e 18 de setembro, no Centro de Congressos do Estoril, o evento&nbsp;<a href="https://itea4.org/"><em>ITEA4 Project Outline Days</em></a>, dedicado à inovação em software. O encontro assinala o lançamento da convocatória ITEA 2025 e espera reunir mais de 300 participantes, incluindo potenciais parceiros e representantes de agências de financiamento público.</p>



<p>Os&nbsp;<em>ITEA4 PO Days</em>&nbsp;constituem uma plataforma privilegiada para o lançamento de novas ideias de projetos de I&amp;D e para a criação de consórcios internacionais. O programa inclui sessões de&nbsp;<em>networking</em>, reuniões B2B e apresentações de ideias, com a participação de entidades públicas e organizações internacionais ligadas à inovação tecnológica.</p>



<p>A participação tem um custo de 200 euros (IVA excluído e não reembolsável) e requer a assinatura prévia de um acordo de confidencialidade.</p>



<p>Registo disponível&nbsp;<a href="https://itea4.org/podays2025/registration.html" target="_blank" rel="noreferrer noopener">aqui</a>.</p>



<p>Consulte&nbsp;<a href="https://eur03.safelinks.protection.outlook.com/?url=https%3A%2F%2Fitea4.org%2Fpodays2025%2Fprogramme.html&amp;data=05%7C02%7Cnuno.vieira%40ani.pt%7C47c853ab142947374bd608ddb496eb64%7C0383970c8e6247a8990e9a81506f56f1%7C0%7C0%7C638865282468953953%7CUnknown%7CTWFpbGZsb3d8eyJFbXB0eU1hcGkiOnRydWUsIlYiOiIwLjAuMDAwMCIsIlAiOiJXaW4zMiIsIkFOIjoiTWFpbCIsIldUIjoyfQ%3D%3D%7C0%7C%7C%7C&amp;sdata=iXgRVAGXpQgDw%2B0FwcPmT%2BGTNQZsSibK9kt6hLVtj94%3D&amp;reserved=0" target="_blank" rel="noreferrer noopener">aqui</a>&nbsp;o programa.</p>



<p>Para esclarecimentos adicionais, contacte a&nbsp;<a href="https://eur03.safelinks.protection.outlook.com/?url=https%3A%2F%2Fani.pt%2Frede-eureka%2F&amp;data=05%7C02%7Cnuno.vieira%40ani.pt%7C47c853ab142947374bd608ddb496eb64%7C0383970c8e6247a8990e9a81506f56f1%7C0%7C0%7C638865282468965878%7CUnknown%7CTWFpbGZsb3d8eyJFbXB0eU1hcGkiOnRydWUsIlYiOiIwLjAuMDAwMCIsIlAiOiJXaW4zMiIsIkFOIjoiTWFpbCIsIldUIjoyfQ%3D%3D%7C0%7C%7C%7C&amp;sdata=mMeONIIDrNfmwZ%2BwJRZaB4QT6kJQMv4w8D%2FTsCe9E%2Bo%3D&amp;reserved=0" target="_blank" rel="noreferrer noopener">Equipa&nbsp;<em>Eureka</em></a>.</p>

<p>16–18 de setembro | Centro de Congressos do Estoril A Rede&nbsp;Eureka&nbsp;promove entre 16 e 18 de setembro, no Centro de Congressos do Estoril, o evento&nbsp;ITEA4 Project Outline Days, dedicado à inovação em software. O encontro assinala o lançamento da convocatória ITEA 2025 e espera reunir mais de 300 participantes, incluindo potenciais parceiros e representantes de [&hellip;]</p>

<!-- This site is optimized with the Yoast SEO plugin v27.5 - https://yoast.com/product/yoast-seo-wordpress/ -->
<title>Rede Eureka: Cluster ITEA4 PO Days - ANI</title>
<meta name="robots" content="index, follow, max-snippet:-1, max-image-preview:large, max-video-preview:-1" />
<link rel="canonical" href="https://ani.pt/en/evento/rede-eureka-cluster-itea4-po-days/" />
<meta property="og:locale" content="en_US" />
<meta property="og:type" content="article" />
<meta property="og:title" content="Rede Eureka: Cluster ITEA4 PO Days - ANI" />
<meta property="og:description" content="16–18 de setembro | Centro de Congressos do Estoril A Rede&nbsp;Eureka&nbsp;promove entre 16 e 18 de setembro, no Centro de Congressos do Estoril, o evento&nbsp;ITEA4 Project Outline Days, dedicado à inovação em software. O encontro assinala o lançamento da convocatória ITEA 2025 e espera reunir mais de 300 participantes, incluindo potenciais parceiros e representantes de [&hellip;]" />
<meta property="og:url" content="https://ani.pt/en/evento/rede-eureka-cluster-itea4-po-days/" />
<meta property="og:site_name" content="ANI" />
<meta property="article:publisher" content="https://www.facebook.com/agencianacionaldeinovacao/" />
<meta property="article:modified_time" content="2026-02-06T15:40:19+00:00" />
<meta name="twitter:card" content="summary_large_image" />
<meta name="twitter:label1" content="Est. reading time" />
	<meta name="twitter:data1" content="1 minute" />
<script type="application/ld+json" class="yoast-schema-graph">{"@context":"https:\/\/schema.org","@graph":[{"@type":"WebPage","@id":"https:\/\/ani.pt\/en\/evento\/rede-eureka-cluster-itea4-po-days\/","url":"https:\/\/ani.pt\/en\/evento\/rede-eureka-cluster-itea4-po-days\/","name":"Rede Eureka: Cluster ITEA4 PO Days - ANI","isPartOf":{"@id":"https:\/\/ani.pt\/en\/#website"},"primaryImageOfPage":{"@id":"https:\/\/ani.pt\/en\/evento\/rede-eureka-cluster-itea4-po-days\/#primaryimage"},"image":{"@id":"https:\/\/ani.pt\/en\/evento\/rede-eureka-cluster-itea4-po-days\/#primaryimage"},"thumbnailUrl":"https:\/\/ani.pt\/wp-content\/uploads\/2025\/06\/evento_ITEA4PODays.png","datePublished":"2026-02-06T15:07:39+00:00","dateModified":"2026-02-06T15:40:19+00:00","breadcrumb":{"@id":"https:\/\/ani.pt\/en\/evento\/rede-eureka-cluster-itea4-po-days\/#breadcrumb"},"inLanguage":"en-US","potentialAction":[{"@type":"ReadAction","target":["https:\/\/ani.pt\/en\/evento\/rede-eureka-cluster-itea4-po-days\/"]}]},{"@type":"ImageObject","inLanguage":"en-US","@id":"https:\/\/ani.pt\/en\/evento\/rede-eureka-cluster-itea4-po-days\/#primaryimage","url":"https:\/\/ani.pt\/wp-content\/uploads\/2025\/06\/evento_ITEA4PODays.png","contentUrl":"https:\/\/ani.pt\/wp-content\/uploads\/2025\/06\/evento_ITEA4PODays.png","width":1920,"height":1080},{"@type":"BreadcrumbList","@id":"https:\/\/ani.pt\/en\/evento\/rede-eureka-cluster-itea4-po-days\/#breadcrumb","itemListElement":[{"@type":"ListItem","position":1,"name":"Homepage","item":"https:\/\/ani.pt\/en\/"},{"@type":"ListItem","position":2,"name":"Eventos","item":"https:\/\/ani.pt\/en\/evento\/"},{"@type":"ListItem","position":3,"name":"Financiamentos, Calls &amp; Concursos","item":"https:\/\/ani.pt\/en\/categoria-eventos\/financiamentos-calls-concursos\/"},{"@type":"ListItem","position":4,"name":"Rede Eureka: Cluster ITEA4 PO Days"}]},{"@type":"WebSite","@id":"https:\/\/ani.pt\/en\/#website","url":"https:\/\/ani.pt\/en\/","name":"ANI","description":"","potentialAction":[{"@type":"SearchAction","target":{"@type":"EntryPoint","urlTemplate":"https:\/\/ani.pt\/en\/?s={search_term_string}"},"query-input":{"@type":"PropertyValueSpecification","valueRequired":true,"valueName":"search_term_string"}}],"inLanguage":"en-US"}]}</script>
<!-- / Yoast SEO plugin. -->

16–18 de setembro | Centro de Congressos do Estoril A Rede&nbsp;Eureka&nbsp;promove entre 16 e 18 de setembro, no Centro de Congressos do Estoril, o evento&nbsp;ITEA4 Project Outline Days, dedicado à inovação em software. O encontro assinala o lançamento da convocatória ITEA 2025 e espera reunir mais de 300 participantes, incluindo potenciais parceiros e representantes de [&hellip;]
