{"id":44638,"date":"2026-02-06T15:03:24","date_gmt":"2026-02-06T15:03:24","guid":{"rendered":"https:\/\/ani.pt\/?post_type=evento&#038;p=44638"},"modified":"2026-02-06T15:03:28","modified_gmt":"2026-02-06T15:03:28","slug":"work-in-portugal-2025","status":"publish","type":"evento","link":"https:\/\/ani.pt\/en\/evento\/work-in-portugal-2025\/","title":{"rendered":"Work in Portugal 2025"},"content":{"rendered":"\n<figure class=\"wp-block-image\"><img decoding=\"async\" width=\"1024\" height=\"576\" src=\"https:\/\/ani.pt\/wp-content\/uploads\/2025\/07\/2025.11.03-X-1600x900@1x-1024x576.png\" alt=\"\" class=\"wp-image-41100\" srcset=\"https:\/\/ani.pt\/wp-content\/uploads\/2025\/07\/2025.11.03-X-1600x900@1x-980x551.png 980w, https:\/\/ani.pt\/wp-content\/uploads\/2025\/07\/2025.11.03-X-1600x900@1x-480x270.png 480w\" sizes=\"(min-width: 0px) and (max-width: 480px) 480px, (min-width: 481px) and (max-width: 980px) 980px, (min-width: 981px) 1024px, 100vw\" \/><\/figure>\n\n\n\n<p class=\"has-text-align-center\"><strong>4 e 5 de novembro | abertas as inscri\u00e7\u00f5es para empresas<\/strong><\/p>\n\n\n\n<p>Est\u00e3o abertas as inscri\u00e7\u00f5es para a 6.\u00aa edi\u00e7\u00e3o do&nbsp;<em>Work in Portugal<\/em>, evento de recrutamento e informa\u00e7\u00e3o online promovido pelo IEFP no \u00e2mbito das atividades da EURES \u2013 Rede Europeia de Emprego, este ano em colabora\u00e7\u00e3o com a rede EURAXESS de mobilidade dos investigadores.<\/p>\n\n\n\n<p>A iniciativa visa responder \u00e0s necessidades de recrutamento das empresas portuguesas, proporcionando informa\u00e7\u00e3o e aconselhamento a candidatos interessados em Portugal como destino para trabalhar e viver e fomentando o regresso de cidad\u00e3os portugueses na di\u00e1spora.<\/p>\n\n\n\n<p>Em 2025, o evento d\u00e1 especial destaque \u00e0s \u00e1reas do conhecimento e da inova\u00e7\u00e3o, mantendo-se aberto a empresas de todos os setores de atividade. Se a sua empresa procura colaboradores com compet\u00eancias cient\u00edficas, t\u00e9cnicas ou lingu\u00edsticas espec\u00edficas que n\u00e3o encontra facilmente no mercado nacional, est\u00e1 aberta a recrutar al\u00e9m-fronteiras e preparada para integrar profissionais que n\u00e3o dominem o portugu\u00eas inicialmente, esta \u00e9 uma oportunidade gratuita para:<\/p>\n\n\n\n<ul class=\"wp-block-list\">\n<li>Divulgar ofertas de emprego, est\u00e1gio ou investiga\u00e7\u00e3o<\/li>\n\n\n\n<li>Apresentar a empresa e as necessidades de recrutamento em direto no programa do evento<\/li>\n\n\n\n<li>Conversar com candidatos em\u00a0<em>videochat<\/em>\u00a0individual nos dias 4 e 5 de novembro<\/li>\n\n\n\n<li>Agendar e realizar entrevistas online at\u00e9 7 de novembro<\/li>\n<\/ul>\n\n\n\n<p>Mais informa\u00e7\u00f5es e inscri\u00e7\u00f5es dispon\u00edveis&nbsp;<a href=\"http:\/\/www.europeanjobdays.eu\/workinportugal2025\" target=\"_blank\" rel=\"noreferrer noopener\">aqui<\/a>.<\/p>\n\n\n\n<p>Para esclarecimentos adicionais, contacte&nbsp;<a href=\"mailto:workinportugal@iefp.pt\" target=\"_blank\" rel=\"noreferrer noopener\">workinportugal@iefp.pt<\/a><\/p>\n","protected":false},"excerpt":{"rendered":"<p>4 e 5 de novembro | abertas as inscri\u00e7\u00f5es para empresas Est\u00e3o abertas as inscri\u00e7\u00f5es para a 6.\u00aa edi\u00e7\u00e3o do&nbsp;Work in Portugal, evento de recrutamento e informa\u00e7\u00e3o online promovido pelo IEFP no \u00e2mbito das atividades da EURES \u2013 Rede Europeia de Emprego, este ano em colabora\u00e7\u00e3o com a rede EURAXESS de mobilidade dos investigadores. A [&hellip;]<\/p>\n","protected":false},"featured_media":41098,"template":"","meta":{"_acf_changed":false,"_et_pb_use_builder":"off","_et_pb_old_content":"","_et_gb_content_width":"","footnotes":""},"categoria-eventos":[907],"class_list":["post-44638","evento","type-evento","status-publish","has-post-thumbnail","hentry","categoria-eventos-eventos-conferencias"],"acf":[],"yoast_head":"<!-- This site is optimized with the Yoast SEO plugin v27.5 - https:\/\/yoast.com\/product\/yoast-seo-wordpress\/ -->\n<title>Work in Portugal 2025 - ANI<\/title>\n<meta name=\"robots\" content=\"index, follow, max-snippet:-1, max-image-preview:large, max-video-preview:-1\" \/>\n<link rel=\"canonical\" href=\"https:\/\/ani.pt\/en\/evento\/work-in-portugal-2025\/\" \/>\n<meta property=\"og:locale\" content=\"en_US\" \/>\n<meta property=\"og:type\" content=\"article\" \/>\n<meta property=\"og:title\" content=\"Work in Portugal 2025 - ANI\" \/>\n<meta property=\"og:description\" content=\"4 e 5 de novembro | abertas as inscri\u00e7\u00f5es para empresas Est\u00e3o abertas as inscri\u00e7\u00f5es para a 6.\u00aa edi\u00e7\u00e3o do&nbsp;Work in Portugal, evento de recrutamento e informa\u00e7\u00e3o online promovido pelo IEFP no \u00e2mbito das atividades da EURES \u2013 Rede Europeia de Emprego, este ano em colabora\u00e7\u00e3o com a rede EURAXESS de mobilidade dos investigadores. A [&hellip;]\" \/>\n<meta property=\"og:url\" content=\"https:\/\/ani.pt\/en\/evento\/work-in-portugal-2025\/\" \/>\n<meta property=\"og:site_name\" content=\"ANI\" \/>\n<meta property=\"article:publisher\" content=\"https:\/\/www.facebook.com\/agencianacionaldeinovacao\/\" \/>\n<meta property=\"article:modified_time\" content=\"2026-02-06T15:03:28+00:00\" \/>\n<meta property=\"og:image\" content=\"https:\/\/ani.pt\/wp-content\/uploads\/2025\/07\/2025.11.03-X-1600x900@1x.png\" \/>\n\t<meta property=\"og:image:width\" content=\"1600\" \/>\n\t<meta property=\"og:image:height\" content=\"900\" \/>\n\t<meta property=\"og:image:type\" content=\"image\/png\" \/>\n<meta name=\"twitter:card\" content=\"summary_large_image\" \/>\n<meta name=\"twitter:label1\" content=\"Est. reading time\" \/>\n\t<meta name=\"twitter:data1\" content=\"2 minutes\" \/>\n<script type=\"application\/ld+json\" class=\"yoast-schema-graph\">{\"@context\":\"https:\\\/\\\/schema.org\",\"@graph\":[{\"@type\":\"WebPage\",\"@id\":\"https:\\\/\\\/ani.pt\\\/en\\\/evento\\\/work-in-portugal-2025\\\/\",\"url\":\"https:\\\/\\\/ani.pt\\\/en\\\/evento\\\/work-in-portugal-2025\\\/\",\"name\":\"Work in Portugal 2025 - ANI\",\"isPartOf\":{\"@id\":\"https:\\\/\\\/ani.pt\\\/en\\\/#website\"},\"primaryImageOfPage\":{\"@id\":\"https:\\\/\\\/ani.pt\\\/en\\\/evento\\\/work-in-portugal-2025\\\/#primaryimage\"},\"image\":{\"@id\":\"https:\\\/\\\/ani.pt\\\/en\\\/evento\\\/work-in-portugal-2025\\\/#primaryimage\"},\"thumbnailUrl\":\"https:\\\/\\\/ani.pt\\\/wp-content\\\/uploads\\\/2025\\\/07\\\/evento_workinportugal25.png\",\"datePublished\":\"2026-02-06T15:03:24+00:00\",\"dateModified\":\"2026-02-06T15:03:28+00:00\",\"breadcrumb\":{\"@id\":\"https:\\\/\\\/ani.pt\\\/en\\\/evento\\\/work-in-portugal-2025\\\/#breadcrumb\"},\"inLanguage\":\"en-US\",\"potentialAction\":[{\"@type\":\"ReadAction\",\"target\":[\"https:\\\/\\\/ani.pt\\\/en\\\/evento\\\/work-in-portugal-2025\\\/\"]}]},{\"@type\":\"ImageObject\",\"inLanguage\":\"en-US\",\"@id\":\"https:\\\/\\\/ani.pt\\\/en\\\/evento\\\/work-in-portugal-2025\\\/#primaryimage\",\"url\":\"https:\\\/\\\/ani.pt\\\/wp-content\\\/uploads\\\/2025\\\/07\\\/evento_workinportugal25.png\",\"contentUrl\":\"https:\\\/\\\/ani.pt\\\/wp-content\\\/uploads\\\/2025\\\/07\\\/evento_workinportugal25.png\",\"width\":1920,\"height\":1080},{\"@type\":\"BreadcrumbList\",\"@id\":\"https:\\\/\\\/ani.pt\\\/en\\\/evento\\\/work-in-portugal-2025\\\/#breadcrumb\",\"itemListElement\":[{\"@type\":\"ListItem\",\"position\":1,\"name\":\"Homepage\",\"item\":\"https:\\\/\\\/ani.pt\\\/en\\\/\"},{\"@type\":\"ListItem\",\"position\":2,\"name\":\"Eventos\",\"item\":\"https:\\\/\\\/ani.pt\\\/en\\\/evento\\\/\"},{\"@type\":\"ListItem\",\"position\":3,\"name\":\"Eventos &amp; Confer\u00eancias\",\"item\":\"https:\\\/\\\/ani.pt\\\/en\\\/categoria-eventos\\\/eventos-conferencias\\\/\"},{\"@type\":\"ListItem\",\"position\":4,\"name\":\"Work in Portugal 2025\"}]},{\"@type\":\"WebSite\",\"@id\":\"https:\\\/\\\/ani.pt\\\/en\\\/#website\",\"url\":\"https:\\\/\\\/ani.pt\\\/en\\\/\",\"name\":\"ANI\",\"description\":\"\",\"potentialAction\":[{\"@type\":\"SearchAction\",\"target\":{\"@type\":\"EntryPoint\",\"urlTemplate\":\"https:\\\/\\\/ani.pt\\\/en\\\/?s={search_term_string}\"},\"query-input\":{\"@type\":\"PropertyValueSpecification\",\"valueRequired\":true,\"valueName\":\"search_term_string\"}}],\"inLanguage\":\"en-US\"}]}<\/script>\n<!-- \/ Yoast SEO plugin. -->","yoast_head_json":{"title":"Work in Portugal 2025 - ANI","robots":{"index":"index","follow":"follow","max-snippet":"max-snippet:-1","max-image-preview":"max-image-preview:large","max-video-preview":"max-video-preview:-1"},"canonical":"https:\/\/ani.pt\/en\/evento\/work-in-portugal-2025\/","og_locale":"en_US","og_type":"article","og_title":"Work in Portugal 2025 - ANI","og_description":"4 e 5 de novembro | abertas as inscri\u00e7\u00f5es para empresas Est\u00e3o abertas as inscri\u00e7\u00f5es para a 6.\u00aa edi\u00e7\u00e3o do&nbsp;Work in Portugal, evento de recrutamento e informa\u00e7\u00e3o online promovido pelo IEFP no \u00e2mbito das atividades da EURES \u2013 Rede Europeia de Emprego, este ano em colabora\u00e7\u00e3o com a rede EURAXESS de mobilidade dos investigadores. A [&hellip;]","og_url":"https:\/\/ani.pt\/en\/evento\/work-in-portugal-2025\/","og_site_name":"ANI","article_publisher":"https:\/\/www.facebook.com\/agencianacionaldeinovacao\/","article_modified_time":"2026-02-06T15:03:28+00:00","og_image":[{"width":1600,"height":900,"url":"https:\/\/ani.pt\/wp-content\/uploads\/2025\/07\/2025.11.03-X-1600x900@1x.png","type":"image\/png"}],"twitter_card":"summary_large_image","twitter_misc":{"Est. reading time":"2 minutes"},"schema":{"@context":"https:\/\/schema.org","@graph":[{"@type":"WebPage","@id":"https:\/\/ani.pt\/en\/evento\/work-in-portugal-2025\/","url":"https:\/\/ani.pt\/en\/evento\/work-in-portugal-2025\/","name":"Work in Portugal 2025 - ANI","isPartOf":{"@id":"https:\/\/ani.pt\/en\/#website"},"primaryImageOfPage":{"@id":"https:\/\/ani.pt\/en\/evento\/work-in-portugal-2025\/#primaryimage"},"image":{"@id":"https:\/\/ani.pt\/en\/evento\/work-in-portugal-2025\/#primaryimage"},"thumbnailUrl":"https:\/\/ani.pt\/wp-content\/uploads\/2025\/07\/evento_workinportugal25.png","datePublished":"2026-02-06T15:03:24+00:00","dateModified":"2026-02-06T15:03:28+00:00","breadcrumb":{"@id":"https:\/\/ani.pt\/en\/evento\/work-in-portugal-2025\/#breadcrumb"},"inLanguage":"en-US","potentialAction":[{"@type":"ReadAction","target":["https:\/\/ani.pt\/en\/evento\/work-in-portugal-2025\/"]}]},{"@type":"ImageObject","inLanguage":"en-US","@id":"https:\/\/ani.pt\/en\/evento\/work-in-portugal-2025\/#primaryimage","url":"https:\/\/ani.pt\/wp-content\/uploads\/2025\/07\/evento_workinportugal25.png","contentUrl":"https:\/\/ani.pt\/wp-content\/uploads\/2025\/07\/evento_workinportugal25.png","width":1920,"height":1080},{"@type":"BreadcrumbList","@id":"https:\/\/ani.pt\/en\/evento\/work-in-portugal-2025\/#breadcrumb","itemListElement":[{"@type":"ListItem","position":1,"name":"Homepage","item":"https:\/\/ani.pt\/en\/"},{"@type":"ListItem","position":2,"name":"Eventos","item":"https:\/\/ani.pt\/en\/evento\/"},{"@type":"ListItem","position":3,"name":"Eventos &amp; Confer\u00eancias","item":"https:\/\/ani.pt\/en\/categoria-eventos\/eventos-conferencias\/"},{"@type":"ListItem","position":4,"name":"Work in Portugal 2025"}]},{"@type":"WebSite","@id":"https:\/\/ani.pt\/en\/#website","url":"https:\/\/ani.pt\/en\/","name":"ANI","description":"","potentialAction":[{"@type":"SearchAction","target":{"@type":"EntryPoint","urlTemplate":"https:\/\/ani.pt\/en\/?s={search_term_string}"},"query-input":{"@type":"PropertyValueSpecification","valueRequired":true,"valueName":"search_term_string"}}],"inLanguage":"en-US"}]}},"_links":{"self":[{"href":"https:\/\/ani.pt\/en\/wp-json\/wp\/v2\/evento\/44638","targetHints":{"allow":["GET"]}}],"collection":[{"href":"https:\/\/ani.pt\/en\/wp-json\/wp\/v2\/evento"}],"about":[{"href":"https:\/\/ani.pt\/en\/wp-json\/wp\/v2\/types\/evento"}],"version-history":[{"count":1,"href":"https:\/\/ani.pt\/en\/wp-json\/wp\/v2\/evento\/44638\/revisions"}],"predecessor-version":[{"id":44639,"href":"https:\/\/ani.pt\/en\/wp-json\/wp\/v2\/evento\/44638\/revisions\/44639"}],"wp:featuredmedia":[{"embeddable":true,"href":"https:\/\/ani.pt\/en\/wp-json\/wp\/v2\/media\/41098"}],"wp:attachment":[{"href":"https:\/\/ani.pt\/en\/wp-json\/wp\/v2\/media?parent=44638"}],"wp:term":[{"taxonomy":"categoria-eventos","embeddable":true,"href":"https:\/\/ani.pt\/en\/wp-json\/wp\/v2\/categoria-eventos?post=44638"}],"curies":[{"name":"wp","href":"https:\/\/api.w.org\/{rel}","templated":true}]}}

<figure class="wp-block-image"><img decoding="async" width="1024" height="576" src="https://ani.pt/wp-content/uploads/2025/07/2025.11.03-X-1600x900@1x-1024x576.png" alt="" class="wp-image-41100" srcset="https://ani.pt/wp-content/uploads/2025/07/2025.11.03-X-1600x900@1x-980x551.png 980w, https://ani.pt/wp-content/uploads/2025/07/2025.11.03-X-1600x900@1x-480x270.png 480w" sizes="(min-width: 0px) and (max-width: 480px) 480px, (min-width: 481px) and (max-width: 980px) 980px, (min-width: 981px) 1024px, 100vw" /></figure>



<p class="has-text-align-center"><strong>4 e 5 de novembro | abertas as inscrições para empresas</strong></p>



<p>Estão abertas as inscrições para a 6.ª edição do&nbsp;<em>Work in Portugal</em>, evento de recrutamento e informação online promovido pelo IEFP no âmbito das atividades da EURES – Rede Europeia de Emprego, este ano em colaboração com a rede EURAXESS de mobilidade dos investigadores.</p>



<p>A iniciativa visa responder às necessidades de recrutamento das empresas portuguesas, proporcionando informação e aconselhamento a candidatos interessados em Portugal como destino para trabalhar e viver e fomentando o regresso de cidadãos portugueses na diáspora.</p>



<p>Em 2025, o evento dá especial destaque às áreas do conhecimento e da inovação, mantendo-se aberto a empresas de todos os setores de atividade. Se a sua empresa procura colaboradores com competências científicas, técnicas ou linguísticas específicas que não encontra facilmente no mercado nacional, está aberta a recrutar além-fronteiras e preparada para integrar profissionais que não dominem o português inicialmente, esta é uma oportunidade gratuita para:</p>



<ul class="wp-block-list">
<li>Divulgar ofertas de emprego, estágio ou investigação</li>



<li>Apresentar a empresa e as necessidades de recrutamento em direto no programa do evento</li>



<li>Conversar com candidatos em <em>videochat</em> individual nos dias 4 e 5 de novembro</li>



<li>Agendar e realizar entrevistas online até 7 de novembro</li>
</ul>



<p>Mais informações e inscrições disponíveis&nbsp;<a href="http://www.europeanjobdays.eu/workinportugal2025" target="_blank" rel="noreferrer noopener">aqui</a>.</p>



<p>Para esclarecimentos adicionais, contacte&nbsp;<a href="mailto:workinportugal@iefp.pt" target="_blank" rel="noreferrer noopener">workinportugal@iefp.pt</a></p>

<p>4 e 5 de novembro | abertas as inscrições para empresas Estão abertas as inscrições para a 6.ª edição do&nbsp;Work in Portugal, evento de recrutamento e informação online promovido pelo IEFP no âmbito das atividades da EURES – Rede Europeia de Emprego, este ano em colaboração com a rede EURAXESS de mobilidade dos investigadores. A [&hellip;]</p>

<!-- This site is optimized with the Yoast SEO plugin v27.5 - https://yoast.com/product/yoast-seo-wordpress/ -->
<title>Work in Portugal 2025 - ANI</title>
<meta name="robots" content="index, follow, max-snippet:-1, max-image-preview:large, max-video-preview:-1" />
<link rel="canonical" href="https://ani.pt/en/evento/work-in-portugal-2025/" />
<meta property="og:locale" content="en_US" />
<meta property="og:type" content="article" />
<meta property="og:title" content="Work in Portugal 2025 - ANI" />
<meta property="og:description" content="4 e 5 de novembro | abertas as inscrições para empresas Estão abertas as inscrições para a 6.ª edição do&nbsp;Work in Portugal, evento de recrutamento e informação online promovido pelo IEFP no âmbito das atividades da EURES – Rede Europeia de Emprego, este ano em colaboração com a rede EURAXESS de mobilidade dos investigadores. A [&hellip;]" />
<meta property="og:url" content="https://ani.pt/en/evento/work-in-portugal-2025/" />
<meta property="og:site_name" content="ANI" />
<meta property="article:publisher" content="https://www.facebook.com/agencianacionaldeinovacao/" />
<meta property="article:modified_time" content="2026-02-06T15:03:28+00:00" />
<meta property="og:image" content="https://ani.pt/wp-content/uploads/2025/07/2025.11.03-X-1600x900@1x.png" />
	<meta property="og:image:width" content="1600" />
	<meta property="og:image:height" content="900" />
	<meta property="og:image:type" content="image/png" />
<meta name="twitter:card" content="summary_large_image" />
<meta name="twitter:label1" content="Est. reading time" />
	<meta name="twitter:data1" content="2 minutes" />
<script type="application/ld+json" class="yoast-schema-graph">{"@context":"https:\/\/schema.org","@graph":[{"@type":"WebPage","@id":"https:\/\/ani.pt\/en\/evento\/work-in-portugal-2025\/","url":"https:\/\/ani.pt\/en\/evento\/work-in-portugal-2025\/","name":"Work in Portugal 2025 - ANI","isPartOf":{"@id":"https:\/\/ani.pt\/en\/#website"},"primaryImageOfPage":{"@id":"https:\/\/ani.pt\/en\/evento\/work-in-portugal-2025\/#primaryimage"},"image":{"@id":"https:\/\/ani.pt\/en\/evento\/work-in-portugal-2025\/#primaryimage"},"thumbnailUrl":"https:\/\/ani.pt\/wp-content\/uploads\/2025\/07\/evento_workinportugal25.png","datePublished":"2026-02-06T15:03:24+00:00","dateModified":"2026-02-06T15:03:28+00:00","breadcrumb":{"@id":"https:\/\/ani.pt\/en\/evento\/work-in-portugal-2025\/#breadcrumb"},"inLanguage":"en-US","potentialAction":[{"@type":"ReadAction","target":["https:\/\/ani.pt\/en\/evento\/work-in-portugal-2025\/"]}]},{"@type":"ImageObject","inLanguage":"en-US","@id":"https:\/\/ani.pt\/en\/evento\/work-in-portugal-2025\/#primaryimage","url":"https:\/\/ani.pt\/wp-content\/uploads\/2025\/07\/evento_workinportugal25.png","contentUrl":"https:\/\/ani.pt\/wp-content\/uploads\/2025\/07\/evento_workinportugal25.png","width":1920,"height":1080},{"@type":"BreadcrumbList","@id":"https:\/\/ani.pt\/en\/evento\/work-in-portugal-2025\/#breadcrumb","itemListElement":[{"@type":"ListItem","position":1,"name":"Homepage","item":"https:\/\/ani.pt\/en\/"},{"@type":"ListItem","position":2,"name":"Eventos","item":"https:\/\/ani.pt\/en\/evento\/"},{"@type":"ListItem","position":3,"name":"Eventos &amp; Conferências","item":"https:\/\/ani.pt\/en\/categoria-eventos\/eventos-conferencias\/"},{"@type":"ListItem","position":4,"name":"Work in Portugal 2025"}]},{"@type":"WebSite","@id":"https:\/\/ani.pt\/en\/#website","url":"https:\/\/ani.pt\/en\/","name":"ANI","description":"","potentialAction":[{"@type":"SearchAction","target":{"@type":"EntryPoint","urlTemplate":"https:\/\/ani.pt\/en\/?s={search_term_string}"},"query-input":{"@type":"PropertyValueSpecification","valueRequired":true,"valueName":"search_term_string"}}],"inLanguage":"en-US"}]}</script>
<!-- / Yoast SEO plugin. -->

4 e 5 de novembro | abertas as inscrições para empresas Estão abertas as inscrições para a 6.ª edição do&nbsp;Work in Portugal, evento de recrutamento e informação online promovido pelo IEFP no âmbito das atividades da EURES – Rede Europeia de Emprego, este ano em colaboração com a rede EURAXESS de mobilidade dos investigadores. A [&hellip;]

Eventos &amp; Conferências
