{"id":44624,"date":"2026-02-06T14:45:22","date_gmt":"2026-02-06T14:45:22","guid":{"rendered":"https:\/\/ani.pt\/?post_type=evento&#038;p=44624"},"modified":"2026-02-06T14:45:26","modified_gmt":"2026-02-06T14:45:26","slug":"rede-eureka-promove-webinar-sobre-a-itea4-2025-call","status":"publish","type":"evento","link":"https:\/\/ani.pt\/en\/evento\/rede-eureka-promove-webinar-sobre-a-itea4-2025-call\/","title":{"rendered":"Rede Eureka promove webinar sobre a ITEA4 2025 Call"},"content":{"rendered":"\n<p class=\"has-text-align-center\"><strong>26 de setembro | Formato online<\/strong><\/p>\n\n\n\n<p>A ANI promove no pr\u00f3ximo dia 26 de setembro um webinar dedicado \u00e0&nbsp;<em>ITEA4 2025 Call<\/em>, no \u00e2mbito do&nbsp;<em>Cluster&nbsp;<\/em>Eureka ITEA4. A sess\u00e3o, em formato&nbsp;<em>online<\/em>, \u00e9 dirigida a entidades interessadas em submeter projetos de I&amp;D colaborativos na \u00e1rea da inova\u00e7\u00e3o em&nbsp;<em>software<\/em>.<\/p>\n\n\n\n<p>O&nbsp;<em>webinar&nbsp;<\/em>tem como objetivo esclarecer as regras de participa\u00e7\u00e3o, os crit\u00e9rios de elegibilidade e o processo de candidatura. Contar\u00e1 ainda com a participa\u00e7\u00e3o de um representante do&nbsp;<em>Cluster<\/em>&nbsp;ITEA4, que estar\u00e1 dispon\u00edvel para responder a d\u00favidas sobre a convocat\u00f3ria, e com um espa\u00e7o de perguntas e respostas.<\/p>\n\n\n\n<p>As&nbsp;<a href=\"https:\/\/itea4.org\/current-call.html\">candidaturas \u00e0&nbsp;<em>ITEA4 2025 Call<\/em><\/a>&nbsp;decorrem entre 16 de setembro e 10 de novembro de 2025.<\/p>\n\n\n\n<p>O&nbsp;<em>webinar&nbsp;<\/em>antecede o evento&nbsp;<em>ITEA PO Preparation Days<\/em>&nbsp;2025, que ter\u00e1 lugar entre 16 e 18 de setembro, no Centro de Congressos do Estoril. Registe-se&nbsp;<a href=\"https:\/\/itea4.org\/podays2025\/registration.html\">aqui<\/a>.<\/p>\n\n\n\n<p>O registo no&nbsp;<em>webinar&nbsp;<\/em>da ANI est\u00e1 dispon\u00edvel&nbsp;<a href=\"https:\/\/events.teams.microsoft.com\/event\/c4b1337f-305c-4928-b4d2-43654dabf469@0383970c-8e62-47a8-990e-9a81506f56f1\">aqui<\/a>.<\/p>\n","protected":false},"excerpt":{"rendered":"<p>26 de setembro | Formato online A ANI promove no pr\u00f3ximo dia 26 de setembro um webinar dedicado \u00e0&nbsp;ITEA4 2025 Call, no \u00e2mbito do&nbsp;Cluster&nbsp;Eureka ITEA4. A sess\u00e3o, em formato&nbsp;online, \u00e9 dirigida a entidades interessadas em submeter projetos de I&amp;D colaborativos na \u00e1rea da inova\u00e7\u00e3o em&nbsp;software. O&nbsp;webinar&nbsp;tem como objetivo esclarecer as regras de participa\u00e7\u00e3o, os crit\u00e9rios [&hellip;]<\/p>\n","protected":false},"featured_media":41283,"template":"","meta":{"_acf_changed":false,"_et_pb_use_builder":"off","_et_pb_old_content":"","_et_gb_content_width":"","footnotes":""},"categoria-eventos":[906],"class_list":["post-44624","evento","type-evento","status-publish","has-post-thumbnail","hentry","categoria-eventos-financiamentos-calls-concursos"],"acf":[],"yoast_head":"<!-- This site is optimized with the Yoast SEO plugin v27.5 - https:\/\/yoast.com\/product\/yoast-seo-wordpress\/ -->\n<title>Rede Eureka promove webinar sobre a ITEA4 2025 Call - ANI<\/title>\n<meta name=\"robots\" content=\"index, follow, max-snippet:-1, max-image-preview:large, max-video-preview:-1\" \/>\n<link rel=\"canonical\" href=\"https:\/\/ani.pt\/en\/evento\/rede-eureka-promove-webinar-sobre-a-itea4-2025-call\/\" \/>\n<meta property=\"og:locale\" content=\"en_US\" \/>\n<meta property=\"og:type\" content=\"article\" \/>\n<meta property=\"og:title\" content=\"Rede Eureka promove webinar sobre a ITEA4 2025 Call - ANI\" \/>\n<meta property=\"og:description\" content=\"26 de setembro | Formato online A ANI promove no pr\u00f3ximo dia 26 de setembro um webinar dedicado \u00e0&nbsp;ITEA4 2025 Call, no \u00e2mbito do&nbsp;Cluster&nbsp;Eureka ITEA4. A sess\u00e3o, em formato&nbsp;online, \u00e9 dirigida a entidades interessadas em submeter projetos de I&amp;D colaborativos na \u00e1rea da inova\u00e7\u00e3o em&nbsp;software. O&nbsp;webinar&nbsp;tem como objetivo esclarecer as regras de participa\u00e7\u00e3o, os crit\u00e9rios [&hellip;]\" \/>\n<meta property=\"og:url\" content=\"https:\/\/ani.pt\/en\/evento\/rede-eureka-promove-webinar-sobre-a-itea4-2025-call\/\" \/>\n<meta property=\"og:site_name\" content=\"ANI\" \/>\n<meta property=\"article:publisher\" content=\"https:\/\/www.facebook.com\/agencianacionaldeinovacao\/\" \/>\n<meta property=\"article:modified_time\" content=\"2026-02-06T14:45:26+00:00\" \/>\n<meta name=\"twitter:card\" content=\"summary_large_image\" \/>\n<meta name=\"twitter:label1\" content=\"Est. reading time\" \/>\n\t<meta name=\"twitter:data1\" content=\"1 minute\" \/>\n<script type=\"application\/ld+json\" class=\"yoast-schema-graph\">{\"@context\":\"https:\\\/\\\/schema.org\",\"@graph\":[{\"@type\":\"WebPage\",\"@id\":\"https:\\\/\\\/ani.pt\\\/en\\\/evento\\\/rede-eureka-promove-webinar-sobre-a-itea4-2025-call\\\/\",\"url\":\"https:\\\/\\\/ani.pt\\\/en\\\/evento\\\/rede-eureka-promove-webinar-sobre-a-itea4-2025-call\\\/\",\"name\":\"Rede Eureka promove webinar sobre a ITEA4 2025 Call - ANI\",\"isPartOf\":{\"@id\":\"https:\\\/\\\/ani.pt\\\/en\\\/#website\"},\"primaryImageOfPage\":{\"@id\":\"https:\\\/\\\/ani.pt\\\/en\\\/evento\\\/rede-eureka-promove-webinar-sobre-a-itea4-2025-call\\\/#primaryimage\"},\"image\":{\"@id\":\"https:\\\/\\\/ani.pt\\\/en\\\/evento\\\/rede-eureka-promove-webinar-sobre-a-itea4-2025-call\\\/#primaryimage\"},\"thumbnailUrl\":\"https:\\\/\\\/ani.pt\\\/wp-content\\\/uploads\\\/2025\\\/07\\\/evento_webinar_ITEA4_2025.png\",\"datePublished\":\"2026-02-06T14:45:22+00:00\",\"dateModified\":\"2026-02-06T14:45:26+00:00\",\"breadcrumb\":{\"@id\":\"https:\\\/\\\/ani.pt\\\/en\\\/evento\\\/rede-eureka-promove-webinar-sobre-a-itea4-2025-call\\\/#breadcrumb\"},\"inLanguage\":\"en-US\",\"potentialAction\":[{\"@type\":\"ReadAction\",\"target\":[\"https:\\\/\\\/ani.pt\\\/en\\\/evento\\\/rede-eureka-promove-webinar-sobre-a-itea4-2025-call\\\/\"]}]},{\"@type\":\"ImageObject\",\"inLanguage\":\"en-US\",\"@id\":\"https:\\\/\\\/ani.pt\\\/en\\\/evento\\\/rede-eureka-promove-webinar-sobre-a-itea4-2025-call\\\/#primaryimage\",\"url\":\"https:\\\/\\\/ani.pt\\\/wp-content\\\/uploads\\\/2025\\\/07\\\/evento_webinar_ITEA4_2025.png\",\"contentUrl\":\"https:\\\/\\\/ani.pt\\\/wp-content\\\/uploads\\\/2025\\\/07\\\/evento_webinar_ITEA4_2025.png\",\"width\":1920,\"height\":1080},{\"@type\":\"BreadcrumbList\",\"@id\":\"https:\\\/\\\/ani.pt\\\/en\\\/evento\\\/rede-eureka-promove-webinar-sobre-a-itea4-2025-call\\\/#breadcrumb\",\"itemListElement\":[{\"@type\":\"ListItem\",\"position\":1,\"name\":\"Homepage\",\"item\":\"https:\\\/\\\/ani.pt\\\/en\\\/\"},{\"@type\":\"ListItem\",\"position\":2,\"name\":\"Eventos\",\"item\":\"https:\\\/\\\/ani.pt\\\/en\\\/evento\\\/\"},{\"@type\":\"ListItem\",\"position\":3,\"name\":\"Financiamentos, Calls &amp; Concursos\",\"item\":\"https:\\\/\\\/ani.pt\\\/en\\\/categoria-eventos\\\/financiamentos-calls-concursos\\\/\"},{\"@type\":\"ListItem\",\"position\":4,\"name\":\"Rede Eureka promove webinar sobre a ITEA4 2025 Call\"}]},{\"@type\":\"WebSite\",\"@id\":\"https:\\\/\\\/ani.pt\\\/en\\\/#website\",\"url\":\"https:\\\/\\\/ani.pt\\\/en\\\/\",\"name\":\"ANI\",\"description\":\"\",\"potentialAction\":[{\"@type\":\"SearchAction\",\"target\":{\"@type\":\"EntryPoint\",\"urlTemplate\":\"https:\\\/\\\/ani.pt\\\/en\\\/?s={search_term_string}\"},\"query-input\":{\"@type\":\"PropertyValueSpecification\",\"valueRequired\":true,\"valueName\":\"search_term_string\"}}],\"inLanguage\":\"en-US\"}]}<\/script>\n<!-- \/ Yoast SEO plugin. -->","yoast_head_json":{"title":"Rede Eureka promove webinar sobre a ITEA4 2025 Call - ANI","robots":{"index":"index","follow":"follow","max-snippet":"max-snippet:-1","max-image-preview":"max-image-preview:large","max-video-preview":"max-video-preview:-1"},"canonical":"https:\/\/ani.pt\/en\/evento\/rede-eureka-promove-webinar-sobre-a-itea4-2025-call\/","og_locale":"en_US","og_type":"article","og_title":"Rede Eureka promove webinar sobre a ITEA4 2025 Call - ANI","og_description":"26 de setembro | Formato online A ANI promove no pr\u00f3ximo dia 26 de setembro um webinar dedicado \u00e0&nbsp;ITEA4 2025 Call, no \u00e2mbito do&nbsp;Cluster&nbsp;Eureka ITEA4. A sess\u00e3o, em formato&nbsp;online, \u00e9 dirigida a entidades interessadas em submeter projetos de I&amp;D colaborativos na \u00e1rea da inova\u00e7\u00e3o em&nbsp;software. O&nbsp;webinar&nbsp;tem como objetivo esclarecer as regras de participa\u00e7\u00e3o, os crit\u00e9rios [&hellip;]","og_url":"https:\/\/ani.pt\/en\/evento\/rede-eureka-promove-webinar-sobre-a-itea4-2025-call\/","og_site_name":"ANI","article_publisher":"https:\/\/www.facebook.com\/agencianacionaldeinovacao\/","article_modified_time":"2026-02-06T14:45:26+00:00","twitter_card":"summary_large_image","twitter_misc":{"Est. reading time":"1 minute"},"schema":{"@context":"https:\/\/schema.org","@graph":[{"@type":"WebPage","@id":"https:\/\/ani.pt\/en\/evento\/rede-eureka-promove-webinar-sobre-a-itea4-2025-call\/","url":"https:\/\/ani.pt\/en\/evento\/rede-eureka-promove-webinar-sobre-a-itea4-2025-call\/","name":"Rede Eureka promove webinar sobre a ITEA4 2025 Call - ANI","isPartOf":{"@id":"https:\/\/ani.pt\/en\/#website"},"primaryImageOfPage":{"@id":"https:\/\/ani.pt\/en\/evento\/rede-eureka-promove-webinar-sobre-a-itea4-2025-call\/#primaryimage"},"image":{"@id":"https:\/\/ani.pt\/en\/evento\/rede-eureka-promove-webinar-sobre-a-itea4-2025-call\/#primaryimage"},"thumbnailUrl":"https:\/\/ani.pt\/wp-content\/uploads\/2025\/07\/evento_webinar_ITEA4_2025.png","datePublished":"2026-02-06T14:45:22+00:00","dateModified":"2026-02-06T14:45:26+00:00","breadcrumb":{"@id":"https:\/\/ani.pt\/en\/evento\/rede-eureka-promove-webinar-sobre-a-itea4-2025-call\/#breadcrumb"},"inLanguage":"en-US","potentialAction":[{"@type":"ReadAction","target":["https:\/\/ani.pt\/en\/evento\/rede-eureka-promove-webinar-sobre-a-itea4-2025-call\/"]}]},{"@type":"ImageObject","inLanguage":"en-US","@id":"https:\/\/ani.pt\/en\/evento\/rede-eureka-promove-webinar-sobre-a-itea4-2025-call\/#primaryimage","url":"https:\/\/ani.pt\/wp-content\/uploads\/2025\/07\/evento_webinar_ITEA4_2025.png","contentUrl":"https:\/\/ani.pt\/wp-content\/uploads\/2025\/07\/evento_webinar_ITEA4_2025.png","width":1920,"height":1080},{"@type":"BreadcrumbList","@id":"https:\/\/ani.pt\/en\/evento\/rede-eureka-promove-webinar-sobre-a-itea4-2025-call\/#breadcrumb","itemListElement":[{"@type":"ListItem","position":1,"name":"Homepage","item":"https:\/\/ani.pt\/en\/"},{"@type":"ListItem","position":2,"name":"Eventos","item":"https:\/\/ani.pt\/en\/evento\/"},{"@type":"ListItem","position":3,"name":"Financiamentos, Calls &amp; Concursos","item":"https:\/\/ani.pt\/en\/categoria-eventos\/financiamentos-calls-concursos\/"},{"@type":"ListItem","position":4,"name":"Rede Eureka promove webinar sobre a ITEA4 2025 Call"}]},{"@type":"WebSite","@id":"https:\/\/ani.pt\/en\/#website","url":"https:\/\/ani.pt\/en\/","name":"ANI","description":"","potentialAction":[{"@type":"SearchAction","target":{"@type":"EntryPoint","urlTemplate":"https:\/\/ani.pt\/en\/?s={search_term_string}"},"query-input":{"@type":"PropertyValueSpecification","valueRequired":true,"valueName":"search_term_string"}}],"inLanguage":"en-US"}]}},"_links":{"self":[{"href":"https:\/\/ani.pt\/en\/wp-json\/wp\/v2\/evento\/44624","targetHints":{"allow":["GET"]}}],"collection":[{"href":"https:\/\/ani.pt\/en\/wp-json\/wp\/v2\/evento"}],"about":[{"href":"https:\/\/ani.pt\/en\/wp-json\/wp\/v2\/types\/evento"}],"version-history":[{"count":1,"href":"https:\/\/ani.pt\/en\/wp-json\/wp\/v2\/evento\/44624\/revisions"}],"predecessor-version":[{"id":44625,"href":"https:\/\/ani.pt\/en\/wp-json\/wp\/v2\/evento\/44624\/revisions\/44625"}],"wp:featuredmedia":[{"embeddable":true,"href":"https:\/\/ani.pt\/en\/wp-json\/wp\/v2\/media\/41283"}],"wp:attachment":[{"href":"https:\/\/ani.pt\/en\/wp-json\/wp\/v2\/media?parent=44624"}],"wp:term":[{"taxonomy":"categoria-eventos","embeddable":true,"href":"https:\/\/ani.pt\/en\/wp-json\/wp\/v2\/categoria-eventos?post=44624"}],"curies":[{"name":"wp","href":"https:\/\/api.w.org\/{rel}","templated":true}]}}

<p class="has-text-align-center"><strong>26 de setembro | Formato online</strong></p>



<p>A ANI promove no próximo dia 26 de setembro um webinar dedicado à&nbsp;<em>ITEA4 2025 Call</em>, no âmbito do&nbsp;<em>Cluster&nbsp;</em>Eureka ITEA4. A sessão, em formato&nbsp;<em>online</em>, é dirigida a entidades interessadas em submeter projetos de I&amp;D colaborativos na área da inovação em&nbsp;<em>software</em>.</p>



<p>O&nbsp;<em>webinar&nbsp;</em>tem como objetivo esclarecer as regras de participação, os critérios de elegibilidade e o processo de candidatura. Contará ainda com a participação de um representante do&nbsp;<em>Cluster</em>&nbsp;ITEA4, que estará disponível para responder a dúvidas sobre a convocatória, e com um espaço de perguntas e respostas.</p>



<p>As&nbsp;<a href="https://itea4.org/current-call.html">candidaturas à&nbsp;<em>ITEA4 2025 Call</em></a>&nbsp;decorrem entre 16 de setembro e 10 de novembro de 2025.</p>



<p>O&nbsp;<em>webinar&nbsp;</em>antecede o evento&nbsp;<em>ITEA PO Preparation Days</em>&nbsp;2025, que terá lugar entre 16 e 18 de setembro, no Centro de Congressos do Estoril. Registe-se&nbsp;<a href="https://itea4.org/podays2025/registration.html">aqui</a>.</p>



<p>O registo no&nbsp;<em>webinar&nbsp;</em>da ANI está disponível&nbsp;<a href="https://events.teams.microsoft.com/event/c4b1337f-305c-4928-b4d2-43654dabf469@0383970c-8e62-47a8-990e-9a81506f56f1">aqui</a>.</p>

<p>26 de setembro | Formato online A ANI promove no próximo dia 26 de setembro um webinar dedicado à&nbsp;ITEA4 2025 Call, no âmbito do&nbsp;Cluster&nbsp;Eureka ITEA4. A sessão, em formato&nbsp;online, é dirigida a entidades interessadas em submeter projetos de I&amp;D colaborativos na área da inovação em&nbsp;software. O&nbsp;webinar&nbsp;tem como objetivo esclarecer as regras de participação, os critérios [&hellip;]</p>

<!-- This site is optimized with the Yoast SEO plugin v27.5 - https://yoast.com/product/yoast-seo-wordpress/ -->
<title>Rede Eureka promove webinar sobre a ITEA4 2025 Call - ANI</title>
<meta name="robots" content="index, follow, max-snippet:-1, max-image-preview:large, max-video-preview:-1" />
<link rel="canonical" href="https://ani.pt/en/evento/rede-eureka-promove-webinar-sobre-a-itea4-2025-call/" />
<meta property="og:locale" content="en_US" />
<meta property="og:type" content="article" />
<meta property="og:title" content="Rede Eureka promove webinar sobre a ITEA4 2025 Call - ANI" />
<meta property="og:description" content="26 de setembro | Formato online A ANI promove no próximo dia 26 de setembro um webinar dedicado à&nbsp;ITEA4 2025 Call, no âmbito do&nbsp;Cluster&nbsp;Eureka ITEA4. A sessão, em formato&nbsp;online, é dirigida a entidades interessadas em submeter projetos de I&amp;D colaborativos na área da inovação em&nbsp;software. O&nbsp;webinar&nbsp;tem como objetivo esclarecer as regras de participação, os critérios [&hellip;]" />
<meta property="og:url" content="https://ani.pt/en/evento/rede-eureka-promove-webinar-sobre-a-itea4-2025-call/" />
<meta property="og:site_name" content="ANI" />
<meta property="article:publisher" content="https://www.facebook.com/agencianacionaldeinovacao/" />
<meta property="article:modified_time" content="2026-02-06T14:45:26+00:00" />
<meta name="twitter:card" content="summary_large_image" />
<meta name="twitter:label1" content="Est. reading time" />
	<meta name="twitter:data1" content="1 minute" />
<script type="application/ld+json" class="yoast-schema-graph">{"@context":"https:\/\/schema.org","@graph":[{"@type":"WebPage","@id":"https:\/\/ani.pt\/en\/evento\/rede-eureka-promove-webinar-sobre-a-itea4-2025-call\/","url":"https:\/\/ani.pt\/en\/evento\/rede-eureka-promove-webinar-sobre-a-itea4-2025-call\/","name":"Rede Eureka promove webinar sobre a ITEA4 2025 Call - ANI","isPartOf":{"@id":"https:\/\/ani.pt\/en\/#website"},"primaryImageOfPage":{"@id":"https:\/\/ani.pt\/en\/evento\/rede-eureka-promove-webinar-sobre-a-itea4-2025-call\/#primaryimage"},"image":{"@id":"https:\/\/ani.pt\/en\/evento\/rede-eureka-promove-webinar-sobre-a-itea4-2025-call\/#primaryimage"},"thumbnailUrl":"https:\/\/ani.pt\/wp-content\/uploads\/2025\/07\/evento_webinar_ITEA4_2025.png","datePublished":"2026-02-06T14:45:22+00:00","dateModified":"2026-02-06T14:45:26+00:00","breadcrumb":{"@id":"https:\/\/ani.pt\/en\/evento\/rede-eureka-promove-webinar-sobre-a-itea4-2025-call\/#breadcrumb"},"inLanguage":"en-US","potentialAction":[{"@type":"ReadAction","target":["https:\/\/ani.pt\/en\/evento\/rede-eureka-promove-webinar-sobre-a-itea4-2025-call\/"]}]},{"@type":"ImageObject","inLanguage":"en-US","@id":"https:\/\/ani.pt\/en\/evento\/rede-eureka-promove-webinar-sobre-a-itea4-2025-call\/#primaryimage","url":"https:\/\/ani.pt\/wp-content\/uploads\/2025\/07\/evento_webinar_ITEA4_2025.png","contentUrl":"https:\/\/ani.pt\/wp-content\/uploads\/2025\/07\/evento_webinar_ITEA4_2025.png","width":1920,"height":1080},{"@type":"BreadcrumbList","@id":"https:\/\/ani.pt\/en\/evento\/rede-eureka-promove-webinar-sobre-a-itea4-2025-call\/#breadcrumb","itemListElement":[{"@type":"ListItem","position":1,"name":"Homepage","item":"https:\/\/ani.pt\/en\/"},{"@type":"ListItem","position":2,"name":"Eventos","item":"https:\/\/ani.pt\/en\/evento\/"},{"@type":"ListItem","position":3,"name":"Financiamentos, Calls &amp; Concursos","item":"https:\/\/ani.pt\/en\/categoria-eventos\/financiamentos-calls-concursos\/"},{"@type":"ListItem","position":4,"name":"Rede Eureka promove webinar sobre a ITEA4 2025 Call"}]},{"@type":"WebSite","@id":"https:\/\/ani.pt\/en\/#website","url":"https:\/\/ani.pt\/en\/","name":"ANI","description":"","potentialAction":[{"@type":"SearchAction","target":{"@type":"EntryPoint","urlTemplate":"https:\/\/ani.pt\/en\/?s={search_term_string}"},"query-input":{"@type":"PropertyValueSpecification","valueRequired":true,"valueName":"search_term_string"}}],"inLanguage":"en-US"}]}</script>
<!-- / Yoast SEO plugin. -->

26 de setembro | Formato online A ANI promove no próximo dia 26 de setembro um webinar dedicado à&nbsp;ITEA4 2025 Call, no âmbito do&nbsp;Cluster&nbsp;Eureka ITEA4. A sessão, em formato&nbsp;online, é dirigida a entidades interessadas em submeter projetos de I&amp;D colaborativos na área da inovação em&nbsp;software. O&nbsp;webinar&nbsp;tem como objetivo esclarecer as regras de participação, os critérios [&hellip;]
