{"id":44612,"date":"2026-02-06T14:32:36","date_gmt":"2026-02-06T14:32:36","guid":{"rendered":"https:\/\/ani.pt\/?post_type=evento&#038;p=44612"},"modified":"2026-02-06T14:32:41","modified_gmt":"2026-02-06T14:32:41","slug":"eit-education-skills-days-promove-inovacao-na-educacao-e-competencias-na-europa","status":"publish","type":"evento","link":"https:\/\/ani.pt\/en\/evento\/eit-education-skills-days-promove-inovacao-na-educacao-e-competencias-na-europa\/","title":{"rendered":"EIT Education &amp; Skills Days promove inova\u00e7\u00e3o na educa\u00e7\u00e3o e compet\u00eancias na Europa"},"content":{"rendered":"\n<p class=\"has-text-align-center\"><strong>15 e 16 de outubro | Bruxelas<\/strong><\/p>\n\n\n\n<p>A Comunidade&nbsp;<em>EIT<\/em>&nbsp;vai reunir, nos dias 15 e 16 de outubro, mais de 800 participantes em Bruxelas no evento \u201c<em>EIT Education &amp; Skills Days \u2013 From Ideas to Impact\u201d<\/em>, dedicado \u00e0 constru\u00e7\u00e3o de um ecossistema europeu inovador de educa\u00e7\u00e3o e empreendedorismo.<\/p>\n\n\n\n<p>Durante dois dias, quatro das principais iniciativas educativas do&nbsp;<em>EIT<\/em>&nbsp;\u2014&nbsp;<em>Higher Education Initiative, Deep Tech Talent Initiative, Girls Go Circular e Skills Academies&nbsp;<\/em>\u2014 estar\u00e3o em destaque num programa que promove a colabora\u00e7\u00e3o intersetorial e o desenvolvimento de compet\u00eancias em todas as fases da vida.<\/p>\n\n\n\n<p>Com foco na inova\u00e7\u00e3o pedag\u00f3gica, inclus\u00e3o e empreendedorismo, o encontro pretende responder \u00e0 crescente necessidade de capacita\u00e7\u00e3o em \u00e1reas como Ci\u00eancia, Tecnologia, Engenharia e Matem\u00e1tica (STEM), fundamentais para as transi\u00e7\u00f5es verde e digital.<\/p>\n\n\n\n<p>A iniciativa contar\u00e1 com a apresenta\u00e7\u00e3o de casos de sucesso europeus e marcar\u00e1 o arranque da nova fase da estrat\u00e9gia educativa do&nbsp;<em>EIT<\/em>, alinhada com o Plano de A\u00e7\u00e3o da Uni\u00e3o Europeia para as Compet\u00eancias e Educa\u00e7\u00e3o STEM.<\/p>\n\n\n\n<p>Consulte a agenda completa&nbsp;<a href=\"https:\/\/eit-education-skills-days.eu\/\" target=\"_blank\" rel=\"noreferrer noopener\">aqui<\/a>.<\/p>\n\n\n\n<p>Mais informa\u00e7\u00f5es e inscri\u00e7\u00f5es&nbsp;<a href=\"https:\/\/www.b2match.com\/e\/eit-education-and-skills-days2025\" target=\"_blank\" rel=\"noreferrer noopener\">aqui<\/a>.<\/p>\n","protected":false},"excerpt":{"rendered":"<p>15 e 16 de outubro | Bruxelas A Comunidade&nbsp;EIT&nbsp;vai reunir, nos dias 15 e 16 de outubro, mais de 800 participantes em Bruxelas no evento \u201cEIT Education &amp; Skills Days \u2013 From Ideas to Impact\u201d, dedicado \u00e0 constru\u00e7\u00e3o de um ecossistema europeu inovador de educa\u00e7\u00e3o e empreendedorismo. Durante dois dias, quatro das principais iniciativas educativas [&hellip;]<\/p>\n","protected":false},"featured_media":41659,"template":"","meta":{"_acf_changed":false,"_et_pb_use_builder":"off","_et_pb_old_content":"","_et_gb_content_width":"","footnotes":""},"categoria-eventos":[907],"class_list":["post-44612","evento","type-evento","status-publish","has-post-thumbnail","hentry","categoria-eventos-eventos-conferencias"],"acf":[],"yoast_head":"<!-- This site is optimized with the Yoast SEO plugin v27.5 - https:\/\/yoast.com\/product\/yoast-seo-wordpress\/ -->\n<title>EIT Education &amp; Skills Days promove inova\u00e7\u00e3o na educa\u00e7\u00e3o e compet\u00eancias na Europa - ANI<\/title>\n<meta name=\"robots\" content=\"index, follow, max-snippet:-1, max-image-preview:large, max-video-preview:-1\" \/>\n<link rel=\"canonical\" href=\"https:\/\/ani.pt\/en\/evento\/eit-education-skills-days-promove-inovacao-na-educacao-e-competencias-na-europa\/\" \/>\n<meta property=\"og:locale\" content=\"en_US\" \/>\n<meta property=\"og:type\" content=\"article\" \/>\n<meta property=\"og:title\" content=\"EIT Education &amp; Skills Days promove inova\u00e7\u00e3o na educa\u00e7\u00e3o e compet\u00eancias na Europa - ANI\" \/>\n<meta property=\"og:description\" content=\"15 e 16 de outubro | Bruxelas A Comunidade&nbsp;EIT&nbsp;vai reunir, nos dias 15 e 16 de outubro, mais de 800 participantes em Bruxelas no evento \u201cEIT Education &amp; Skills Days \u2013 From Ideas to Impact\u201d, dedicado \u00e0 constru\u00e7\u00e3o de um ecossistema europeu inovador de educa\u00e7\u00e3o e empreendedorismo. Durante dois dias, quatro das principais iniciativas educativas [&hellip;]\" \/>\n<meta property=\"og:url\" content=\"https:\/\/ani.pt\/en\/evento\/eit-education-skills-days-promove-inovacao-na-educacao-e-competencias-na-europa\/\" \/>\n<meta property=\"og:site_name\" content=\"ANI\" \/>\n<meta property=\"article:publisher\" content=\"https:\/\/www.facebook.com\/agencianacionaldeinovacao\/\" \/>\n<meta property=\"article:modified_time\" content=\"2026-02-06T14:32:41+00:00\" \/>\n<meta name=\"twitter:card\" content=\"summary_large_image\" \/>\n<meta name=\"twitter:label1\" content=\"Est. reading time\" \/>\n\t<meta name=\"twitter:data1\" content=\"1 minute\" \/>\n<script type=\"application\/ld+json\" class=\"yoast-schema-graph\">{\"@context\":\"https:\\\/\\\/schema.org\",\"@graph\":[{\"@type\":\"WebPage\",\"@id\":\"https:\\\/\\\/ani.pt\\\/en\\\/evento\\\/eit-education-skills-days-promove-inovacao-na-educacao-e-competencias-na-europa\\\/\",\"url\":\"https:\\\/\\\/ani.pt\\\/en\\\/evento\\\/eit-education-skills-days-promove-inovacao-na-educacao-e-competencias-na-europa\\\/\",\"name\":\"EIT Education &amp; Skills Days promove inova\u00e7\u00e3o na educa\u00e7\u00e3o e compet\u00eancias na Europa - ANI\",\"isPartOf\":{\"@id\":\"https:\\\/\\\/ani.pt\\\/en\\\/#website\"},\"primaryImageOfPage\":{\"@id\":\"https:\\\/\\\/ani.pt\\\/en\\\/evento\\\/eit-education-skills-days-promove-inovacao-na-educacao-e-competencias-na-europa\\\/#primaryimage\"},\"image\":{\"@id\":\"https:\\\/\\\/ani.pt\\\/en\\\/evento\\\/eit-education-skills-days-promove-inovacao-na-educacao-e-competencias-na-europa\\\/#primaryimage\"},\"thumbnailUrl\":\"https:\\\/\\\/ani.pt\\\/wp-content\\\/uploads\\\/2025\\\/08\\\/evento_EIT-Education-Skills-Days.png\",\"datePublished\":\"2026-02-06T14:32:36+00:00\",\"dateModified\":\"2026-02-06T14:32:41+00:00\",\"breadcrumb\":{\"@id\":\"https:\\\/\\\/ani.pt\\\/en\\\/evento\\\/eit-education-skills-days-promove-inovacao-na-educacao-e-competencias-na-europa\\\/#breadcrumb\"},\"inLanguage\":\"en-US\",\"potentialAction\":[{\"@type\":\"ReadAction\",\"target\":[\"https:\\\/\\\/ani.pt\\\/en\\\/evento\\\/eit-education-skills-days-promove-inovacao-na-educacao-e-competencias-na-europa\\\/\"]}]},{\"@type\":\"ImageObject\",\"inLanguage\":\"en-US\",\"@id\":\"https:\\\/\\\/ani.pt\\\/en\\\/evento\\\/eit-education-skills-days-promove-inovacao-na-educacao-e-competencias-na-europa\\\/#primaryimage\",\"url\":\"https:\\\/\\\/ani.pt\\\/wp-content\\\/uploads\\\/2025\\\/08\\\/evento_EIT-Education-Skills-Days.png\",\"contentUrl\":\"https:\\\/\\\/ani.pt\\\/wp-content\\\/uploads\\\/2025\\\/08\\\/evento_EIT-Education-Skills-Days.png\",\"width\":1920,\"height\":1080},{\"@type\":\"BreadcrumbList\",\"@id\":\"https:\\\/\\\/ani.pt\\\/en\\\/evento\\\/eit-education-skills-days-promove-inovacao-na-educacao-e-competencias-na-europa\\\/#breadcrumb\",\"itemListElement\":[{\"@type\":\"ListItem\",\"position\":1,\"name\":\"Homepage\",\"item\":\"https:\\\/\\\/ani.pt\\\/en\\\/\"},{\"@type\":\"ListItem\",\"position\":2,\"name\":\"Eventos\",\"item\":\"https:\\\/\\\/ani.pt\\\/en\\\/evento\\\/\"},{\"@type\":\"ListItem\",\"position\":3,\"name\":\"Eventos &amp; Confer\u00eancias\",\"item\":\"https:\\\/\\\/ani.pt\\\/en\\\/categoria-eventos\\\/eventos-conferencias\\\/\"},{\"@type\":\"ListItem\",\"position\":4,\"name\":\"EIT Education &amp; Skills Days promove inova\u00e7\u00e3o na educa\u00e7\u00e3o e compet\u00eancias na Europa\"}]},{\"@type\":\"WebSite\",\"@id\":\"https:\\\/\\\/ani.pt\\\/en\\\/#website\",\"url\":\"https:\\\/\\\/ani.pt\\\/en\\\/\",\"name\":\"ANI\",\"description\":\"\",\"potentialAction\":[{\"@type\":\"SearchAction\",\"target\":{\"@type\":\"EntryPoint\",\"urlTemplate\":\"https:\\\/\\\/ani.pt\\\/en\\\/?s={search_term_string}\"},\"query-input\":{\"@type\":\"PropertyValueSpecification\",\"valueRequired\":true,\"valueName\":\"search_term_string\"}}],\"inLanguage\":\"en-US\"}]}<\/script>\n<!-- \/ Yoast SEO plugin. -->","yoast_head_json":{"title":"EIT Education &amp; Skills Days promove inova\u00e7\u00e3o na educa\u00e7\u00e3o e compet\u00eancias na Europa - ANI","robots":{"index":"index","follow":"follow","max-snippet":"max-snippet:-1","max-image-preview":"max-image-preview:large","max-video-preview":"max-video-preview:-1"},"canonical":"https:\/\/ani.pt\/en\/evento\/eit-education-skills-days-promove-inovacao-na-educacao-e-competencias-na-europa\/","og_locale":"en_US","og_type":"article","og_title":"EIT Education &amp; Skills Days promove inova\u00e7\u00e3o na educa\u00e7\u00e3o e compet\u00eancias na Europa - ANI","og_description":"15 e 16 de outubro | Bruxelas A Comunidade&nbsp;EIT&nbsp;vai reunir, nos dias 15 e 16 de outubro, mais de 800 participantes em Bruxelas no evento \u201cEIT Education &amp; Skills Days \u2013 From Ideas to Impact\u201d, dedicado \u00e0 constru\u00e7\u00e3o de um ecossistema europeu inovador de educa\u00e7\u00e3o e empreendedorismo. Durante dois dias, quatro das principais iniciativas educativas [&hellip;]","og_url":"https:\/\/ani.pt\/en\/evento\/eit-education-skills-days-promove-inovacao-na-educacao-e-competencias-na-europa\/","og_site_name":"ANI","article_publisher":"https:\/\/www.facebook.com\/agencianacionaldeinovacao\/","article_modified_time":"2026-02-06T14:32:41+00:00","twitter_card":"summary_large_image","twitter_misc":{"Est. reading time":"1 minute"},"schema":{"@context":"https:\/\/schema.org","@graph":[{"@type":"WebPage","@id":"https:\/\/ani.pt\/en\/evento\/eit-education-skills-days-promove-inovacao-na-educacao-e-competencias-na-europa\/","url":"https:\/\/ani.pt\/en\/evento\/eit-education-skills-days-promove-inovacao-na-educacao-e-competencias-na-europa\/","name":"EIT Education &amp; Skills Days promove inova\u00e7\u00e3o na educa\u00e7\u00e3o e compet\u00eancias na Europa - ANI","isPartOf":{"@id":"https:\/\/ani.pt\/en\/#website"},"primaryImageOfPage":{"@id":"https:\/\/ani.pt\/en\/evento\/eit-education-skills-days-promove-inovacao-na-educacao-e-competencias-na-europa\/#primaryimage"},"image":{"@id":"https:\/\/ani.pt\/en\/evento\/eit-education-skills-days-promove-inovacao-na-educacao-e-competencias-na-europa\/#primaryimage"},"thumbnailUrl":"https:\/\/ani.pt\/wp-content\/uploads\/2025\/08\/evento_EIT-Education-Skills-Days.png","datePublished":"2026-02-06T14:32:36+00:00","dateModified":"2026-02-06T14:32:41+00:00","breadcrumb":{"@id":"https:\/\/ani.pt\/en\/evento\/eit-education-skills-days-promove-inovacao-na-educacao-e-competencias-na-europa\/#breadcrumb"},"inLanguage":"en-US","potentialAction":[{"@type":"ReadAction","target":["https:\/\/ani.pt\/en\/evento\/eit-education-skills-days-promove-inovacao-na-educacao-e-competencias-na-europa\/"]}]},{"@type":"ImageObject","inLanguage":"en-US","@id":"https:\/\/ani.pt\/en\/evento\/eit-education-skills-days-promove-inovacao-na-educacao-e-competencias-na-europa\/#primaryimage","url":"https:\/\/ani.pt\/wp-content\/uploads\/2025\/08\/evento_EIT-Education-Skills-Days.png","contentUrl":"https:\/\/ani.pt\/wp-content\/uploads\/2025\/08\/evento_EIT-Education-Skills-Days.png","width":1920,"height":1080},{"@type":"BreadcrumbList","@id":"https:\/\/ani.pt\/en\/evento\/eit-education-skills-days-promove-inovacao-na-educacao-e-competencias-na-europa\/#breadcrumb","itemListElement":[{"@type":"ListItem","position":1,"name":"Homepage","item":"https:\/\/ani.pt\/en\/"},{"@type":"ListItem","position":2,"name":"Eventos","item":"https:\/\/ani.pt\/en\/evento\/"},{"@type":"ListItem","position":3,"name":"Eventos &amp; Confer\u00eancias","item":"https:\/\/ani.pt\/en\/categoria-eventos\/eventos-conferencias\/"},{"@type":"ListItem","position":4,"name":"EIT Education &amp; Skills Days promove inova\u00e7\u00e3o na educa\u00e7\u00e3o e compet\u00eancias na Europa"}]},{"@type":"WebSite","@id":"https:\/\/ani.pt\/en\/#website","url":"https:\/\/ani.pt\/en\/","name":"ANI","description":"","potentialAction":[{"@type":"SearchAction","target":{"@type":"EntryPoint","urlTemplate":"https:\/\/ani.pt\/en\/?s={search_term_string}"},"query-input":{"@type":"PropertyValueSpecification","valueRequired":true,"valueName":"search_term_string"}}],"inLanguage":"en-US"}]}},"_links":{"self":[{"href":"https:\/\/ani.pt\/en\/wp-json\/wp\/v2\/evento\/44612","targetHints":{"allow":["GET"]}}],"collection":[{"href":"https:\/\/ani.pt\/en\/wp-json\/wp\/v2\/evento"}],"about":[{"href":"https:\/\/ani.pt\/en\/wp-json\/wp\/v2\/types\/evento"}],"version-history":[{"count":1,"href":"https:\/\/ani.pt\/en\/wp-json\/wp\/v2\/evento\/44612\/revisions"}],"predecessor-version":[{"id":44613,"href":"https:\/\/ani.pt\/en\/wp-json\/wp\/v2\/evento\/44612\/revisions\/44613"}],"wp:featuredmedia":[{"embeddable":true,"href":"https:\/\/ani.pt\/en\/wp-json\/wp\/v2\/media\/41659"}],"wp:attachment":[{"href":"https:\/\/ani.pt\/en\/wp-json\/wp\/v2\/media?parent=44612"}],"wp:term":[{"taxonomy":"categoria-eventos","embeddable":true,"href":"https:\/\/ani.pt\/en\/wp-json\/wp\/v2\/categoria-eventos?post=44612"}],"curies":[{"name":"wp","href":"https:\/\/api.w.org\/{rel}","templated":true}]}}

EIT Education &amp; Skills Days promove inovação na educação e competências na Europa

<p class="has-text-align-center"><strong>15 e 16 de outubro | Bruxelas</strong></p>



<p>A Comunidade&nbsp;<em>EIT</em>&nbsp;vai reunir, nos dias 15 e 16 de outubro, mais de 800 participantes em Bruxelas no evento “<em>EIT Education &amp; Skills Days – From Ideas to Impact”</em>, dedicado à construção de um ecossistema europeu inovador de educação e empreendedorismo.</p>



<p>Durante dois dias, quatro das principais iniciativas educativas do&nbsp;<em>EIT</em>&nbsp;—&nbsp;<em>Higher Education Initiative, Deep Tech Talent Initiative, Girls Go Circular e Skills Academies&nbsp;</em>— estarão em destaque num programa que promove a colaboração intersetorial e o desenvolvimento de competências em todas as fases da vida.</p>



<p>Com foco na inovação pedagógica, inclusão e empreendedorismo, o encontro pretende responder à crescente necessidade de capacitação em áreas como Ciência, Tecnologia, Engenharia e Matemática (STEM), fundamentais para as transições verde e digital.</p>



<p>A iniciativa contará com a apresentação de casos de sucesso europeus e marcará o arranque da nova fase da estratégia educativa do&nbsp;<em>EIT</em>, alinhada com o Plano de Ação da União Europeia para as Competências e Educação STEM.</p>



<p>Consulte a agenda completa&nbsp;<a href="https://eit-education-skills-days.eu/" target="_blank" rel="noreferrer noopener">aqui</a>.</p>



<p>Mais informações e inscrições&nbsp;<a href="https://www.b2match.com/e/eit-education-and-skills-days2025" target="_blank" rel="noreferrer noopener">aqui</a>.</p>

<p>15 e 16 de outubro | Bruxelas A Comunidade&nbsp;EIT&nbsp;vai reunir, nos dias 15 e 16 de outubro, mais de 800 participantes em Bruxelas no evento “EIT Education &amp; Skills Days – From Ideas to Impact”, dedicado à construção de um ecossistema europeu inovador de educação e empreendedorismo. Durante dois dias, quatro das principais iniciativas educativas [&hellip;]</p>

<!-- This site is optimized with the Yoast SEO plugin v27.5 - https://yoast.com/product/yoast-seo-wordpress/ -->
<title>EIT Education &amp; Skills Days promove inovação na educação e competências na Europa - ANI</title>
<meta name="robots" content="index, follow, max-snippet:-1, max-image-preview:large, max-video-preview:-1" />
<link rel="canonical" href="https://ani.pt/en/evento/eit-education-skills-days-promove-inovacao-na-educacao-e-competencias-na-europa/" />
<meta property="og:locale" content="en_US" />
<meta property="og:type" content="article" />
<meta property="og:title" content="EIT Education &amp; Skills Days promove inovação na educação e competências na Europa - ANI" />
<meta property="og:description" content="15 e 16 de outubro | Bruxelas A Comunidade&nbsp;EIT&nbsp;vai reunir, nos dias 15 e 16 de outubro, mais de 800 participantes em Bruxelas no evento “EIT Education &amp; Skills Days – From Ideas to Impact”, dedicado à construção de um ecossistema europeu inovador de educação e empreendedorismo. Durante dois dias, quatro das principais iniciativas educativas [&hellip;]" />
<meta property="og:url" content="https://ani.pt/en/evento/eit-education-skills-days-promove-inovacao-na-educacao-e-competencias-na-europa/" />
<meta property="og:site_name" content="ANI" />
<meta property="article:publisher" content="https://www.facebook.com/agencianacionaldeinovacao/" />
<meta property="article:modified_time" content="2026-02-06T14:32:41+00:00" />
<meta name="twitter:card" content="summary_large_image" />
<meta name="twitter:label1" content="Est. reading time" />
	<meta name="twitter:data1" content="1 minute" />
<script type="application/ld+json" class="yoast-schema-graph">{"@context":"https:\/\/schema.org","@graph":[{"@type":"WebPage","@id":"https:\/\/ani.pt\/en\/evento\/eit-education-skills-days-promove-inovacao-na-educacao-e-competencias-na-europa\/","url":"https:\/\/ani.pt\/en\/evento\/eit-education-skills-days-promove-inovacao-na-educacao-e-competencias-na-europa\/","name":"EIT Education &amp; Skills Days promove inovação na educação e competências na Europa - ANI","isPartOf":{"@id":"https:\/\/ani.pt\/en\/#website"},"primaryImageOfPage":{"@id":"https:\/\/ani.pt\/en\/evento\/eit-education-skills-days-promove-inovacao-na-educacao-e-competencias-na-europa\/#primaryimage"},"image":{"@id":"https:\/\/ani.pt\/en\/evento\/eit-education-skills-days-promove-inovacao-na-educacao-e-competencias-na-europa\/#primaryimage"},"thumbnailUrl":"https:\/\/ani.pt\/wp-content\/uploads\/2025\/08\/evento_EIT-Education-Skills-Days.png","datePublished":"2026-02-06T14:32:36+00:00","dateModified":"2026-02-06T14:32:41+00:00","breadcrumb":{"@id":"https:\/\/ani.pt\/en\/evento\/eit-education-skills-days-promove-inovacao-na-educacao-e-competencias-na-europa\/#breadcrumb"},"inLanguage":"en-US","potentialAction":[{"@type":"ReadAction","target":["https:\/\/ani.pt\/en\/evento\/eit-education-skills-days-promove-inovacao-na-educacao-e-competencias-na-europa\/"]}]},{"@type":"ImageObject","inLanguage":"en-US","@id":"https:\/\/ani.pt\/en\/evento\/eit-education-skills-days-promove-inovacao-na-educacao-e-competencias-na-europa\/#primaryimage","url":"https:\/\/ani.pt\/wp-content\/uploads\/2025\/08\/evento_EIT-Education-Skills-Days.png","contentUrl":"https:\/\/ani.pt\/wp-content\/uploads\/2025\/08\/evento_EIT-Education-Skills-Days.png","width":1920,"height":1080},{"@type":"BreadcrumbList","@id":"https:\/\/ani.pt\/en\/evento\/eit-education-skills-days-promove-inovacao-na-educacao-e-competencias-na-europa\/#breadcrumb","itemListElement":[{"@type":"ListItem","position":1,"name":"Homepage","item":"https:\/\/ani.pt\/en\/"},{"@type":"ListItem","position":2,"name":"Eventos","item":"https:\/\/ani.pt\/en\/evento\/"},{"@type":"ListItem","position":3,"name":"Eventos &amp; Conferências","item":"https:\/\/ani.pt\/en\/categoria-eventos\/eventos-conferencias\/"},{"@type":"ListItem","position":4,"name":"EIT Education &amp; Skills Days promove inovação na educação e competências na Europa"}]},{"@type":"WebSite","@id":"https:\/\/ani.pt\/en\/#website","url":"https:\/\/ani.pt\/en\/","name":"ANI","description":"","potentialAction":[{"@type":"SearchAction","target":{"@type":"EntryPoint","urlTemplate":"https:\/\/ani.pt\/en\/?s={search_term_string}"},"query-input":{"@type":"PropertyValueSpecification","valueRequired":true,"valueName":"search_term_string"}}],"inLanguage":"en-US"}]}</script>
<!-- / Yoast SEO plugin. -->

EIT Education &amp; Skills Days promove inovação na educação e competências na Europa - ANI

15 e 16 de outubro | Bruxelas A Comunidade&nbsp;EIT&nbsp;vai reunir, nos dias 15 e 16 de outubro, mais de 800 participantes em Bruxelas no evento “EIT Education &amp; Skills Days – From Ideas to Impact”, dedicado à construção de um ecossistema europeu inovador de educação e empreendedorismo. Durante dois dias, quatro das principais iniciativas educativas [&hellip;]

Eventos &amp; Conferências
