{"id":44582,"date":"2026-02-06T13:08:17","date_gmt":"2026-02-06T13:08:17","guid":{"rendered":"https:\/\/ani.pt\/?post_type=evento&#038;p=44582"},"modified":"2026-02-09T14:52:40","modified_gmt":"2026-02-09T14:52:40","slug":"ani-organiza-workshop-pratico-dedicado-ao-reporte-financeiro-no-programa-horizonte-europa","status":"publish","type":"evento","link":"https:\/\/ani.pt\/en\/evento\/ani-organiza-workshop-pratico-dedicado-ao-reporte-financeiro-no-programa-horizonte-europa\/","title":{"rendered":"ANI organiza workshop pr\u00e1tico dedicado ao reporte financeiro no programa Horizonte Europa"},"content":{"rendered":"\n<p class=\"has-text-align-center\"><strong>3 de dezembro, Instala\u00e7\u00f5es ANI Porto<\/strong><\/p>\n\n\n\n<p>A ANI organiza um workshop pr\u00e1tico dedicado ao reporte financeiro no programa Horizonte Europa dirigido a entidades com projetos em execu\u00e7\u00e3o e\/ou em finaliza\u00e7\u00e3o.<\/p>\n\n\n\n<p>Este evento pretende garantir que as quest\u00f5es financeiras sejam devidamente cumpridas, assegurando a implementa\u00e7\u00e3o eficaz do financiamento atribu\u00eddo.<\/p>\n\n\n\n<p>O workshop ter\u00e1 lugar nas instala\u00e7\u00f5es da ANI, no Porto, no dia 3 de dezembro. As inscri\u00e7\u00f5es s\u00e3o limitadas a uma pessoa por institui\u00e7\u00e3o e ser\u00e3o aceites por ordem de chegada.<\/p>\n\n\n\n<p>A agenda est\u00e1 dispon\u00edvel&nbsp;<a href=\"https:\/\/ani.pt\/wp-content\/uploads\/2025\/10\/2025.12.03-AGENDA_Reporte-Financeiro-e-auditoria-Porto_VF.pdf\" target=\"_blank\" rel=\"noreferrer noopener\">aqui.<\/a><\/p>\n\n\n\n<p>As inscri\u00e7\u00f5es est\u00e3o dispon\u00edveis atrav\u00e9s deste&nbsp;<a href=\"https:\/\/forms.cloud.microsoft\/pages\/responsepage.aspx?id=DJeDA2KOqEeZDpqBUG9W8Tzk7RncsPVBv9E5CPf282xUNkNaTUw4V0s5OTZLWDdOTDZKU0RDNlVYMy4u&amp;route=shorturl\" target=\"_blank\" rel=\"noreferrer noopener\">formul\u00e1rio.<\/a><\/p>\n","protected":false},"excerpt":{"rendered":"<p>3 de dezembro, Instala\u00e7\u00f5es ANI Porto A ANI organiza um workshop pr\u00e1tico dedicado ao reporte financeiro no programa Horizonte Europa dirigido a entidades com projetos em execu\u00e7\u00e3o e\/ou em finaliza\u00e7\u00e3o. Este evento pretende garantir que as quest\u00f5es financeiras sejam devidamente cumpridas, assegurando a implementa\u00e7\u00e3o eficaz do financiamento atribu\u00eddo. O workshop ter\u00e1 lugar nas instala\u00e7\u00f5es da [&hellip;]<\/p>\n","protected":false},"featured_media":42776,"template":"","meta":{"_acf_changed":false,"_et_pb_use_builder":"off","_et_pb_old_content":"","_et_gb_content_width":"","footnotes":""},"categoria-eventos":[908],"class_list":["post-44582","evento","type-evento","status-publish","has-post-thumbnail","hentry","categoria-eventos-workshops-formacoes"],"acf":[],"yoast_head":"<!-- This site is optimized with the Yoast SEO plugin v27.5 - https:\/\/yoast.com\/product\/yoast-seo-wordpress\/ -->\n<title>ANI organiza workshop pr\u00e1tico dedicado ao reporte financeiro no programa Horizonte Europa - ANI<\/title>\n<meta name=\"robots\" content=\"index, follow, max-snippet:-1, max-image-preview:large, max-video-preview:-1\" \/>\n<link rel=\"canonical\" href=\"https:\/\/ani.pt\/en\/evento\/ani-organiza-workshop-pratico-dedicado-ao-reporte-financeiro-no-programa-horizonte-europa\/\" \/>\n<meta property=\"og:locale\" content=\"en_US\" \/>\n<meta property=\"og:type\" content=\"article\" \/>\n<meta property=\"og:title\" content=\"ANI organiza workshop pr\u00e1tico dedicado ao reporte financeiro no programa Horizonte Europa - ANI\" \/>\n<meta property=\"og:description\" content=\"3 de dezembro, Instala\u00e7\u00f5es ANI Porto A ANI organiza um workshop pr\u00e1tico dedicado ao reporte financeiro no programa Horizonte Europa dirigido a entidades com projetos em execu\u00e7\u00e3o e\/ou em finaliza\u00e7\u00e3o. Este evento pretende garantir que as quest\u00f5es financeiras sejam devidamente cumpridas, assegurando a implementa\u00e7\u00e3o eficaz do financiamento atribu\u00eddo. O workshop ter\u00e1 lugar nas instala\u00e7\u00f5es da [&hellip;]\" \/>\n<meta property=\"og:url\" content=\"https:\/\/ani.pt\/en\/evento\/ani-organiza-workshop-pratico-dedicado-ao-reporte-financeiro-no-programa-horizonte-europa\/\" \/>\n<meta property=\"og:site_name\" content=\"ANI\" \/>\n<meta property=\"article:publisher\" content=\"https:\/\/www.facebook.com\/agencianacionaldeinovacao\/\" \/>\n<meta property=\"article:modified_time\" content=\"2026-02-09T14:52:40+00:00\" \/>\n<meta name=\"twitter:card\" content=\"summary_large_image\" \/>\n<meta name=\"twitter:label1\" content=\"Est. reading time\" \/>\n\t<meta name=\"twitter:data1\" content=\"1 minute\" \/>\n<script type=\"application\/ld+json\" class=\"yoast-schema-graph\">{\"@context\":\"https:\\\/\\\/schema.org\",\"@graph\":[{\"@type\":\"WebPage\",\"@id\":\"https:\\\/\\\/ani.pt\\\/en\\\/evento\\\/ani-organiza-workshop-pratico-dedicado-ao-reporte-financeiro-no-programa-horizonte-europa\\\/\",\"url\":\"https:\\\/\\\/ani.pt\\\/en\\\/evento\\\/ani-organiza-workshop-pratico-dedicado-ao-reporte-financeiro-no-programa-horizonte-europa\\\/\",\"name\":\"ANI organiza workshop pr\u00e1tico dedicado ao reporte financeiro no programa Horizonte Europa - ANI\",\"isPartOf\":{\"@id\":\"https:\\\/\\\/ani.pt\\\/en\\\/#website\"},\"primaryImageOfPage\":{\"@id\":\"https:\\\/\\\/ani.pt\\\/en\\\/evento\\\/ani-organiza-workshop-pratico-dedicado-ao-reporte-financeiro-no-programa-horizonte-europa\\\/#primaryimage\"},\"image\":{\"@id\":\"https:\\\/\\\/ani.pt\\\/en\\\/evento\\\/ani-organiza-workshop-pratico-dedicado-ao-reporte-financeiro-no-programa-horizonte-europa\\\/#primaryimage\"},\"thumbnailUrl\":\"https:\\\/\\\/ani.pt\\\/wp-content\\\/uploads\\\/2025\\\/10\\\/evento_HorizonteEuropa_ReporteFinanceiro.png\",\"datePublished\":\"2026-02-06T13:08:17+00:00\",\"dateModified\":\"2026-02-09T14:52:40+00:00\",\"breadcrumb\":{\"@id\":\"https:\\\/\\\/ani.pt\\\/en\\\/evento\\\/ani-organiza-workshop-pratico-dedicado-ao-reporte-financeiro-no-programa-horizonte-europa\\\/#breadcrumb\"},\"inLanguage\":\"en-US\",\"potentialAction\":[{\"@type\":\"ReadAction\",\"target\":[\"https:\\\/\\\/ani.pt\\\/en\\\/evento\\\/ani-organiza-workshop-pratico-dedicado-ao-reporte-financeiro-no-programa-horizonte-europa\\\/\"]}]},{\"@type\":\"ImageObject\",\"inLanguage\":\"en-US\",\"@id\":\"https:\\\/\\\/ani.pt\\\/en\\\/evento\\\/ani-organiza-workshop-pratico-dedicado-ao-reporte-financeiro-no-programa-horizonte-europa\\\/#primaryimage\",\"url\":\"https:\\\/\\\/ani.pt\\\/wp-content\\\/uploads\\\/2025\\\/10\\\/evento_HorizonteEuropa_ReporteFinanceiro.png\",\"contentUrl\":\"https:\\\/\\\/ani.pt\\\/wp-content\\\/uploads\\\/2025\\\/10\\\/evento_HorizonteEuropa_ReporteFinanceiro.png\",\"width\":1920,\"height\":1080},{\"@type\":\"BreadcrumbList\",\"@id\":\"https:\\\/\\\/ani.pt\\\/en\\\/evento\\\/ani-organiza-workshop-pratico-dedicado-ao-reporte-financeiro-no-programa-horizonte-europa\\\/#breadcrumb\",\"itemListElement\":[{\"@type\":\"ListItem\",\"position\":1,\"name\":\"Homepage\",\"item\":\"https:\\\/\\\/ani.pt\\\/en\\\/\"},{\"@type\":\"ListItem\",\"position\":2,\"name\":\"Eventos\",\"item\":\"https:\\\/\\\/ani.pt\\\/en\\\/evento\\\/\"},{\"@type\":\"ListItem\",\"position\":3,\"name\":\"Workshops &amp; Forma\u00e7\u00f5es\",\"item\":\"https:\\\/\\\/ani.pt\\\/en\\\/categoria-eventos\\\/workshops-formacoes\\\/\"},{\"@type\":\"ListItem\",\"position\":4,\"name\":\"ANI organiza workshop pr\u00e1tico dedicado ao reporte financeiro no programa Horizonte Europa\"}]},{\"@type\":\"WebSite\",\"@id\":\"https:\\\/\\\/ani.pt\\\/en\\\/#website\",\"url\":\"https:\\\/\\\/ani.pt\\\/en\\\/\",\"name\":\"ANI\",\"description\":\"\",\"potentialAction\":[{\"@type\":\"SearchAction\",\"target\":{\"@type\":\"EntryPoint\",\"urlTemplate\":\"https:\\\/\\\/ani.pt\\\/en\\\/?s={search_term_string}\"},\"query-input\":{\"@type\":\"PropertyValueSpecification\",\"valueRequired\":true,\"valueName\":\"search_term_string\"}}],\"inLanguage\":\"en-US\"}]}<\/script>\n<!-- \/ Yoast SEO plugin. -->","yoast_head_json":{"title":"ANI organiza workshop pr\u00e1tico dedicado ao reporte financeiro no programa Horizonte Europa - ANI","robots":{"index":"index","follow":"follow","max-snippet":"max-snippet:-1","max-image-preview":"max-image-preview:large","max-video-preview":"max-video-preview:-1"},"canonical":"https:\/\/ani.pt\/en\/evento\/ani-organiza-workshop-pratico-dedicado-ao-reporte-financeiro-no-programa-horizonte-europa\/","og_locale":"en_US","og_type":"article","og_title":"ANI organiza workshop pr\u00e1tico dedicado ao reporte financeiro no programa Horizonte Europa - ANI","og_description":"3 de dezembro, Instala\u00e7\u00f5es ANI Porto A ANI organiza um workshop pr\u00e1tico dedicado ao reporte financeiro no programa Horizonte Europa dirigido a entidades com projetos em execu\u00e7\u00e3o e\/ou em finaliza\u00e7\u00e3o. Este evento pretende garantir que as quest\u00f5es financeiras sejam devidamente cumpridas, assegurando a implementa\u00e7\u00e3o eficaz do financiamento atribu\u00eddo. O workshop ter\u00e1 lugar nas instala\u00e7\u00f5es da [&hellip;]","og_url":"https:\/\/ani.pt\/en\/evento\/ani-organiza-workshop-pratico-dedicado-ao-reporte-financeiro-no-programa-horizonte-europa\/","og_site_name":"ANI","article_publisher":"https:\/\/www.facebook.com\/agencianacionaldeinovacao\/","article_modified_time":"2026-02-09T14:52:40+00:00","twitter_card":"summary_large_image","twitter_misc":{"Est. reading time":"1 minute"},"schema":{"@context":"https:\/\/schema.org","@graph":[{"@type":"WebPage","@id":"https:\/\/ani.pt\/en\/evento\/ani-organiza-workshop-pratico-dedicado-ao-reporte-financeiro-no-programa-horizonte-europa\/","url":"https:\/\/ani.pt\/en\/evento\/ani-organiza-workshop-pratico-dedicado-ao-reporte-financeiro-no-programa-horizonte-europa\/","name":"ANI organiza workshop pr\u00e1tico dedicado ao reporte financeiro no programa Horizonte Europa - ANI","isPartOf":{"@id":"https:\/\/ani.pt\/en\/#website"},"primaryImageOfPage":{"@id":"https:\/\/ani.pt\/en\/evento\/ani-organiza-workshop-pratico-dedicado-ao-reporte-financeiro-no-programa-horizonte-europa\/#primaryimage"},"image":{"@id":"https:\/\/ani.pt\/en\/evento\/ani-organiza-workshop-pratico-dedicado-ao-reporte-financeiro-no-programa-horizonte-europa\/#primaryimage"},"thumbnailUrl":"https:\/\/ani.pt\/wp-content\/uploads\/2025\/10\/evento_HorizonteEuropa_ReporteFinanceiro.png","datePublished":"2026-02-06T13:08:17+00:00","dateModified":"2026-02-09T14:52:40+00:00","breadcrumb":{"@id":"https:\/\/ani.pt\/en\/evento\/ani-organiza-workshop-pratico-dedicado-ao-reporte-financeiro-no-programa-horizonte-europa\/#breadcrumb"},"inLanguage":"en-US","potentialAction":[{"@type":"ReadAction","target":["https:\/\/ani.pt\/en\/evento\/ani-organiza-workshop-pratico-dedicado-ao-reporte-financeiro-no-programa-horizonte-europa\/"]}]},{"@type":"ImageObject","inLanguage":"en-US","@id":"https:\/\/ani.pt\/en\/evento\/ani-organiza-workshop-pratico-dedicado-ao-reporte-financeiro-no-programa-horizonte-europa\/#primaryimage","url":"https:\/\/ani.pt\/wp-content\/uploads\/2025\/10\/evento_HorizonteEuropa_ReporteFinanceiro.png","contentUrl":"https:\/\/ani.pt\/wp-content\/uploads\/2025\/10\/evento_HorizonteEuropa_ReporteFinanceiro.png","width":1920,"height":1080},{"@type":"BreadcrumbList","@id":"https:\/\/ani.pt\/en\/evento\/ani-organiza-workshop-pratico-dedicado-ao-reporte-financeiro-no-programa-horizonte-europa\/#breadcrumb","itemListElement":[{"@type":"ListItem","position":1,"name":"Homepage","item":"https:\/\/ani.pt\/en\/"},{"@type":"ListItem","position":2,"name":"Eventos","item":"https:\/\/ani.pt\/en\/evento\/"},{"@type":"ListItem","position":3,"name":"Workshops &amp; Forma\u00e7\u00f5es","item":"https:\/\/ani.pt\/en\/categoria-eventos\/workshops-formacoes\/"},{"@type":"ListItem","position":4,"name":"ANI organiza workshop pr\u00e1tico dedicado ao reporte financeiro no programa Horizonte Europa"}]},{"@type":"WebSite","@id":"https:\/\/ani.pt\/en\/#website","url":"https:\/\/ani.pt\/en\/","name":"ANI","description":"","potentialAction":[{"@type":"SearchAction","target":{"@type":"EntryPoint","urlTemplate":"https:\/\/ani.pt\/en\/?s={search_term_string}"},"query-input":{"@type":"PropertyValueSpecification","valueRequired":true,"valueName":"search_term_string"}}],"inLanguage":"en-US"}]}},"_links":{"self":[{"href":"https:\/\/ani.pt\/en\/wp-json\/wp\/v2\/evento\/44582","targetHints":{"allow":["GET"]}}],"collection":[{"href":"https:\/\/ani.pt\/en\/wp-json\/wp\/v2\/evento"}],"about":[{"href":"https:\/\/ani.pt\/en\/wp-json\/wp\/v2\/types\/evento"}],"version-history":[{"count":2,"href":"https:\/\/ani.pt\/en\/wp-json\/wp\/v2\/evento\/44582\/revisions"}],"predecessor-version":[{"id":44852,"href":"https:\/\/ani.pt\/en\/wp-json\/wp\/v2\/evento\/44582\/revisions\/44852"}],"wp:featuredmedia":[{"embeddable":true,"href":"https:\/\/ani.pt\/en\/wp-json\/wp\/v2\/media\/42776"}],"wp:attachment":[{"href":"https:\/\/ani.pt\/en\/wp-json\/wp\/v2\/media?parent=44582"}],"wp:term":[{"taxonomy":"categoria-eventos","embeddable":true,"href":"https:\/\/ani.pt\/en\/wp-json\/wp\/v2\/categoria-eventos?post=44582"}],"curies":[{"name":"wp","href":"https:\/\/api.w.org\/{rel}","templated":true}]}}

ANI organiza workshop prático dedicado ao reporte financeiro no programa Horizonte Europa

<p class="has-text-align-center"><strong>3 de dezembro, Instalações ANI Porto</strong></p>



<p>A ANI organiza um workshop prático dedicado ao reporte financeiro no programa Horizonte Europa dirigido a entidades com projetos em execução e/ou em finalização.</p>



<p>Este evento pretende garantir que as questões financeiras sejam devidamente cumpridas, assegurando a implementação eficaz do financiamento atribuído.</p>



<p>O workshop terá lugar nas instalações da ANI, no Porto, no dia 3 de dezembro. As inscrições são limitadas a uma pessoa por instituição e serão aceites por ordem de chegada.</p>



<p>A agenda está disponível&nbsp;<a href="https://ani.pt/wp-content/uploads/2025/10/2025.12.03-AGENDA_Reporte-Financeiro-e-auditoria-Porto_VF.pdf" target="_blank" rel="noreferrer noopener">aqui.</a></p>



<p>As inscrições estão disponíveis através deste&nbsp;<a href="https://forms.cloud.microsoft/pages/responsepage.aspx?id=DJeDA2KOqEeZDpqBUG9W8Tzk7RncsPVBv9E5CPf282xUNkNaTUw4V0s5OTZLWDdOTDZKU0RDNlVYMy4u&amp;route=shorturl" target="_blank" rel="noreferrer noopener">formulário.</a></p>

<p>3 de dezembro, Instalações ANI Porto A ANI organiza um workshop prático dedicado ao reporte financeiro no programa Horizonte Europa dirigido a entidades com projetos em execução e/ou em finalização. Este evento pretende garantir que as questões financeiras sejam devidamente cumpridas, assegurando a implementação eficaz do financiamento atribuído. O workshop terá lugar nas instalações da [&hellip;]</p>

<!-- This site is optimized with the Yoast SEO plugin v27.5 - https://yoast.com/product/yoast-seo-wordpress/ -->
<title>ANI organiza workshop prático dedicado ao reporte financeiro no programa Horizonte Europa - ANI</title>
<meta name="robots" content="index, follow, max-snippet:-1, max-image-preview:large, max-video-preview:-1" />
<link rel="canonical" href="https://ani.pt/en/evento/ani-organiza-workshop-pratico-dedicado-ao-reporte-financeiro-no-programa-horizonte-europa/" />
<meta property="og:locale" content="en_US" />
<meta property="og:type" content="article" />
<meta property="og:title" content="ANI organiza workshop prático dedicado ao reporte financeiro no programa Horizonte Europa - ANI" />
<meta property="og:description" content="3 de dezembro, Instalações ANI Porto A ANI organiza um workshop prático dedicado ao reporte financeiro no programa Horizonte Europa dirigido a entidades com projetos em execução e/ou em finalização. Este evento pretende garantir que as questões financeiras sejam devidamente cumpridas, assegurando a implementação eficaz do financiamento atribuído. O workshop terá lugar nas instalações da [&hellip;]" />
<meta property="og:url" content="https://ani.pt/en/evento/ani-organiza-workshop-pratico-dedicado-ao-reporte-financeiro-no-programa-horizonte-europa/" />
<meta property="og:site_name" content="ANI" />
<meta property="article:publisher" content="https://www.facebook.com/agencianacionaldeinovacao/" />
<meta property="article:modified_time" content="2026-02-09T14:52:40+00:00" />
<meta name="twitter:card" content="summary_large_image" />
<meta name="twitter:label1" content="Est. reading time" />
	<meta name="twitter:data1" content="1 minute" />
<script type="application/ld+json" class="yoast-schema-graph">{"@context":"https:\/\/schema.org","@graph":[{"@type":"WebPage","@id":"https:\/\/ani.pt\/en\/evento\/ani-organiza-workshop-pratico-dedicado-ao-reporte-financeiro-no-programa-horizonte-europa\/","url":"https:\/\/ani.pt\/en\/evento\/ani-organiza-workshop-pratico-dedicado-ao-reporte-financeiro-no-programa-horizonte-europa\/","name":"ANI organiza workshop prático dedicado ao reporte financeiro no programa Horizonte Europa - ANI","isPartOf":{"@id":"https:\/\/ani.pt\/en\/#website"},"primaryImageOfPage":{"@id":"https:\/\/ani.pt\/en\/evento\/ani-organiza-workshop-pratico-dedicado-ao-reporte-financeiro-no-programa-horizonte-europa\/#primaryimage"},"image":{"@id":"https:\/\/ani.pt\/en\/evento\/ani-organiza-workshop-pratico-dedicado-ao-reporte-financeiro-no-programa-horizonte-europa\/#primaryimage"},"thumbnailUrl":"https:\/\/ani.pt\/wp-content\/uploads\/2025\/10\/evento_HorizonteEuropa_ReporteFinanceiro.png","datePublished":"2026-02-06T13:08:17+00:00","dateModified":"2026-02-09T14:52:40+00:00","breadcrumb":{"@id":"https:\/\/ani.pt\/en\/evento\/ani-organiza-workshop-pratico-dedicado-ao-reporte-financeiro-no-programa-horizonte-europa\/#breadcrumb"},"inLanguage":"en-US","potentialAction":[{"@type":"ReadAction","target":["https:\/\/ani.pt\/en\/evento\/ani-organiza-workshop-pratico-dedicado-ao-reporte-financeiro-no-programa-horizonte-europa\/"]}]},{"@type":"ImageObject","inLanguage":"en-US","@id":"https:\/\/ani.pt\/en\/evento\/ani-organiza-workshop-pratico-dedicado-ao-reporte-financeiro-no-programa-horizonte-europa\/#primaryimage","url":"https:\/\/ani.pt\/wp-content\/uploads\/2025\/10\/evento_HorizonteEuropa_ReporteFinanceiro.png","contentUrl":"https:\/\/ani.pt\/wp-content\/uploads\/2025\/10\/evento_HorizonteEuropa_ReporteFinanceiro.png","width":1920,"height":1080},{"@type":"BreadcrumbList","@id":"https:\/\/ani.pt\/en\/evento\/ani-organiza-workshop-pratico-dedicado-ao-reporte-financeiro-no-programa-horizonte-europa\/#breadcrumb","itemListElement":[{"@type":"ListItem","position":1,"name":"Homepage","item":"https:\/\/ani.pt\/en\/"},{"@type":"ListItem","position":2,"name":"Eventos","item":"https:\/\/ani.pt\/en\/evento\/"},{"@type":"ListItem","position":3,"name":"Workshops &amp; Formações","item":"https:\/\/ani.pt\/en\/categoria-eventos\/workshops-formacoes\/"},{"@type":"ListItem","position":4,"name":"ANI organiza workshop prático dedicado ao reporte financeiro no programa Horizonte Europa"}]},{"@type":"WebSite","@id":"https:\/\/ani.pt\/en\/#website","url":"https:\/\/ani.pt\/en\/","name":"ANI","description":"","potentialAction":[{"@type":"SearchAction","target":{"@type":"EntryPoint","urlTemplate":"https:\/\/ani.pt\/en\/?s={search_term_string}"},"query-input":{"@type":"PropertyValueSpecification","valueRequired":true,"valueName":"search_term_string"}}],"inLanguage":"en-US"}]}</script>
<!-- / Yoast SEO plugin. -->

ANI organiza workshop prático dedicado ao reporte financeiro no programa Horizonte Europa - ANI

3 de dezembro, Instalações ANI Porto A ANI organiza um workshop prático dedicado ao reporte financeiro no programa Horizonte Europa dirigido a entidades com projetos em execução e/ou em finalização. Este evento pretende garantir que as questões financeiras sejam devidamente cumpridas, assegurando a implementação eficaz do financiamento atribuído. O workshop terá lugar nas instalações da [&hellip;]

Workshops &amp; Formações
