{"id":44580,"date":"2026-02-06T13:06:33","date_gmt":"2026-02-06T13:06:33","guid":{"rendered":"https:\/\/ani.pt\/?post_type=evento&#038;p=44580"},"modified":"2026-02-09T14:53:01","modified_gmt":"2026-02-09T14:53:01","slug":"universidade-do-porto-acolhe-conferencia-europeia-sobre-cultura-e-criatividade","status":"publish","type":"evento","link":"https:\/\/ani.pt\/en\/evento\/universidade-do-porto-acolhe-conferencia-europeia-sobre-cultura-e-criatividade\/","title":{"rendered":"Universidade do Porto acolhe confer\u00eancia europeia sobre cultura e criatividade"},"content":{"rendered":"\n<p class=\"has-text-align-center\"><strong>6 e 7 de novembro, Porto<\/strong><\/p>\n\n\n\n<p>Nos dias 6 e 7 de novembro, a Universidade do Porto recebe a confer\u00eancia&nbsp;<em>Beyond Competitiveness: Partner Conference 2025<\/em>, um evento promovido pela EIT Culture &amp; Creativity, em coorganiza\u00e7\u00e3o com a Universidade do Porto e a UPTEC.<\/p>\n\n\n\n<p>A confer\u00eancia ter\u00e1 lugar na Faculdade de Economia da Universidade do Porto (FEP) e na Casa da M\u00fasica, reunindo os principais stakeholders dos setores culturais, criativos e industriais de toda a Europa. Entre os participantes esperam-se start-ups, institui\u00e7\u00f5es culturais, universidades e empresas, que encontrar\u00e3o neste evento uma plataforma \u00fanica para a partilha de conhecimento, cria\u00e7\u00e3o de redes estrat\u00e9gicas e fortalecimento de colabora\u00e7\u00f5es no \u00e2mbito da parceria europeia.<\/p>\n\n\n\n<p>O Beyond Competitiveness pretende afirmar-se como um ponto de encontro anual para os agentes da inova\u00e7\u00e3o cultural e criativa, promovendo o di\u00e1logo entre diferentes setores e geografias.<\/p>\n\n\n\n<p>A participa\u00e7\u00e3o \u00e9 gratuita, mediante inscri\u00e7\u00e3o pr\u00e9via atrav\u00e9s deste&nbsp;<a href=\"https:\/\/forms.monday.com\/forms\/84ead115e535471c52ee40dcc1a8bc6d?r=euc1\" target=\"_blank\" rel=\"noreferrer noopener\">formul\u00e1rio<\/a>.<\/p>\n\n\n\n<p>O programa pode ser consultado&nbsp;<a href=\"https:\/\/eur03.safelinks.protection.outlook.com\/?url=https%3A%2F%2Fdrive.google.com%2Ffile%2Fd%2F1_gnrCn8CX4wTDA04DoPONKprToB7Rd8w%2Fview&amp;data=05%7C02%7Ccarolina.ribeiro%40ani.pt%7C91a49f4c5cca4e93de1e08de17d73205%7C0383970c8e6247a8990e9a81506f56f1%7C0%7C0%7C638974410175477623%7CUnknown%7CTWFpbGZsb3d8eyJFbXB0eU1hcGkiOnRydWUsIlYiOiIwLjAuMDAwMCIsIlAiOiJXaW4zMiIsIkFOIjoiTWFpbCIsIldUIjoyfQ%3D%3D%7C0%7C%7C%7C&amp;sdata=mjK23wXe7iTp1ZGft%2FHDzS%2F0hUwnV8x410UWxcHUejg%3D&amp;reserved=0\" target=\"_blank\" rel=\"noreferrer noopener\">aqui<\/a>.<\/p>\n","protected":false},"excerpt":{"rendered":"<p>6 e 7 de novembro, Porto Nos dias 6 e 7 de novembro, a Universidade do Porto recebe a confer\u00eancia&nbsp;Beyond Competitiveness: Partner Conference 2025, um evento promovido pela EIT Culture &amp; Creativity, em coorganiza\u00e7\u00e3o com a Universidade do Porto e a UPTEC. A confer\u00eancia ter\u00e1 lugar na Faculdade de Economia da Universidade do Porto (FEP) [&hellip;]<\/p>\n","protected":false},"featured_media":42799,"template":"","meta":{"_acf_changed":false,"_et_pb_use_builder":"off","_et_pb_old_content":"","_et_gb_content_width":"","footnotes":""},"categoria-eventos":[907],"class_list":["post-44580","evento","type-evento","status-publish","has-post-thumbnail","hentry","categoria-eventos-eventos-conferencias"],"acf":[],"yoast_head":"<!-- This site is optimized with the Yoast SEO plugin v27.5 - https:\/\/yoast.com\/product\/yoast-seo-wordpress\/ -->\n<title>Universidade do Porto acolhe confer\u00eancia europeia sobre cultura e criatividade - ANI<\/title>\n<meta name=\"robots\" content=\"index, follow, max-snippet:-1, max-image-preview:large, max-video-preview:-1\" \/>\n<link rel=\"canonical\" href=\"https:\/\/ani.pt\/en\/evento\/universidade-do-porto-acolhe-conferencia-europeia-sobre-cultura-e-criatividade\/\" \/>\n<meta property=\"og:locale\" content=\"en_US\" \/>\n<meta property=\"og:type\" content=\"article\" \/>\n<meta property=\"og:title\" content=\"Universidade do Porto acolhe confer\u00eancia europeia sobre cultura e criatividade - ANI\" \/>\n<meta property=\"og:description\" content=\"6 e 7 de novembro, Porto Nos dias 6 e 7 de novembro, a Universidade do Porto recebe a confer\u00eancia&nbsp;Beyond Competitiveness: Partner Conference 2025, um evento promovido pela EIT Culture &amp; Creativity, em coorganiza\u00e7\u00e3o com a Universidade do Porto e a UPTEC. A confer\u00eancia ter\u00e1 lugar na Faculdade de Economia da Universidade do Porto (FEP) [&hellip;]\" \/>\n<meta property=\"og:url\" content=\"https:\/\/ani.pt\/en\/evento\/universidade-do-porto-acolhe-conferencia-europeia-sobre-cultura-e-criatividade\/\" \/>\n<meta property=\"og:site_name\" content=\"ANI\" \/>\n<meta property=\"article:publisher\" content=\"https:\/\/www.facebook.com\/agencianacionaldeinovacao\/\" \/>\n<meta property=\"article:modified_time\" content=\"2026-02-09T14:53:01+00:00\" \/>\n<meta name=\"twitter:card\" content=\"summary_large_image\" \/>\n<meta name=\"twitter:label1\" content=\"Est. reading time\" \/>\n\t<meta name=\"twitter:data1\" content=\"1 minute\" \/>\n<script type=\"application\/ld+json\" class=\"yoast-schema-graph\">{\"@context\":\"https:\\\/\\\/schema.org\",\"@graph\":[{\"@type\":\"WebPage\",\"@id\":\"https:\\\/\\\/ani.pt\\\/en\\\/evento\\\/universidade-do-porto-acolhe-conferencia-europeia-sobre-cultura-e-criatividade\\\/\",\"url\":\"https:\\\/\\\/ani.pt\\\/en\\\/evento\\\/universidade-do-porto-acolhe-conferencia-europeia-sobre-cultura-e-criatividade\\\/\",\"name\":\"Universidade do Porto acolhe confer\u00eancia europeia sobre cultura e criatividade - ANI\",\"isPartOf\":{\"@id\":\"https:\\\/\\\/ani.pt\\\/en\\\/#website\"},\"primaryImageOfPage\":{\"@id\":\"https:\\\/\\\/ani.pt\\\/en\\\/evento\\\/universidade-do-porto-acolhe-conferencia-europeia-sobre-cultura-e-criatividade\\\/#primaryimage\"},\"image\":{\"@id\":\"https:\\\/\\\/ani.pt\\\/en\\\/evento\\\/universidade-do-porto-acolhe-conferencia-europeia-sobre-cultura-e-criatividade\\\/#primaryimage\"},\"thumbnailUrl\":\"https:\\\/\\\/ani.pt\\\/wp-content\\\/uploads\\\/2025\\\/10\\\/evento_Beyond-Competitiveness_EITCultureCreativity.png\",\"datePublished\":\"2026-02-06T13:06:33+00:00\",\"dateModified\":\"2026-02-09T14:53:01+00:00\",\"breadcrumb\":{\"@id\":\"https:\\\/\\\/ani.pt\\\/en\\\/evento\\\/universidade-do-porto-acolhe-conferencia-europeia-sobre-cultura-e-criatividade\\\/#breadcrumb\"},\"inLanguage\":\"en-US\",\"potentialAction\":[{\"@type\":\"ReadAction\",\"target\":[\"https:\\\/\\\/ani.pt\\\/en\\\/evento\\\/universidade-do-porto-acolhe-conferencia-europeia-sobre-cultura-e-criatividade\\\/\"]}]},{\"@type\":\"ImageObject\",\"inLanguage\":\"en-US\",\"@id\":\"https:\\\/\\\/ani.pt\\\/en\\\/evento\\\/universidade-do-porto-acolhe-conferencia-europeia-sobre-cultura-e-criatividade\\\/#primaryimage\",\"url\":\"https:\\\/\\\/ani.pt\\\/wp-content\\\/uploads\\\/2025\\\/10\\\/evento_Beyond-Competitiveness_EITCultureCreativity.png\",\"contentUrl\":\"https:\\\/\\\/ani.pt\\\/wp-content\\\/uploads\\\/2025\\\/10\\\/evento_Beyond-Competitiveness_EITCultureCreativity.png\",\"width\":1920,\"height\":1080},{\"@type\":\"BreadcrumbList\",\"@id\":\"https:\\\/\\\/ani.pt\\\/en\\\/evento\\\/universidade-do-porto-acolhe-conferencia-europeia-sobre-cultura-e-criatividade\\\/#breadcrumb\",\"itemListElement\":[{\"@type\":\"ListItem\",\"position\":1,\"name\":\"Homepage\",\"item\":\"https:\\\/\\\/ani.pt\\\/en\\\/\"},{\"@type\":\"ListItem\",\"position\":2,\"name\":\"Eventos\",\"item\":\"https:\\\/\\\/ani.pt\\\/en\\\/evento\\\/\"},{\"@type\":\"ListItem\",\"position\":3,\"name\":\"Eventos &amp; Confer\u00eancias\",\"item\":\"https:\\\/\\\/ani.pt\\\/en\\\/categoria-eventos\\\/eventos-conferencias\\\/\"},{\"@type\":\"ListItem\",\"position\":4,\"name\":\"Universidade do Porto acolhe confer\u00eancia europeia sobre cultura e criatividade\"}]},{\"@type\":\"WebSite\",\"@id\":\"https:\\\/\\\/ani.pt\\\/en\\\/#website\",\"url\":\"https:\\\/\\\/ani.pt\\\/en\\\/\",\"name\":\"ANI\",\"description\":\"\",\"potentialAction\":[{\"@type\":\"SearchAction\",\"target\":{\"@type\":\"EntryPoint\",\"urlTemplate\":\"https:\\\/\\\/ani.pt\\\/en\\\/?s={search_term_string}\"},\"query-input\":{\"@type\":\"PropertyValueSpecification\",\"valueRequired\":true,\"valueName\":\"search_term_string\"}}],\"inLanguage\":\"en-US\"}]}<\/script>\n<!-- \/ Yoast SEO plugin. -->","yoast_head_json":{"title":"Universidade do Porto acolhe confer\u00eancia europeia sobre cultura e criatividade - ANI","robots":{"index":"index","follow":"follow","max-snippet":"max-snippet:-1","max-image-preview":"max-image-preview:large","max-video-preview":"max-video-preview:-1"},"canonical":"https:\/\/ani.pt\/en\/evento\/universidade-do-porto-acolhe-conferencia-europeia-sobre-cultura-e-criatividade\/","og_locale":"en_US","og_type":"article","og_title":"Universidade do Porto acolhe confer\u00eancia europeia sobre cultura e criatividade - ANI","og_description":"6 e 7 de novembro, Porto Nos dias 6 e 7 de novembro, a Universidade do Porto recebe a confer\u00eancia&nbsp;Beyond Competitiveness: Partner Conference 2025, um evento promovido pela EIT Culture &amp; Creativity, em coorganiza\u00e7\u00e3o com a Universidade do Porto e a UPTEC. A confer\u00eancia ter\u00e1 lugar na Faculdade de Economia da Universidade do Porto (FEP) [&hellip;]","og_url":"https:\/\/ani.pt\/en\/evento\/universidade-do-porto-acolhe-conferencia-europeia-sobre-cultura-e-criatividade\/","og_site_name":"ANI","article_publisher":"https:\/\/www.facebook.com\/agencianacionaldeinovacao\/","article_modified_time":"2026-02-09T14:53:01+00:00","twitter_card":"summary_large_image","twitter_misc":{"Est. reading time":"1 minute"},"schema":{"@context":"https:\/\/schema.org","@graph":[{"@type":"WebPage","@id":"https:\/\/ani.pt\/en\/evento\/universidade-do-porto-acolhe-conferencia-europeia-sobre-cultura-e-criatividade\/","url":"https:\/\/ani.pt\/en\/evento\/universidade-do-porto-acolhe-conferencia-europeia-sobre-cultura-e-criatividade\/","name":"Universidade do Porto acolhe confer\u00eancia europeia sobre cultura e criatividade - ANI","isPartOf":{"@id":"https:\/\/ani.pt\/en\/#website"},"primaryImageOfPage":{"@id":"https:\/\/ani.pt\/en\/evento\/universidade-do-porto-acolhe-conferencia-europeia-sobre-cultura-e-criatividade\/#primaryimage"},"image":{"@id":"https:\/\/ani.pt\/en\/evento\/universidade-do-porto-acolhe-conferencia-europeia-sobre-cultura-e-criatividade\/#primaryimage"},"thumbnailUrl":"https:\/\/ani.pt\/wp-content\/uploads\/2025\/10\/evento_Beyond-Competitiveness_EITCultureCreativity.png","datePublished":"2026-02-06T13:06:33+00:00","dateModified":"2026-02-09T14:53:01+00:00","breadcrumb":{"@id":"https:\/\/ani.pt\/en\/evento\/universidade-do-porto-acolhe-conferencia-europeia-sobre-cultura-e-criatividade\/#breadcrumb"},"inLanguage":"en-US","potentialAction":[{"@type":"ReadAction","target":["https:\/\/ani.pt\/en\/evento\/universidade-do-porto-acolhe-conferencia-europeia-sobre-cultura-e-criatividade\/"]}]},{"@type":"ImageObject","inLanguage":"en-US","@id":"https:\/\/ani.pt\/en\/evento\/universidade-do-porto-acolhe-conferencia-europeia-sobre-cultura-e-criatividade\/#primaryimage","url":"https:\/\/ani.pt\/wp-content\/uploads\/2025\/10\/evento_Beyond-Competitiveness_EITCultureCreativity.png","contentUrl":"https:\/\/ani.pt\/wp-content\/uploads\/2025\/10\/evento_Beyond-Competitiveness_EITCultureCreativity.png","width":1920,"height":1080},{"@type":"BreadcrumbList","@id":"https:\/\/ani.pt\/en\/evento\/universidade-do-porto-acolhe-conferencia-europeia-sobre-cultura-e-criatividade\/#breadcrumb","itemListElement":[{"@type":"ListItem","position":1,"name":"Homepage","item":"https:\/\/ani.pt\/en\/"},{"@type":"ListItem","position":2,"name":"Eventos","item":"https:\/\/ani.pt\/en\/evento\/"},{"@type":"ListItem","position":3,"name":"Eventos &amp; Confer\u00eancias","item":"https:\/\/ani.pt\/en\/categoria-eventos\/eventos-conferencias\/"},{"@type":"ListItem","position":4,"name":"Universidade do Porto acolhe confer\u00eancia europeia sobre cultura e criatividade"}]},{"@type":"WebSite","@id":"https:\/\/ani.pt\/en\/#website","url":"https:\/\/ani.pt\/en\/","name":"ANI","description":"","potentialAction":[{"@type":"SearchAction","target":{"@type":"EntryPoint","urlTemplate":"https:\/\/ani.pt\/en\/?s={search_term_string}"},"query-input":{"@type":"PropertyValueSpecification","valueRequired":true,"valueName":"search_term_string"}}],"inLanguage":"en-US"}]}},"_links":{"self":[{"href":"https:\/\/ani.pt\/en\/wp-json\/wp\/v2\/evento\/44580","targetHints":{"allow":["GET"]}}],"collection":[{"href":"https:\/\/ani.pt\/en\/wp-json\/wp\/v2\/evento"}],"about":[{"href":"https:\/\/ani.pt\/en\/wp-json\/wp\/v2\/types\/evento"}],"version-history":[{"count":2,"href":"https:\/\/ani.pt\/en\/wp-json\/wp\/v2\/evento\/44580\/revisions"}],"predecessor-version":[{"id":44853,"href":"https:\/\/ani.pt\/en\/wp-json\/wp\/v2\/evento\/44580\/revisions\/44853"}],"wp:featuredmedia":[{"embeddable":true,"href":"https:\/\/ani.pt\/en\/wp-json\/wp\/v2\/media\/42799"}],"wp:attachment":[{"href":"https:\/\/ani.pt\/en\/wp-json\/wp\/v2\/media?parent=44580"}],"wp:term":[{"taxonomy":"categoria-eventos","embeddable":true,"href":"https:\/\/ani.pt\/en\/wp-json\/wp\/v2\/categoria-eventos?post=44580"}],"curies":[{"name":"wp","href":"https:\/\/api.w.org\/{rel}","templated":true}]}}

Universidade do Porto acolhe conferência europeia sobre cultura e criatividade

<p class="has-text-align-center"><strong>6 e 7 de novembro, Porto</strong></p>



<p>Nos dias 6 e 7 de novembro, a Universidade do Porto recebe a conferência&nbsp;<em>Beyond Competitiveness: Partner Conference 2025</em>, um evento promovido pela EIT Culture &amp; Creativity, em coorganização com a Universidade do Porto e a UPTEC.</p>



<p>A conferência terá lugar na Faculdade de Economia da Universidade do Porto (FEP) e na Casa da Música, reunindo os principais stakeholders dos setores culturais, criativos e industriais de toda a Europa. Entre os participantes esperam-se start-ups, instituições culturais, universidades e empresas, que encontrarão neste evento uma plataforma única para a partilha de conhecimento, criação de redes estratégicas e fortalecimento de colaborações no âmbito da parceria europeia.</p>



<p>O Beyond Competitiveness pretende afirmar-se como um ponto de encontro anual para os agentes da inovação cultural e criativa, promovendo o diálogo entre diferentes setores e geografias.</p>



<p>A participação é gratuita, mediante inscrição prévia através deste&nbsp;<a href="https://forms.monday.com/forms/84ead115e535471c52ee40dcc1a8bc6d?r=euc1" target="_blank" rel="noreferrer noopener">formulário</a>.</p>



<p>O programa pode ser consultado&nbsp;<a href="https://eur03.safelinks.protection.outlook.com/?url=https%3A%2F%2Fdrive.google.com%2Ffile%2Fd%2F1_gnrCn8CX4wTDA04DoPONKprToB7Rd8w%2Fview&amp;data=05%7C02%7Ccarolina.ribeiro%40ani.pt%7C91a49f4c5cca4e93de1e08de17d73205%7C0383970c8e6247a8990e9a81506f56f1%7C0%7C0%7C638974410175477623%7CUnknown%7CTWFpbGZsb3d8eyJFbXB0eU1hcGkiOnRydWUsIlYiOiIwLjAuMDAwMCIsIlAiOiJXaW4zMiIsIkFOIjoiTWFpbCIsIldUIjoyfQ%3D%3D%7C0%7C%7C%7C&amp;sdata=mjK23wXe7iTp1ZGft%2FHDzS%2F0hUwnV8x410UWxcHUejg%3D&amp;reserved=0" target="_blank" rel="noreferrer noopener">aqui</a>.</p>

<p>6 e 7 de novembro, Porto Nos dias 6 e 7 de novembro, a Universidade do Porto recebe a conferência&nbsp;Beyond Competitiveness: Partner Conference 2025, um evento promovido pela EIT Culture &amp; Creativity, em coorganização com a Universidade do Porto e a UPTEC. A conferência terá lugar na Faculdade de Economia da Universidade do Porto (FEP) [&hellip;]</p>

<!-- This site is optimized with the Yoast SEO plugin v27.5 - https://yoast.com/product/yoast-seo-wordpress/ -->
<title>Universidade do Porto acolhe conferência europeia sobre cultura e criatividade - ANI</title>
<meta name="robots" content="index, follow, max-snippet:-1, max-image-preview:large, max-video-preview:-1" />
<link rel="canonical" href="https://ani.pt/en/evento/universidade-do-porto-acolhe-conferencia-europeia-sobre-cultura-e-criatividade/" />
<meta property="og:locale" content="en_US" />
<meta property="og:type" content="article" />
<meta property="og:title" content="Universidade do Porto acolhe conferência europeia sobre cultura e criatividade - ANI" />
<meta property="og:description" content="6 e 7 de novembro, Porto Nos dias 6 e 7 de novembro, a Universidade do Porto recebe a conferência&nbsp;Beyond Competitiveness: Partner Conference 2025, um evento promovido pela EIT Culture &amp; Creativity, em coorganização com a Universidade do Porto e a UPTEC. A conferência terá lugar na Faculdade de Economia da Universidade do Porto (FEP) [&hellip;]" />
<meta property="og:url" content="https://ani.pt/en/evento/universidade-do-porto-acolhe-conferencia-europeia-sobre-cultura-e-criatividade/" />
<meta property="og:site_name" content="ANI" />
<meta property="article:publisher" content="https://www.facebook.com/agencianacionaldeinovacao/" />
<meta property="article:modified_time" content="2026-02-09T14:53:01+00:00" />
<meta name="twitter:card" content="summary_large_image" />
<meta name="twitter:label1" content="Est. reading time" />
	<meta name="twitter:data1" content="1 minute" />
<script type="application/ld+json" class="yoast-schema-graph">{"@context":"https:\/\/schema.org","@graph":[{"@type":"WebPage","@id":"https:\/\/ani.pt\/en\/evento\/universidade-do-porto-acolhe-conferencia-europeia-sobre-cultura-e-criatividade\/","url":"https:\/\/ani.pt\/en\/evento\/universidade-do-porto-acolhe-conferencia-europeia-sobre-cultura-e-criatividade\/","name":"Universidade do Porto acolhe conferência europeia sobre cultura e criatividade - ANI","isPartOf":{"@id":"https:\/\/ani.pt\/en\/#website"},"primaryImageOfPage":{"@id":"https:\/\/ani.pt\/en\/evento\/universidade-do-porto-acolhe-conferencia-europeia-sobre-cultura-e-criatividade\/#primaryimage"},"image":{"@id":"https:\/\/ani.pt\/en\/evento\/universidade-do-porto-acolhe-conferencia-europeia-sobre-cultura-e-criatividade\/#primaryimage"},"thumbnailUrl":"https:\/\/ani.pt\/wp-content\/uploads\/2025\/10\/evento_Beyond-Competitiveness_EITCultureCreativity.png","datePublished":"2026-02-06T13:06:33+00:00","dateModified":"2026-02-09T14:53:01+00:00","breadcrumb":{"@id":"https:\/\/ani.pt\/en\/evento\/universidade-do-porto-acolhe-conferencia-europeia-sobre-cultura-e-criatividade\/#breadcrumb"},"inLanguage":"en-US","potentialAction":[{"@type":"ReadAction","target":["https:\/\/ani.pt\/en\/evento\/universidade-do-porto-acolhe-conferencia-europeia-sobre-cultura-e-criatividade\/"]}]},{"@type":"ImageObject","inLanguage":"en-US","@id":"https:\/\/ani.pt\/en\/evento\/universidade-do-porto-acolhe-conferencia-europeia-sobre-cultura-e-criatividade\/#primaryimage","url":"https:\/\/ani.pt\/wp-content\/uploads\/2025\/10\/evento_Beyond-Competitiveness_EITCultureCreativity.png","contentUrl":"https:\/\/ani.pt\/wp-content\/uploads\/2025\/10\/evento_Beyond-Competitiveness_EITCultureCreativity.png","width":1920,"height":1080},{"@type":"BreadcrumbList","@id":"https:\/\/ani.pt\/en\/evento\/universidade-do-porto-acolhe-conferencia-europeia-sobre-cultura-e-criatividade\/#breadcrumb","itemListElement":[{"@type":"ListItem","position":1,"name":"Homepage","item":"https:\/\/ani.pt\/en\/"},{"@type":"ListItem","position":2,"name":"Eventos","item":"https:\/\/ani.pt\/en\/evento\/"},{"@type":"ListItem","position":3,"name":"Eventos &amp; Conferências","item":"https:\/\/ani.pt\/en\/categoria-eventos\/eventos-conferencias\/"},{"@type":"ListItem","position":4,"name":"Universidade do Porto acolhe conferência europeia sobre cultura e criatividade"}]},{"@type":"WebSite","@id":"https:\/\/ani.pt\/en\/#website","url":"https:\/\/ani.pt\/en\/","name":"ANI","description":"","potentialAction":[{"@type":"SearchAction","target":{"@type":"EntryPoint","urlTemplate":"https:\/\/ani.pt\/en\/?s={search_term_string}"},"query-input":{"@type":"PropertyValueSpecification","valueRequired":true,"valueName":"search_term_string"}}],"inLanguage":"en-US"}]}</script>
<!-- / Yoast SEO plugin. -->

Universidade do Porto acolhe conferência europeia sobre cultura e criatividade - ANI

6 e 7 de novembro, Porto Nos dias 6 e 7 de novembro, a Universidade do Porto recebe a conferência&nbsp;Beyond Competitiveness: Partner Conference 2025, um evento promovido pela EIT Culture &amp; Creativity, em coorganização com a Universidade do Porto e a UPTEC. A conferência terá lugar na Faculdade de Economia da Universidade do Porto (FEP) [&hellip;]

Eventos &amp; Conferências
