{"id":44576,"date":"2026-02-06T13:02:33","date_gmt":"2026-02-06T13:02:33","guid":{"rendered":"https:\/\/ani.pt\/?post_type=evento&#038;p=44576"},"modified":"2026-02-06T13:02:37","modified_gmt":"2026-02-06T13:02:37","slug":"ani-participa-no-arranque-do-projeto-europeu-code-plug-in","status":"publish","type":"evento","link":"https:\/\/ani.pt\/en\/evento\/ani-participa-no-arranque-do-projeto-europeu-code-plug-in\/","title":{"rendered":"ANI participa no arranque do projeto europeu CoDE Plug-In"},"content":{"rendered":"\n<p>10.Nov.2025<\/p>\n\n\n\n<p>A ANI marcou presen\u00e7a no arranque oficial do projeto \u201cCoDE Plug-In \u2013 Connecting the Dots\u201d, uma nova iniciativa europeia financiada atrav\u00e9s do programa Horizonte Europa. O encontro de lan\u00e7amento decorreu em outubro, na Universidade Jaguel\u00f3nica de Crac\u00f3via, e reuniu parceiros da Pol\u00f3nia, Alemanha, Fran\u00e7a, It\u00e1lia e Portugal.<\/p>\n\n\n\n<p>O projeto tem como objetivo refor\u00e7ar a liga\u00e7\u00e3o entre os programas nacionais e regionais de apoio \u00e0 inova\u00e7\u00e3o e o esquema Plug-in do Conselho Europeu de Inova\u00e7\u00e3o (EIC), promovendo uma maior coer\u00eancia e integra\u00e7\u00e3o no ecossistema europeu de inova\u00e7\u00e3o.<\/p>\n\n\n\n<p>A ANI junta-se a um cons\u00f3rcio de excel\u00eancia que inclui o PACTT \u2013 Porozumienie Akademickich Centr\u00f3w Transferu Technologii (coordenador), o Centro Nacional de Investiga\u00e7\u00e3o e Desenvolvimento da Pol\u00f3nia, a Bpifrance, a APRE \u2013 Agenzia per la Promozione della Ricerca Europea, o Minist\u00e9rio do Desenvolvimento e Tecnologia da Pol\u00f3nia, a Universidade Jaguel\u00f3nica de Crac\u00f3via e o EIT Health InnoStars.<\/p>\n\n\n\n<p>Durante o encontro de arranque, os parceiros alinharam estrat\u00e9gias e definiram as pr\u00f3ximas etapas do projeto, que incluem a avalia\u00e7\u00e3o dos programas nacionais de inova\u00e7\u00e3o, o alinhamento de pol\u00edticas e a cria\u00e7\u00e3o de diretrizes pr\u00e1ticas para uma integra\u00e7\u00e3o mais eficaz no esquema europeu Plug-in.<\/p>\n\n\n\n<p>Com esta participa\u00e7\u00e3o, a ANI refor\u00e7a o seu compromisso em fortalecer a liga\u00e7\u00e3o entre o sistema nacional de inova\u00e7\u00e3o e as iniciativas europeias, contribuindo para o desenvolvimento de um ecossistema europeu de inova\u00e7\u00e3o mais conectado, inclusivo e competitivo.<\/p>\n","protected":false},"excerpt":{"rendered":"<p>10.Nov.2025 A ANI marcou presen\u00e7a no arranque oficial do projeto \u201cCoDE Plug-In \u2013 Connecting the Dots\u201d, uma nova iniciativa europeia financiada atrav\u00e9s do programa Horizonte Europa. O encontro de lan\u00e7amento decorreu em outubro, na Universidade Jaguel\u00f3nica de Crac\u00f3via, e reuniu parceiros da Pol\u00f3nia, Alemanha, Fran\u00e7a, It\u00e1lia e Portugal. O projeto tem como objetivo refor\u00e7ar a [&hellip;]<\/p>\n","protected":false},"featured_media":42986,"template":"","meta":{"_acf_changed":false,"_et_pb_use_builder":"off","_et_pb_old_content":"","_et_gb_content_width":"","footnotes":""},"categoria-eventos":[907],"class_list":["post-44576","evento","type-evento","status-publish","has-post-thumbnail","hentry","categoria-eventos-eventos-conferencias"],"acf":[],"yoast_head":"<!-- This site is optimized with the Yoast SEO plugin v27.4 - https:\/\/yoast.com\/product\/yoast-seo-wordpress\/ -->\n<title>ANI participa no arranque do projeto europeu CoDE Plug-In - ANI<\/title>\n<meta name=\"robots\" content=\"index, follow, max-snippet:-1, max-image-preview:large, max-video-preview:-1\" \/>\n<link rel=\"canonical\" href=\"https:\/\/ani.pt\/en\/evento\/ani-participa-no-arranque-do-projeto-europeu-code-plug-in\/\" \/>\n<meta property=\"og:locale\" content=\"en_US\" \/>\n<meta property=\"og:type\" content=\"article\" \/>\n<meta property=\"og:title\" content=\"ANI participa no arranque do projeto europeu CoDE Plug-In - ANI\" \/>\n<meta property=\"og:description\" content=\"10.Nov.2025 A ANI marcou presen\u00e7a no arranque oficial do projeto \u201cCoDE Plug-In \u2013 Connecting the Dots\u201d, uma nova iniciativa europeia financiada atrav\u00e9s do programa Horizonte Europa. O encontro de lan\u00e7amento decorreu em outubro, na Universidade Jaguel\u00f3nica de Crac\u00f3via, e reuniu parceiros da Pol\u00f3nia, Alemanha, Fran\u00e7a, It\u00e1lia e Portugal. O projeto tem como objetivo refor\u00e7ar a [&hellip;]\" \/>\n<meta property=\"og:url\" content=\"https:\/\/ani.pt\/en\/evento\/ani-participa-no-arranque-do-projeto-europeu-code-plug-in\/\" \/>\n<meta property=\"og:site_name\" content=\"ANI\" \/>\n<meta property=\"article:publisher\" content=\"https:\/\/www.facebook.com\/agencianacionaldeinovacao\/\" \/>\n<meta property=\"article:modified_time\" content=\"2026-02-06T13:02:37+00:00\" \/>\n<meta name=\"twitter:card\" content=\"summary_large_image\" \/>\n<meta name=\"twitter:label1\" content=\"Est. reading time\" \/>\n\t<meta name=\"twitter:data1\" content=\"2 minutes\" \/>\n<script type=\"application\/ld+json\" class=\"yoast-schema-graph\">{\"@context\":\"https:\\\/\\\/schema.org\",\"@graph\":[{\"@type\":\"WebPage\",\"@id\":\"https:\\\/\\\/ani.pt\\\/en\\\/evento\\\/ani-participa-no-arranque-do-projeto-europeu-code-plug-in\\\/\",\"url\":\"https:\\\/\\\/ani.pt\\\/en\\\/evento\\\/ani-participa-no-arranque-do-projeto-europeu-code-plug-in\\\/\",\"name\":\"ANI participa no arranque do projeto europeu CoDE Plug-In - ANI\",\"isPartOf\":{\"@id\":\"https:\\\/\\\/ani.pt\\\/en\\\/#website\"},\"primaryImageOfPage\":{\"@id\":\"https:\\\/\\\/ani.pt\\\/en\\\/evento\\\/ani-participa-no-arranque-do-projeto-europeu-code-plug-in\\\/#primaryimage\"},\"image\":{\"@id\":\"https:\\\/\\\/ani.pt\\\/en\\\/evento\\\/ani-participa-no-arranque-do-projeto-europeu-code-plug-in\\\/#primaryimage\"},\"thumbnailUrl\":\"https:\\\/\\\/ani.pt\\\/wp-content\\\/uploads\\\/2025\\\/11\\\/noticias_arranqueProjeto_CoDE-Plug-In.png\",\"datePublished\":\"2026-02-06T13:02:33+00:00\",\"dateModified\":\"2026-02-06T13:02:37+00:00\",\"breadcrumb\":{\"@id\":\"https:\\\/\\\/ani.pt\\\/en\\\/evento\\\/ani-participa-no-arranque-do-projeto-europeu-code-plug-in\\\/#breadcrumb\"},\"inLanguage\":\"en-US\",\"potentialAction\":[{\"@type\":\"ReadAction\",\"target\":[\"https:\\\/\\\/ani.pt\\\/en\\\/evento\\\/ani-participa-no-arranque-do-projeto-europeu-code-plug-in\\\/\"]}]},{\"@type\":\"ImageObject\",\"inLanguage\":\"en-US\",\"@id\":\"https:\\\/\\\/ani.pt\\\/en\\\/evento\\\/ani-participa-no-arranque-do-projeto-europeu-code-plug-in\\\/#primaryimage\",\"url\":\"https:\\\/\\\/ani.pt\\\/wp-content\\\/uploads\\\/2025\\\/11\\\/noticias_arranqueProjeto_CoDE-Plug-In.png\",\"contentUrl\":\"https:\\\/\\\/ani.pt\\\/wp-content\\\/uploads\\\/2025\\\/11\\\/noticias_arranqueProjeto_CoDE-Plug-In.png\",\"width\":1920,\"height\":1080},{\"@type\":\"BreadcrumbList\",\"@id\":\"https:\\\/\\\/ani.pt\\\/en\\\/evento\\\/ani-participa-no-arranque-do-projeto-europeu-code-plug-in\\\/#breadcrumb\",\"itemListElement\":[{\"@type\":\"ListItem\",\"position\":1,\"name\":\"Homepage\",\"item\":\"https:\\\/\\\/ani.pt\\\/en\\\/\"},{\"@type\":\"ListItem\",\"position\":2,\"name\":\"Eventos\",\"item\":\"https:\\\/\\\/ani.pt\\\/en\\\/evento\\\/\"},{\"@type\":\"ListItem\",\"position\":3,\"name\":\"Eventos &amp; Confer\u00eancias\",\"item\":\"https:\\\/\\\/ani.pt\\\/en\\\/categoria-eventos\\\/eventos-conferencias\\\/\"},{\"@type\":\"ListItem\",\"position\":4,\"name\":\"ANI participa no arranque do projeto europeu CoDE Plug-In\"}]},{\"@type\":\"WebSite\",\"@id\":\"https:\\\/\\\/ani.pt\\\/en\\\/#website\",\"url\":\"https:\\\/\\\/ani.pt\\\/en\\\/\",\"name\":\"ANI\",\"description\":\"\",\"potentialAction\":[{\"@type\":\"SearchAction\",\"target\":{\"@type\":\"EntryPoint\",\"urlTemplate\":\"https:\\\/\\\/ani.pt\\\/en\\\/?s={search_term_string}\"},\"query-input\":{\"@type\":\"PropertyValueSpecification\",\"valueRequired\":true,\"valueName\":\"search_term_string\"}}],\"inLanguage\":\"en-US\"}]}<\/script>\n<!-- \/ Yoast SEO plugin. -->","yoast_head_json":{"title":"ANI participa no arranque do projeto europeu CoDE Plug-In - ANI","robots":{"index":"index","follow":"follow","max-snippet":"max-snippet:-1","max-image-preview":"max-image-preview:large","max-video-preview":"max-video-preview:-1"},"canonical":"https:\/\/ani.pt\/en\/evento\/ani-participa-no-arranque-do-projeto-europeu-code-plug-in\/","og_locale":"en_US","og_type":"article","og_title":"ANI participa no arranque do projeto europeu CoDE Plug-In - ANI","og_description":"10.Nov.2025 A ANI marcou presen\u00e7a no arranque oficial do projeto \u201cCoDE Plug-In \u2013 Connecting the Dots\u201d, uma nova iniciativa europeia financiada atrav\u00e9s do programa Horizonte Europa. O encontro de lan\u00e7amento decorreu em outubro, na Universidade Jaguel\u00f3nica de Crac\u00f3via, e reuniu parceiros da Pol\u00f3nia, Alemanha, Fran\u00e7a, It\u00e1lia e Portugal. O projeto tem como objetivo refor\u00e7ar a [&hellip;]","og_url":"https:\/\/ani.pt\/en\/evento\/ani-participa-no-arranque-do-projeto-europeu-code-plug-in\/","og_site_name":"ANI","article_publisher":"https:\/\/www.facebook.com\/agencianacionaldeinovacao\/","article_modified_time":"2026-02-06T13:02:37+00:00","twitter_card":"summary_large_image","twitter_misc":{"Est. reading time":"2 minutes"},"schema":{"@context":"https:\/\/schema.org","@graph":[{"@type":"WebPage","@id":"https:\/\/ani.pt\/en\/evento\/ani-participa-no-arranque-do-projeto-europeu-code-plug-in\/","url":"https:\/\/ani.pt\/en\/evento\/ani-participa-no-arranque-do-projeto-europeu-code-plug-in\/","name":"ANI participa no arranque do projeto europeu CoDE Plug-In - ANI","isPartOf":{"@id":"https:\/\/ani.pt\/en\/#website"},"primaryImageOfPage":{"@id":"https:\/\/ani.pt\/en\/evento\/ani-participa-no-arranque-do-projeto-europeu-code-plug-in\/#primaryimage"},"image":{"@id":"https:\/\/ani.pt\/en\/evento\/ani-participa-no-arranque-do-projeto-europeu-code-plug-in\/#primaryimage"},"thumbnailUrl":"https:\/\/ani.pt\/wp-content\/uploads\/2025\/11\/noticias_arranqueProjeto_CoDE-Plug-In.png","datePublished":"2026-02-06T13:02:33+00:00","dateModified":"2026-02-06T13:02:37+00:00","breadcrumb":{"@id":"https:\/\/ani.pt\/en\/evento\/ani-participa-no-arranque-do-projeto-europeu-code-plug-in\/#breadcrumb"},"inLanguage":"en-US","potentialAction":[{"@type":"ReadAction","target":["https:\/\/ani.pt\/en\/evento\/ani-participa-no-arranque-do-projeto-europeu-code-plug-in\/"]}]},{"@type":"ImageObject","inLanguage":"en-US","@id":"https:\/\/ani.pt\/en\/evento\/ani-participa-no-arranque-do-projeto-europeu-code-plug-in\/#primaryimage","url":"https:\/\/ani.pt\/wp-content\/uploads\/2025\/11\/noticias_arranqueProjeto_CoDE-Plug-In.png","contentUrl":"https:\/\/ani.pt\/wp-content\/uploads\/2025\/11\/noticias_arranqueProjeto_CoDE-Plug-In.png","width":1920,"height":1080},{"@type":"BreadcrumbList","@id":"https:\/\/ani.pt\/en\/evento\/ani-participa-no-arranque-do-projeto-europeu-code-plug-in\/#breadcrumb","itemListElement":[{"@type":"ListItem","position":1,"name":"Homepage","item":"https:\/\/ani.pt\/en\/"},{"@type":"ListItem","position":2,"name":"Eventos","item":"https:\/\/ani.pt\/en\/evento\/"},{"@type":"ListItem","position":3,"name":"Eventos &amp; Confer\u00eancias","item":"https:\/\/ani.pt\/en\/categoria-eventos\/eventos-conferencias\/"},{"@type":"ListItem","position":4,"name":"ANI participa no arranque do projeto europeu CoDE Plug-In"}]},{"@type":"WebSite","@id":"https:\/\/ani.pt\/en\/#website","url":"https:\/\/ani.pt\/en\/","name":"ANI","description":"","potentialAction":[{"@type":"SearchAction","target":{"@type":"EntryPoint","urlTemplate":"https:\/\/ani.pt\/en\/?s={search_term_string}"},"query-input":{"@type":"PropertyValueSpecification","valueRequired":true,"valueName":"search_term_string"}}],"inLanguage":"en-US"}]}},"_links":{"self":[{"href":"https:\/\/ani.pt\/en\/wp-json\/wp\/v2\/evento\/44576","targetHints":{"allow":["GET"]}}],"collection":[{"href":"https:\/\/ani.pt\/en\/wp-json\/wp\/v2\/evento"}],"about":[{"href":"https:\/\/ani.pt\/en\/wp-json\/wp\/v2\/types\/evento"}],"version-history":[{"count":2,"href":"https:\/\/ani.pt\/en\/wp-json\/wp\/v2\/evento\/44576\/revisions"}],"predecessor-version":[{"id":44855,"href":"https:\/\/ani.pt\/en\/wp-json\/wp\/v2\/evento\/44576\/revisions\/44855"}],"wp:featuredmedia":[{"embeddable":true,"href":"https:\/\/ani.pt\/en\/wp-json\/wp\/v2\/media\/42986"}],"wp:attachment":[{"href":"https:\/\/ani.pt\/en\/wp-json\/wp\/v2\/media?parent=44576"}],"wp:term":[{"taxonomy":"categoria-eventos","embeddable":true,"href":"https:\/\/ani.pt\/en\/wp-json\/wp\/v2\/categoria-eventos?post=44576"}],"curies":[{"name":"wp","href":"https:\/\/api.w.org\/{rel}","templated":true}]}}

<p>10.Nov.2025</p>



<p>A ANI marcou presença no arranque oficial do projeto “CoDE Plug-In – Connecting the Dots”, uma nova iniciativa europeia financiada através do programa Horizonte Europa. O encontro de lançamento decorreu em outubro, na Universidade Jaguelónica de Cracóvia, e reuniu parceiros da Polónia, Alemanha, França, Itália e Portugal.</p>



<p>O projeto tem como objetivo reforçar a ligação entre os programas nacionais e regionais de apoio à inovação e o esquema Plug-in do Conselho Europeu de Inovação (EIC), promovendo uma maior coerência e integração no ecossistema europeu de inovação.</p>



<p>A ANI junta-se a um consórcio de excelência que inclui o PACTT – Porozumienie Akademickich Centrów Transferu Technologii (coordenador), o Centro Nacional de Investigação e Desenvolvimento da Polónia, a Bpifrance, a APRE – Agenzia per la Promozione della Ricerca Europea, o Ministério do Desenvolvimento e Tecnologia da Polónia, a Universidade Jaguelónica de Cracóvia e o EIT Health InnoStars.</p>



<p>Durante o encontro de arranque, os parceiros alinharam estratégias e definiram as próximas etapas do projeto, que incluem a avaliação dos programas nacionais de inovação, o alinhamento de políticas e a criação de diretrizes práticas para uma integração mais eficaz no esquema europeu Plug-in.</p>



<p>Com esta participação, a ANI reforça o seu compromisso em fortalecer a ligação entre o sistema nacional de inovação e as iniciativas europeias, contribuindo para o desenvolvimento de um ecossistema europeu de inovação mais conectado, inclusivo e competitivo.</p>

<p>10.Nov.2025 A ANI marcou presença no arranque oficial do projeto “CoDE Plug-In – Connecting the Dots”, uma nova iniciativa europeia financiada através do programa Horizonte Europa. O encontro de lançamento decorreu em outubro, na Universidade Jaguelónica de Cracóvia, e reuniu parceiros da Polónia, Alemanha, França, Itália e Portugal. O projeto tem como objetivo reforçar a [&hellip;]</p>

<!-- This site is optimized with the Yoast SEO plugin v27.4 - https://yoast.com/product/yoast-seo-wordpress/ -->
<title>ANI participa no arranque do projeto europeu CoDE Plug-In - ANI</title>
<meta name="robots" content="index, follow, max-snippet:-1, max-image-preview:large, max-video-preview:-1" />
<link rel="canonical" href="https://ani.pt/en/evento/ani-participa-no-arranque-do-projeto-europeu-code-plug-in/" />
<meta property="og:locale" content="en_US" />
<meta property="og:type" content="article" />
<meta property="og:title" content="ANI participa no arranque do projeto europeu CoDE Plug-In - ANI" />
<meta property="og:description" content="10.Nov.2025 A ANI marcou presença no arranque oficial do projeto “CoDE Plug-In – Connecting the Dots”, uma nova iniciativa europeia financiada através do programa Horizonte Europa. O encontro de lançamento decorreu em outubro, na Universidade Jaguelónica de Cracóvia, e reuniu parceiros da Polónia, Alemanha, França, Itália e Portugal. O projeto tem como objetivo reforçar a [&hellip;]" />
<meta property="og:url" content="https://ani.pt/en/evento/ani-participa-no-arranque-do-projeto-europeu-code-plug-in/" />
<meta property="og:site_name" content="ANI" />
<meta property="article:publisher" content="https://www.facebook.com/agencianacionaldeinovacao/" />
<meta property="article:modified_time" content="2026-02-06T13:02:37+00:00" />
<meta name="twitter:card" content="summary_large_image" />
<meta name="twitter:label1" content="Est. reading time" />
	<meta name="twitter:data1" content="2 minutes" />
<script type="application/ld+json" class="yoast-schema-graph">{"@context":"https:\/\/schema.org","@graph":[{"@type":"WebPage","@id":"https:\/\/ani.pt\/en\/evento\/ani-participa-no-arranque-do-projeto-europeu-code-plug-in\/","url":"https:\/\/ani.pt\/en\/evento\/ani-participa-no-arranque-do-projeto-europeu-code-plug-in\/","name":"ANI participa no arranque do projeto europeu CoDE Plug-In - ANI","isPartOf":{"@id":"https:\/\/ani.pt\/en\/#website"},"primaryImageOfPage":{"@id":"https:\/\/ani.pt\/en\/evento\/ani-participa-no-arranque-do-projeto-europeu-code-plug-in\/#primaryimage"},"image":{"@id":"https:\/\/ani.pt\/en\/evento\/ani-participa-no-arranque-do-projeto-europeu-code-plug-in\/#primaryimage"},"thumbnailUrl":"https:\/\/ani.pt\/wp-content\/uploads\/2025\/11\/noticias_arranqueProjeto_CoDE-Plug-In.png","datePublished":"2026-02-06T13:02:33+00:00","dateModified":"2026-02-06T13:02:37+00:00","breadcrumb":{"@id":"https:\/\/ani.pt\/en\/evento\/ani-participa-no-arranque-do-projeto-europeu-code-plug-in\/#breadcrumb"},"inLanguage":"en-US","potentialAction":[{"@type":"ReadAction","target":["https:\/\/ani.pt\/en\/evento\/ani-participa-no-arranque-do-projeto-europeu-code-plug-in\/"]}]},{"@type":"ImageObject","inLanguage":"en-US","@id":"https:\/\/ani.pt\/en\/evento\/ani-participa-no-arranque-do-projeto-europeu-code-plug-in\/#primaryimage","url":"https:\/\/ani.pt\/wp-content\/uploads\/2025\/11\/noticias_arranqueProjeto_CoDE-Plug-In.png","contentUrl":"https:\/\/ani.pt\/wp-content\/uploads\/2025\/11\/noticias_arranqueProjeto_CoDE-Plug-In.png","width":1920,"height":1080},{"@type":"BreadcrumbList","@id":"https:\/\/ani.pt\/en\/evento\/ani-participa-no-arranque-do-projeto-europeu-code-plug-in\/#breadcrumb","itemListElement":[{"@type":"ListItem","position":1,"name":"Homepage","item":"https:\/\/ani.pt\/en\/"},{"@type":"ListItem","position":2,"name":"Eventos","item":"https:\/\/ani.pt\/en\/evento\/"},{"@type":"ListItem","position":3,"name":"Eventos &amp; Conferências","item":"https:\/\/ani.pt\/en\/categoria-eventos\/eventos-conferencias\/"},{"@type":"ListItem","position":4,"name":"ANI participa no arranque do projeto europeu CoDE Plug-In"}]},{"@type":"WebSite","@id":"https:\/\/ani.pt\/en\/#website","url":"https:\/\/ani.pt\/en\/","name":"ANI","description":"","potentialAction":[{"@type":"SearchAction","target":{"@type":"EntryPoint","urlTemplate":"https:\/\/ani.pt\/en\/?s={search_term_string}"},"query-input":{"@type":"PropertyValueSpecification","valueRequired":true,"valueName":"search_term_string"}}],"inLanguage":"en-US"}]}</script>
<!-- / Yoast SEO plugin. -->

10.Nov.2025 A ANI marcou presença no arranque oficial do projeto “CoDE Plug-In – Connecting the Dots”, uma nova iniciativa europeia financiada através do programa Horizonte Europa. O encontro de lançamento decorreu em outubro, na Universidade Jaguelónica de Cracóvia, e reuniu parceiros da Polónia, Alemanha, França, Itália e Portugal. O projeto tem como objetivo reforçar a [&hellip;]

Eventos &amp; Conferências
