{"id":44562,"date":"2026-02-06T12:46:02","date_gmt":"2026-02-06T12:46:02","guid":{"rendered":"https:\/\/ani.pt\/?post_type=evento&#038;p=44562"},"modified":"2026-02-09T14:56:32","modified_gmt":"2026-02-09T14:56:32","slug":"comissao-europeia-apresenta-as-novidades-do-programa-de-trabalho-para-2026-2027-do-horizonte-europa","status":"publish","type":"evento","link":"https:\/\/ani.pt\/en\/evento\/comissao-europeia-apresenta-as-novidades-do-programa-de-trabalho-para-2026-2027-do-horizonte-europa\/","title":{"rendered":"Comiss\u00e3o Europeia apresenta as novidades do Programa de Trabalho para 2026-2027 do Horizonte Europa"},"content":{"rendered":"\n<p class=\"has-text-align-center\"><strong>20 de janeiro, 8h (hora de Lisboa)<\/strong><\/p>\n\n\n\n<p>A Comiss\u00e3o Europeia est\u00e1 a promover o&nbsp;<em>Horizon Implementation Day<\/em>, um&nbsp;<em>webinar&nbsp;<\/em>dedicado \u00e0 apresenta\u00e7\u00e3o das principais novidades do Programa de Trabalho do Horizonte Europa para o bi\u00e9nio 2026-2027, que j\u00e1 se encontra oficialmente publicado no&nbsp;<a href=\"https:\/\/ec.europa.eu\/info\/funding-tenders\/opportunities\/portal\/screen\/how-to-participate\/reference-documents?programmePeriod=2021-2027\" target=\"_blank\" rel=\"noreferrer noopener\">Portal do Funding &amp; Tenders<\/a>.<\/p>\n\n\n\n<p>Esta sess\u00e3o acontece no dia 20 de janeiro, \u00e0s 8h (hora de Lisboa). A participa\u00e7\u00e3o \u00e9 gratuita, sem necessidade de inscri\u00e7\u00e3o pr\u00e9via. Mais informa\u00e7\u00f5es&nbsp;<a href=\"https:\/\/ec.europa.eu\/research\/participants\/docs\/h2020-funding-guide\/other\/event260120.htm#general-info\" target=\"_blank\" rel=\"noreferrer noopener\">aqui<\/a>.<\/p>\n","protected":false},"excerpt":{"rendered":"<p>20 de janeiro, 8h (hora de Lisboa) A Comiss\u00e3o Europeia est\u00e1 a promover o&nbsp;Horizon Implementation Day, um&nbsp;webinar&nbsp;dedicado \u00e0 apresenta\u00e7\u00e3o das principais novidades do Programa de Trabalho do Horizonte Europa para o bi\u00e9nio 2026-2027, que j\u00e1 se encontra oficialmente publicado no&nbsp;Portal do Funding &amp; Tenders. Esta sess\u00e3o acontece no dia 20 de janeiro, \u00e0s 8h (hora [&hellip;]<\/p>\n","protected":false},"featured_media":44182,"template":"","meta":{"_acf_changed":false,"_et_pb_use_builder":"off","_et_pb_old_content":"","_et_gb_content_width":"","footnotes":""},"categoria-eventos":[908],"class_list":["post-44562","evento","type-evento","status-publish","has-post-thumbnail","hentry","categoria-eventos-workshops-formacoes"],"acf":[],"yoast_head":"<!-- This site is optimized with the Yoast SEO plugin v27.4 - https:\/\/yoast.com\/product\/yoast-seo-wordpress\/ -->\n<title>Comiss\u00e3o Europeia apresenta as novidades do Programa de Trabalho para 2026-2027 do Horizonte Europa - ANI<\/title>\n<meta name=\"robots\" content=\"index, follow, max-snippet:-1, max-image-preview:large, max-video-preview:-1\" \/>\n<link rel=\"canonical\" href=\"https:\/\/ani.pt\/en\/evento\/comissao-europeia-apresenta-as-novidades-do-programa-de-trabalho-para-2026-2027-do-horizonte-europa\/\" \/>\n<meta property=\"og:locale\" content=\"en_US\" \/>\n<meta property=\"og:type\" content=\"article\" \/>\n<meta property=\"og:title\" content=\"Comiss\u00e3o Europeia apresenta as novidades do Programa de Trabalho para 2026-2027 do Horizonte Europa - ANI\" \/>\n<meta property=\"og:description\" content=\"20 de janeiro, 8h (hora de Lisboa) A Comiss\u00e3o Europeia est\u00e1 a promover o&nbsp;Horizon Implementation Day, um&nbsp;webinar&nbsp;dedicado \u00e0 apresenta\u00e7\u00e3o das principais novidades do Programa de Trabalho do Horizonte Europa para o bi\u00e9nio 2026-2027, que j\u00e1 se encontra oficialmente publicado no&nbsp;Portal do Funding &amp; Tenders. Esta sess\u00e3o acontece no dia 20 de janeiro, \u00e0s 8h (hora [&hellip;]\" \/>\n<meta property=\"og:url\" content=\"https:\/\/ani.pt\/en\/evento\/comissao-europeia-apresenta-as-novidades-do-programa-de-trabalho-para-2026-2027-do-horizonte-europa\/\" \/>\n<meta property=\"og:site_name\" content=\"ANI\" \/>\n<meta property=\"article:publisher\" content=\"https:\/\/www.facebook.com\/agencianacionaldeinovacao\/\" \/>\n<meta property=\"article:modified_time\" content=\"2026-02-09T14:56:32+00:00\" \/>\n<meta name=\"twitter:card\" content=\"summary_large_image\" \/>\n<meta name=\"twitter:label1\" content=\"Est. reading time\" \/>\n\t<meta name=\"twitter:data1\" content=\"1 minute\" \/>\n<script type=\"application\/ld+json\" class=\"yoast-schema-graph\">{\"@context\":\"https:\\\/\\\/schema.org\",\"@graph\":[{\"@type\":\"WebPage\",\"@id\":\"https:\\\/\\\/ani.pt\\\/en\\\/evento\\\/comissao-europeia-apresenta-as-novidades-do-programa-de-trabalho-para-2026-2027-do-horizonte-europa\\\/\",\"url\":\"https:\\\/\\\/ani.pt\\\/en\\\/evento\\\/comissao-europeia-apresenta-as-novidades-do-programa-de-trabalho-para-2026-2027-do-horizonte-europa\\\/\",\"name\":\"Comiss\u00e3o Europeia apresenta as novidades do Programa de Trabalho para 2026-2027 do Horizonte Europa - ANI\",\"isPartOf\":{\"@id\":\"https:\\\/\\\/ani.pt\\\/en\\\/#website\"},\"primaryImageOfPage\":{\"@id\":\"https:\\\/\\\/ani.pt\\\/en\\\/evento\\\/comissao-europeia-apresenta-as-novidades-do-programa-de-trabalho-para-2026-2027-do-horizonte-europa\\\/#primaryimage\"},\"image\":{\"@id\":\"https:\\\/\\\/ani.pt\\\/en\\\/evento\\\/comissao-europeia-apresenta-as-novidades-do-programa-de-trabalho-para-2026-2027-do-horizonte-europa\\\/#primaryimage\"},\"thumbnailUrl\":\"https:\\\/\\\/ani.pt\\\/wp-content\\\/uploads\\\/2025\\\/12\\\/evento_webinarHorizonImplementationDay.png\",\"datePublished\":\"2026-02-06T12:46:02+00:00\",\"dateModified\":\"2026-02-09T14:56:32+00:00\",\"breadcrumb\":{\"@id\":\"https:\\\/\\\/ani.pt\\\/en\\\/evento\\\/comissao-europeia-apresenta-as-novidades-do-programa-de-trabalho-para-2026-2027-do-horizonte-europa\\\/#breadcrumb\"},\"inLanguage\":\"en-US\",\"potentialAction\":[{\"@type\":\"ReadAction\",\"target\":[\"https:\\\/\\\/ani.pt\\\/en\\\/evento\\\/comissao-europeia-apresenta-as-novidades-do-programa-de-trabalho-para-2026-2027-do-horizonte-europa\\\/\"]}]},{\"@type\":\"ImageObject\",\"inLanguage\":\"en-US\",\"@id\":\"https:\\\/\\\/ani.pt\\\/en\\\/evento\\\/comissao-europeia-apresenta-as-novidades-do-programa-de-trabalho-para-2026-2027-do-horizonte-europa\\\/#primaryimage\",\"url\":\"https:\\\/\\\/ani.pt\\\/wp-content\\\/uploads\\\/2025\\\/12\\\/evento_webinarHorizonImplementationDay.png\",\"contentUrl\":\"https:\\\/\\\/ani.pt\\\/wp-content\\\/uploads\\\/2025\\\/12\\\/evento_webinarHorizonImplementationDay.png\",\"width\":1920,\"height\":1080},{\"@type\":\"BreadcrumbList\",\"@id\":\"https:\\\/\\\/ani.pt\\\/en\\\/evento\\\/comissao-europeia-apresenta-as-novidades-do-programa-de-trabalho-para-2026-2027-do-horizonte-europa\\\/#breadcrumb\",\"itemListElement\":[{\"@type\":\"ListItem\",\"position\":1,\"name\":\"Homepage\",\"item\":\"https:\\\/\\\/ani.pt\\\/en\\\/\"},{\"@type\":\"ListItem\",\"position\":2,\"name\":\"Eventos\",\"item\":\"https:\\\/\\\/ani.pt\\\/en\\\/evento\\\/\"},{\"@type\":\"ListItem\",\"position\":3,\"name\":\"Workshops &amp; Forma\u00e7\u00f5es\",\"item\":\"https:\\\/\\\/ani.pt\\\/en\\\/categoria-eventos\\\/workshops-formacoes\\\/\"},{\"@type\":\"ListItem\",\"position\":4,\"name\":\"Comiss\u00e3o Europeia apresenta as novidades do Programa de Trabalho para 2026-2027 do Horizonte Europa\"}]},{\"@type\":\"WebSite\",\"@id\":\"https:\\\/\\\/ani.pt\\\/en\\\/#website\",\"url\":\"https:\\\/\\\/ani.pt\\\/en\\\/\",\"name\":\"ANI\",\"description\":\"\",\"potentialAction\":[{\"@type\":\"SearchAction\",\"target\":{\"@type\":\"EntryPoint\",\"urlTemplate\":\"https:\\\/\\\/ani.pt\\\/en\\\/?s={search_term_string}\"},\"query-input\":{\"@type\":\"PropertyValueSpecification\",\"valueRequired\":true,\"valueName\":\"search_term_string\"}}],\"inLanguage\":\"en-US\"}]}<\/script>\n<!-- \/ Yoast SEO plugin. -->","yoast_head_json":{"title":"Comiss\u00e3o Europeia apresenta as novidades do Programa de Trabalho para 2026-2027 do Horizonte Europa - ANI","robots":{"index":"index","follow":"follow","max-snippet":"max-snippet:-1","max-image-preview":"max-image-preview:large","max-video-preview":"max-video-preview:-1"},"canonical":"https:\/\/ani.pt\/en\/evento\/comissao-europeia-apresenta-as-novidades-do-programa-de-trabalho-para-2026-2027-do-horizonte-europa\/","og_locale":"en_US","og_type":"article","og_title":"Comiss\u00e3o Europeia apresenta as novidades do Programa de Trabalho para 2026-2027 do Horizonte Europa - ANI","og_description":"20 de janeiro, 8h (hora de Lisboa) A Comiss\u00e3o Europeia est\u00e1 a promover o&nbsp;Horizon Implementation Day, um&nbsp;webinar&nbsp;dedicado \u00e0 apresenta\u00e7\u00e3o das principais novidades do Programa de Trabalho do Horizonte Europa para o bi\u00e9nio 2026-2027, que j\u00e1 se encontra oficialmente publicado no&nbsp;Portal do Funding &amp; Tenders. Esta sess\u00e3o acontece no dia 20 de janeiro, \u00e0s 8h (hora [&hellip;]","og_url":"https:\/\/ani.pt\/en\/evento\/comissao-europeia-apresenta-as-novidades-do-programa-de-trabalho-para-2026-2027-do-horizonte-europa\/","og_site_name":"ANI","article_publisher":"https:\/\/www.facebook.com\/agencianacionaldeinovacao\/","article_modified_time":"2026-02-09T14:56:32+00:00","twitter_card":"summary_large_image","twitter_misc":{"Est. reading time":"1 minute"},"schema":{"@context":"https:\/\/schema.org","@graph":[{"@type":"WebPage","@id":"https:\/\/ani.pt\/en\/evento\/comissao-europeia-apresenta-as-novidades-do-programa-de-trabalho-para-2026-2027-do-horizonte-europa\/","url":"https:\/\/ani.pt\/en\/evento\/comissao-europeia-apresenta-as-novidades-do-programa-de-trabalho-para-2026-2027-do-horizonte-europa\/","name":"Comiss\u00e3o Europeia apresenta as novidades do Programa de Trabalho para 2026-2027 do Horizonte Europa - ANI","isPartOf":{"@id":"https:\/\/ani.pt\/en\/#website"},"primaryImageOfPage":{"@id":"https:\/\/ani.pt\/en\/evento\/comissao-europeia-apresenta-as-novidades-do-programa-de-trabalho-para-2026-2027-do-horizonte-europa\/#primaryimage"},"image":{"@id":"https:\/\/ani.pt\/en\/evento\/comissao-europeia-apresenta-as-novidades-do-programa-de-trabalho-para-2026-2027-do-horizonte-europa\/#primaryimage"},"thumbnailUrl":"https:\/\/ani.pt\/wp-content\/uploads\/2025\/12\/evento_webinarHorizonImplementationDay.png","datePublished":"2026-02-06T12:46:02+00:00","dateModified":"2026-02-09T14:56:32+00:00","breadcrumb":{"@id":"https:\/\/ani.pt\/en\/evento\/comissao-europeia-apresenta-as-novidades-do-programa-de-trabalho-para-2026-2027-do-horizonte-europa\/#breadcrumb"},"inLanguage":"en-US","potentialAction":[{"@type":"ReadAction","target":["https:\/\/ani.pt\/en\/evento\/comissao-europeia-apresenta-as-novidades-do-programa-de-trabalho-para-2026-2027-do-horizonte-europa\/"]}]},{"@type":"ImageObject","inLanguage":"en-US","@id":"https:\/\/ani.pt\/en\/evento\/comissao-europeia-apresenta-as-novidades-do-programa-de-trabalho-para-2026-2027-do-horizonte-europa\/#primaryimage","url":"https:\/\/ani.pt\/wp-content\/uploads\/2025\/12\/evento_webinarHorizonImplementationDay.png","contentUrl":"https:\/\/ani.pt\/wp-content\/uploads\/2025\/12\/evento_webinarHorizonImplementationDay.png","width":1920,"height":1080},{"@type":"BreadcrumbList","@id":"https:\/\/ani.pt\/en\/evento\/comissao-europeia-apresenta-as-novidades-do-programa-de-trabalho-para-2026-2027-do-horizonte-europa\/#breadcrumb","itemListElement":[{"@type":"ListItem","position":1,"name":"Homepage","item":"https:\/\/ani.pt\/en\/"},{"@type":"ListItem","position":2,"name":"Eventos","item":"https:\/\/ani.pt\/en\/evento\/"},{"@type":"ListItem","position":3,"name":"Workshops &amp; Forma\u00e7\u00f5es","item":"https:\/\/ani.pt\/en\/categoria-eventos\/workshops-formacoes\/"},{"@type":"ListItem","position":4,"name":"Comiss\u00e3o Europeia apresenta as novidades do Programa de Trabalho para 2026-2027 do Horizonte Europa"}]},{"@type":"WebSite","@id":"https:\/\/ani.pt\/en\/#website","url":"https:\/\/ani.pt\/en\/","name":"ANI","description":"","potentialAction":[{"@type":"SearchAction","target":{"@type":"EntryPoint","urlTemplate":"https:\/\/ani.pt\/en\/?s={search_term_string}"},"query-input":{"@type":"PropertyValueSpecification","valueRequired":true,"valueName":"search_term_string"}}],"inLanguage":"en-US"}]}},"_links":{"self":[{"href":"https:\/\/ani.pt\/en\/wp-json\/wp\/v2\/evento\/44562","targetHints":{"allow":["GET"]}}],"collection":[{"href":"https:\/\/ani.pt\/en\/wp-json\/wp\/v2\/evento"}],"about":[{"href":"https:\/\/ani.pt\/en\/wp-json\/wp\/v2\/types\/evento"}],"version-history":[{"count":2,"href":"https:\/\/ani.pt\/en\/wp-json\/wp\/v2\/evento\/44562\/revisions"}],"predecessor-version":[{"id":44860,"href":"https:\/\/ani.pt\/en\/wp-json\/wp\/v2\/evento\/44562\/revisions\/44860"}],"wp:featuredmedia":[{"embeddable":true,"href":"https:\/\/ani.pt\/en\/wp-json\/wp\/v2\/media\/44182"}],"wp:attachment":[{"href":"https:\/\/ani.pt\/en\/wp-json\/wp\/v2\/media?parent=44562"}],"wp:term":[{"taxonomy":"categoria-eventos","embeddable":true,"href":"https:\/\/ani.pt\/en\/wp-json\/wp\/v2\/categoria-eventos?post=44562"}],"curies":[{"name":"wp","href":"https:\/\/api.w.org\/{rel}","templated":true}]}}

Comissão Europeia apresenta as novidades do Programa de Trabalho para 2026-2027 do Horizonte Europa

<p class="has-text-align-center"><strong>20 de janeiro, 8h (hora de Lisboa)</strong></p>



<p>A Comissão Europeia está a promover o&nbsp;<em>Horizon Implementation Day</em>, um&nbsp;<em>webinar&nbsp;</em>dedicado à apresentação das principais novidades do Programa de Trabalho do Horizonte Europa para o biénio 2026-2027, que já se encontra oficialmente publicado no&nbsp;<a href="https://ec.europa.eu/info/funding-tenders/opportunities/portal/screen/how-to-participate/reference-documents?programmePeriod=2021-2027" target="_blank" rel="noreferrer noopener">Portal do Funding &amp; Tenders</a>.</p>



<p>Esta sessão acontece no dia 20 de janeiro, às 8h (hora de Lisboa). A participação é gratuita, sem necessidade de inscrição prévia. Mais informações&nbsp;<a href="https://ec.europa.eu/research/participants/docs/h2020-funding-guide/other/event260120.htm#general-info" target="_blank" rel="noreferrer noopener">aqui</a>.</p>

<p>20 de janeiro, 8h (hora de Lisboa) A Comissão Europeia está a promover o&nbsp;Horizon Implementation Day, um&nbsp;webinar&nbsp;dedicado à apresentação das principais novidades do Programa de Trabalho do Horizonte Europa para o biénio 2026-2027, que já se encontra oficialmente publicado no&nbsp;Portal do Funding &amp; Tenders. Esta sessão acontece no dia 20 de janeiro, às 8h (hora [&hellip;]</p>

<!-- This site is optimized with the Yoast SEO plugin v27.4 - https://yoast.com/product/yoast-seo-wordpress/ -->
<title>Comissão Europeia apresenta as novidades do Programa de Trabalho para 2026-2027 do Horizonte Europa - ANI</title>
<meta name="robots" content="index, follow, max-snippet:-1, max-image-preview:large, max-video-preview:-1" />
<link rel="canonical" href="https://ani.pt/en/evento/comissao-europeia-apresenta-as-novidades-do-programa-de-trabalho-para-2026-2027-do-horizonte-europa/" />
<meta property="og:locale" content="en_US" />
<meta property="og:type" content="article" />
<meta property="og:title" content="Comissão Europeia apresenta as novidades do Programa de Trabalho para 2026-2027 do Horizonte Europa - ANI" />
<meta property="og:description" content="20 de janeiro, 8h (hora de Lisboa) A Comissão Europeia está a promover o&nbsp;Horizon Implementation Day, um&nbsp;webinar&nbsp;dedicado à apresentação das principais novidades do Programa de Trabalho do Horizonte Europa para o biénio 2026-2027, que já se encontra oficialmente publicado no&nbsp;Portal do Funding &amp; Tenders. Esta sessão acontece no dia 20 de janeiro, às 8h (hora [&hellip;]" />
<meta property="og:url" content="https://ani.pt/en/evento/comissao-europeia-apresenta-as-novidades-do-programa-de-trabalho-para-2026-2027-do-horizonte-europa/" />
<meta property="og:site_name" content="ANI" />
<meta property="article:publisher" content="https://www.facebook.com/agencianacionaldeinovacao/" />
<meta property="article:modified_time" content="2026-02-09T14:56:32+00:00" />
<meta name="twitter:card" content="summary_large_image" />
<meta name="twitter:label1" content="Est. reading time" />
	<meta name="twitter:data1" content="1 minute" />
<script type="application/ld+json" class="yoast-schema-graph">{"@context":"https:\/\/schema.org","@graph":[{"@type":"WebPage","@id":"https:\/\/ani.pt\/en\/evento\/comissao-europeia-apresenta-as-novidades-do-programa-de-trabalho-para-2026-2027-do-horizonte-europa\/","url":"https:\/\/ani.pt\/en\/evento\/comissao-europeia-apresenta-as-novidades-do-programa-de-trabalho-para-2026-2027-do-horizonte-europa\/","name":"Comissão Europeia apresenta as novidades do Programa de Trabalho para 2026-2027 do Horizonte Europa - ANI","isPartOf":{"@id":"https:\/\/ani.pt\/en\/#website"},"primaryImageOfPage":{"@id":"https:\/\/ani.pt\/en\/evento\/comissao-europeia-apresenta-as-novidades-do-programa-de-trabalho-para-2026-2027-do-horizonte-europa\/#primaryimage"},"image":{"@id":"https:\/\/ani.pt\/en\/evento\/comissao-europeia-apresenta-as-novidades-do-programa-de-trabalho-para-2026-2027-do-horizonte-europa\/#primaryimage"},"thumbnailUrl":"https:\/\/ani.pt\/wp-content\/uploads\/2025\/12\/evento_webinarHorizonImplementationDay.png","datePublished":"2026-02-06T12:46:02+00:00","dateModified":"2026-02-09T14:56:32+00:00","breadcrumb":{"@id":"https:\/\/ani.pt\/en\/evento\/comissao-europeia-apresenta-as-novidades-do-programa-de-trabalho-para-2026-2027-do-horizonte-europa\/#breadcrumb"},"inLanguage":"en-US","potentialAction":[{"@type":"ReadAction","target":["https:\/\/ani.pt\/en\/evento\/comissao-europeia-apresenta-as-novidades-do-programa-de-trabalho-para-2026-2027-do-horizonte-europa\/"]}]},{"@type":"ImageObject","inLanguage":"en-US","@id":"https:\/\/ani.pt\/en\/evento\/comissao-europeia-apresenta-as-novidades-do-programa-de-trabalho-para-2026-2027-do-horizonte-europa\/#primaryimage","url":"https:\/\/ani.pt\/wp-content\/uploads\/2025\/12\/evento_webinarHorizonImplementationDay.png","contentUrl":"https:\/\/ani.pt\/wp-content\/uploads\/2025\/12\/evento_webinarHorizonImplementationDay.png","width":1920,"height":1080},{"@type":"BreadcrumbList","@id":"https:\/\/ani.pt\/en\/evento\/comissao-europeia-apresenta-as-novidades-do-programa-de-trabalho-para-2026-2027-do-horizonte-europa\/#breadcrumb","itemListElement":[{"@type":"ListItem","position":1,"name":"Homepage","item":"https:\/\/ani.pt\/en\/"},{"@type":"ListItem","position":2,"name":"Eventos","item":"https:\/\/ani.pt\/en\/evento\/"},{"@type":"ListItem","position":3,"name":"Workshops &amp; Formações","item":"https:\/\/ani.pt\/en\/categoria-eventos\/workshops-formacoes\/"},{"@type":"ListItem","position":4,"name":"Comissão Europeia apresenta as novidades do Programa de Trabalho para 2026-2027 do Horizonte Europa"}]},{"@type":"WebSite","@id":"https:\/\/ani.pt\/en\/#website","url":"https:\/\/ani.pt\/en\/","name":"ANI","description":"","potentialAction":[{"@type":"SearchAction","target":{"@type":"EntryPoint","urlTemplate":"https:\/\/ani.pt\/en\/?s={search_term_string}"},"query-input":{"@type":"PropertyValueSpecification","valueRequired":true,"valueName":"search_term_string"}}],"inLanguage":"en-US"}]}</script>
<!-- / Yoast SEO plugin. -->

Comissão Europeia apresenta as novidades do Programa de Trabalho para 2026-2027 do Horizonte Europa - ANI

20 de janeiro, 8h (hora de Lisboa) A Comissão Europeia está a promover o&nbsp;Horizon Implementation Day, um&nbsp;webinar&nbsp;dedicado à apresentação das principais novidades do Programa de Trabalho do Horizonte Europa para o biénio 2026-2027, que já se encontra oficialmente publicado no&nbsp;Portal do Funding &amp; Tenders. Esta sessão acontece no dia 20 de janeiro, às 8h (hora [&hellip;]

Workshops &amp; Formações
