{"id":44558,"date":"2026-02-06T12:40:46","date_gmt":"2026-02-06T12:40:46","guid":{"rendered":"https:\/\/ani.pt\/?post_type=evento&#038;p=44558"},"modified":"2026-02-09T14:48:03","modified_gmt":"2026-02-09T14:48:03","slug":"sessao-dedicada-a-nova-oportunidade-de-financiamento-horizonte-europa-implementacao-da-decada-do-oceano","status":"publish","type":"evento","link":"https:\/\/ani.pt\/en\/evento\/sessao-dedicada-a-nova-oportunidade-de-financiamento-horizonte-europa-implementacao-da-decada-do-oceano\/","title":{"rendered":"Sess\u00e3o dedicada \u00e0 nova oportunidade de financiamento Horizonte Europa: implementa\u00e7\u00e3o da D\u00e9cada do Oceano"},"content":{"rendered":"\n<p class=\"has-text-align-center\"><strong>26 de janeiro, 12h, online<\/strong><\/p>\n\n\n\n<p>O Comit\u00e9 para a D\u00e9cada do Oceano do Reino Unido vai promover um webinar, no dia 26 de janeiro, pelas 12h, dedicado a uma nova oportunidade de financiamento do Horizonte Europa para fortalecer a implementa\u00e7\u00e3o da D\u00e9cada das Na\u00e7\u00f5es Unidas das Ci\u00eancias do Oceano para o Desenvolvimento Sustent\u00e1vel 2021-2030.<\/p>\n\n\n\n<p>Esta sess\u00e3o \u00e9 de registo obrigat\u00f3rio que pode ser feito&nbsp;<a href=\"https:\/\/forms.office.com\/pages\/responsepage.aspx?id=UCQKdycCYkyQx044U38RAsDgT5mcW5JOsP7IShs7mSlUQ1pFWjg2NVpEU1BLSldSWEhYUUtISENBUy4u&amp;route=shorturl\" target=\"_blank\" rel=\"noreferrer noopener\">aqui<\/a>.<\/p>\n\n\n\n<p>Mais informa\u00e7\u00e3o sobre este t\u00f3pico pode ser consultada&nbsp;<a href=\"https:\/\/ec.europa.eu\/info\/funding-tenders\/opportunities\/portal\/screen\/opportunities\/topic-details\/HORIZON-CL6-2026-03-GOVERNANCE-03\" target=\"_blank\" rel=\"noreferrer noopener\">aqui<\/a>.<\/p>\n\n\n\n<p>Est\u00e1 tamb\u00e9m dispon\u00edvel para consulta o plano de trabalhos 2026-2027 do Cluster 6 \u2013 Food, Bioeconomy, Natural Resources, Agriculture and Environment)&nbsp;<a href=\"https:\/\/ec.europa.eu\/info\/funding-tenders\/opportunities\/docs\/2021-2027\/horizon\/wp-call\/2026-2027\/wp-9-food-bioeconomy-natural-resources-agriculture-and-environment_horizon-2026-2027_en.pdf\" target=\"_blank\" rel=\"noreferrer noopener\">aqui<\/a>.<\/p>\n","protected":false},"excerpt":{"rendered":"<p>26 de janeiro, 12h, online O Comit\u00e9 para a D\u00e9cada do Oceano do Reino Unido vai promover um webinar, no dia 26 de janeiro, pelas 12h, dedicado a uma nova oportunidade de financiamento do Horizonte Europa para fortalecer a implementa\u00e7\u00e3o da D\u00e9cada das Na\u00e7\u00f5es Unidas das Ci\u00eancias do Oceano para o Desenvolvimento Sustent\u00e1vel 2021-2030. Esta [&hellip;]<\/p>\n","protected":false},"featured_media":44359,"template":"","meta":{"_acf_changed":false,"_et_pb_use_builder":"off","_et_pb_old_content":"","_et_gb_content_width":"","footnotes":""},"categoria-eventos":[906],"class_list":["post-44558","evento","type-evento","status-publish","has-post-thumbnail","hentry","categoria-eventos-financiamentos-calls-concursos"],"acf":[],"yoast_head":"<!-- This site is optimized with the Yoast SEO plugin v27.4 - https:\/\/yoast.com\/product\/yoast-seo-wordpress\/ -->\n<title>Sess\u00e3o dedicada \u00e0 nova oportunidade de financiamento Horizonte Europa: implementa\u00e7\u00e3o da D\u00e9cada do Oceano - ANI<\/title>\n<meta name=\"robots\" content=\"index, follow, max-snippet:-1, max-image-preview:large, max-video-preview:-1\" \/>\n<link rel=\"canonical\" href=\"https:\/\/ani.pt\/en\/evento\/sessao-dedicada-a-nova-oportunidade-de-financiamento-horizonte-europa-implementacao-da-decada-do-oceano\/\" \/>\n<meta property=\"og:locale\" content=\"en_US\" \/>\n<meta property=\"og:type\" content=\"article\" \/>\n<meta property=\"og:title\" content=\"Sess\u00e3o dedicada \u00e0 nova oportunidade de financiamento Horizonte Europa: implementa\u00e7\u00e3o da D\u00e9cada do Oceano - ANI\" \/>\n<meta property=\"og:description\" content=\"26 de janeiro, 12h, online O Comit\u00e9 para a D\u00e9cada do Oceano do Reino Unido vai promover um webinar, no dia 26 de janeiro, pelas 12h, dedicado a uma nova oportunidade de financiamento do Horizonte Europa para fortalecer a implementa\u00e7\u00e3o da D\u00e9cada das Na\u00e7\u00f5es Unidas das Ci\u00eancias do Oceano para o Desenvolvimento Sustent\u00e1vel 2021-2030. Esta [&hellip;]\" \/>\n<meta property=\"og:url\" content=\"https:\/\/ani.pt\/en\/evento\/sessao-dedicada-a-nova-oportunidade-de-financiamento-horizonte-europa-implementacao-da-decada-do-oceano\/\" \/>\n<meta property=\"og:site_name\" content=\"ANI\" \/>\n<meta property=\"article:publisher\" content=\"https:\/\/www.facebook.com\/agencianacionaldeinovacao\/\" \/>\n<meta property=\"article:modified_time\" content=\"2026-02-09T14:48:03+00:00\" \/>\n<meta name=\"twitter:card\" content=\"summary_large_image\" \/>\n<meta name=\"twitter:label1\" content=\"Est. reading time\" \/>\n\t<meta name=\"twitter:data1\" content=\"1 minute\" \/>\n<script type=\"application\/ld+json\" class=\"yoast-schema-graph\">{\"@context\":\"https:\\\/\\\/schema.org\",\"@graph\":[{\"@type\":\"WebPage\",\"@id\":\"https:\\\/\\\/ani.pt\\\/en\\\/evento\\\/sessao-dedicada-a-nova-oportunidade-de-financiamento-horizonte-europa-implementacao-da-decada-do-oceano\\\/\",\"url\":\"https:\\\/\\\/ani.pt\\\/en\\\/evento\\\/sessao-dedicada-a-nova-oportunidade-de-financiamento-horizonte-europa-implementacao-da-decada-do-oceano\\\/\",\"name\":\"Sess\u00e3o dedicada \u00e0 nova oportunidade de financiamento Horizonte Europa: implementa\u00e7\u00e3o da D\u00e9cada do Oceano - ANI\",\"isPartOf\":{\"@id\":\"https:\\\/\\\/ani.pt\\\/en\\\/#website\"},\"primaryImageOfPage\":{\"@id\":\"https:\\\/\\\/ani.pt\\\/en\\\/evento\\\/sessao-dedicada-a-nova-oportunidade-de-financiamento-horizonte-europa-implementacao-da-decada-do-oceano\\\/#primaryimage\"},\"image\":{\"@id\":\"https:\\\/\\\/ani.pt\\\/en\\\/evento\\\/sessao-dedicada-a-nova-oportunidade-de-financiamento-horizonte-europa-implementacao-da-decada-do-oceano\\\/#primaryimage\"},\"thumbnailUrl\":\"https:\\\/\\\/ani.pt\\\/wp-content\\\/uploads\\\/2026\\\/01\\\/eventos_DecadaOceano.png\",\"datePublished\":\"2026-02-06T12:40:46+00:00\",\"dateModified\":\"2026-02-09T14:48:03+00:00\",\"breadcrumb\":{\"@id\":\"https:\\\/\\\/ani.pt\\\/en\\\/evento\\\/sessao-dedicada-a-nova-oportunidade-de-financiamento-horizonte-europa-implementacao-da-decada-do-oceano\\\/#breadcrumb\"},\"inLanguage\":\"en-US\",\"potentialAction\":[{\"@type\":\"ReadAction\",\"target\":[\"https:\\\/\\\/ani.pt\\\/en\\\/evento\\\/sessao-dedicada-a-nova-oportunidade-de-financiamento-horizonte-europa-implementacao-da-decada-do-oceano\\\/\"]}]},{\"@type\":\"ImageObject\",\"inLanguage\":\"en-US\",\"@id\":\"https:\\\/\\\/ani.pt\\\/en\\\/evento\\\/sessao-dedicada-a-nova-oportunidade-de-financiamento-horizonte-europa-implementacao-da-decada-do-oceano\\\/#primaryimage\",\"url\":\"https:\\\/\\\/ani.pt\\\/wp-content\\\/uploads\\\/2026\\\/01\\\/eventos_DecadaOceano.png\",\"contentUrl\":\"https:\\\/\\\/ani.pt\\\/wp-content\\\/uploads\\\/2026\\\/01\\\/eventos_DecadaOceano.png\",\"width\":1920,\"height\":1080},{\"@type\":\"BreadcrumbList\",\"@id\":\"https:\\\/\\\/ani.pt\\\/en\\\/evento\\\/sessao-dedicada-a-nova-oportunidade-de-financiamento-horizonte-europa-implementacao-da-decada-do-oceano\\\/#breadcrumb\",\"itemListElement\":[{\"@type\":\"ListItem\",\"position\":1,\"name\":\"Homepage\",\"item\":\"https:\\\/\\\/ani.pt\\\/en\\\/\"},{\"@type\":\"ListItem\",\"position\":2,\"name\":\"Eventos\",\"item\":\"https:\\\/\\\/ani.pt\\\/en\\\/evento\\\/\"},{\"@type\":\"ListItem\",\"position\":3,\"name\":\"Financiamentos, Calls &amp; Concursos\",\"item\":\"https:\\\/\\\/ani.pt\\\/en\\\/categoria-eventos\\\/financiamentos-calls-concursos\\\/\"},{\"@type\":\"ListItem\",\"position\":4,\"name\":\"Sess\u00e3o dedicada \u00e0 nova oportunidade de financiamento Horizonte Europa: implementa\u00e7\u00e3o da D\u00e9cada do Oceano\"}]},{\"@type\":\"WebSite\",\"@id\":\"https:\\\/\\\/ani.pt\\\/en\\\/#website\",\"url\":\"https:\\\/\\\/ani.pt\\\/en\\\/\",\"name\":\"ANI\",\"description\":\"\",\"potentialAction\":[{\"@type\":\"SearchAction\",\"target\":{\"@type\":\"EntryPoint\",\"urlTemplate\":\"https:\\\/\\\/ani.pt\\\/en\\\/?s={search_term_string}\"},\"query-input\":{\"@type\":\"PropertyValueSpecification\",\"valueRequired\":true,\"valueName\":\"search_term_string\"}}],\"inLanguage\":\"en-US\"}]}<\/script>\n<!-- \/ Yoast SEO plugin. -->","yoast_head_json":{"title":"Sess\u00e3o dedicada \u00e0 nova oportunidade de financiamento Horizonte Europa: implementa\u00e7\u00e3o da D\u00e9cada do Oceano - ANI","robots":{"index":"index","follow":"follow","max-snippet":"max-snippet:-1","max-image-preview":"max-image-preview:large","max-video-preview":"max-video-preview:-1"},"canonical":"https:\/\/ani.pt\/en\/evento\/sessao-dedicada-a-nova-oportunidade-de-financiamento-horizonte-europa-implementacao-da-decada-do-oceano\/","og_locale":"en_US","og_type":"article","og_title":"Sess\u00e3o dedicada \u00e0 nova oportunidade de financiamento Horizonte Europa: implementa\u00e7\u00e3o da D\u00e9cada do Oceano - ANI","og_description":"26 de janeiro, 12h, online O Comit\u00e9 para a D\u00e9cada do Oceano do Reino Unido vai promover um webinar, no dia 26 de janeiro, pelas 12h, dedicado a uma nova oportunidade de financiamento do Horizonte Europa para fortalecer a implementa\u00e7\u00e3o da D\u00e9cada das Na\u00e7\u00f5es Unidas das Ci\u00eancias do Oceano para o Desenvolvimento Sustent\u00e1vel 2021-2030. Esta [&hellip;]","og_url":"https:\/\/ani.pt\/en\/evento\/sessao-dedicada-a-nova-oportunidade-de-financiamento-horizonte-europa-implementacao-da-decada-do-oceano\/","og_site_name":"ANI","article_publisher":"https:\/\/www.facebook.com\/agencianacionaldeinovacao\/","article_modified_time":"2026-02-09T14:48:03+00:00","twitter_card":"summary_large_image","twitter_misc":{"Est. reading time":"1 minute"},"schema":{"@context":"https:\/\/schema.org","@graph":[{"@type":"WebPage","@id":"https:\/\/ani.pt\/en\/evento\/sessao-dedicada-a-nova-oportunidade-de-financiamento-horizonte-europa-implementacao-da-decada-do-oceano\/","url":"https:\/\/ani.pt\/en\/evento\/sessao-dedicada-a-nova-oportunidade-de-financiamento-horizonte-europa-implementacao-da-decada-do-oceano\/","name":"Sess\u00e3o dedicada \u00e0 nova oportunidade de financiamento Horizonte Europa: implementa\u00e7\u00e3o da D\u00e9cada do Oceano - ANI","isPartOf":{"@id":"https:\/\/ani.pt\/en\/#website"},"primaryImageOfPage":{"@id":"https:\/\/ani.pt\/en\/evento\/sessao-dedicada-a-nova-oportunidade-de-financiamento-horizonte-europa-implementacao-da-decada-do-oceano\/#primaryimage"},"image":{"@id":"https:\/\/ani.pt\/en\/evento\/sessao-dedicada-a-nova-oportunidade-de-financiamento-horizonte-europa-implementacao-da-decada-do-oceano\/#primaryimage"},"thumbnailUrl":"https:\/\/ani.pt\/wp-content\/uploads\/2026\/01\/eventos_DecadaOceano.png","datePublished":"2026-02-06T12:40:46+00:00","dateModified":"2026-02-09T14:48:03+00:00","breadcrumb":{"@id":"https:\/\/ani.pt\/en\/evento\/sessao-dedicada-a-nova-oportunidade-de-financiamento-horizonte-europa-implementacao-da-decada-do-oceano\/#breadcrumb"},"inLanguage":"en-US","potentialAction":[{"@type":"ReadAction","target":["https:\/\/ani.pt\/en\/evento\/sessao-dedicada-a-nova-oportunidade-de-financiamento-horizonte-europa-implementacao-da-decada-do-oceano\/"]}]},{"@type":"ImageObject","inLanguage":"en-US","@id":"https:\/\/ani.pt\/en\/evento\/sessao-dedicada-a-nova-oportunidade-de-financiamento-horizonte-europa-implementacao-da-decada-do-oceano\/#primaryimage","url":"https:\/\/ani.pt\/wp-content\/uploads\/2026\/01\/eventos_DecadaOceano.png","contentUrl":"https:\/\/ani.pt\/wp-content\/uploads\/2026\/01\/eventos_DecadaOceano.png","width":1920,"height":1080},{"@type":"BreadcrumbList","@id":"https:\/\/ani.pt\/en\/evento\/sessao-dedicada-a-nova-oportunidade-de-financiamento-horizonte-europa-implementacao-da-decada-do-oceano\/#breadcrumb","itemListElement":[{"@type":"ListItem","position":1,"name":"Homepage","item":"https:\/\/ani.pt\/en\/"},{"@type":"ListItem","position":2,"name":"Eventos","item":"https:\/\/ani.pt\/en\/evento\/"},{"@type":"ListItem","position":3,"name":"Financiamentos, Calls &amp; Concursos","item":"https:\/\/ani.pt\/en\/categoria-eventos\/financiamentos-calls-concursos\/"},{"@type":"ListItem","position":4,"name":"Sess\u00e3o dedicada \u00e0 nova oportunidade de financiamento Horizonte Europa: implementa\u00e7\u00e3o da D\u00e9cada do Oceano"}]},{"@type":"WebSite","@id":"https:\/\/ani.pt\/en\/#website","url":"https:\/\/ani.pt\/en\/","name":"ANI","description":"","potentialAction":[{"@type":"SearchAction","target":{"@type":"EntryPoint","urlTemplate":"https:\/\/ani.pt\/en\/?s={search_term_string}"},"query-input":{"@type":"PropertyValueSpecification","valueRequired":true,"valueName":"search_term_string"}}],"inLanguage":"en-US"}]}},"_links":{"self":[{"href":"https:\/\/ani.pt\/en\/wp-json\/wp\/v2\/evento\/44558","targetHints":{"allow":["GET"]}}],"collection":[{"href":"https:\/\/ani.pt\/en\/wp-json\/wp\/v2\/evento"}],"about":[{"href":"https:\/\/ani.pt\/en\/wp-json\/wp\/v2\/types\/evento"}],"version-history":[{"count":2,"href":"https:\/\/ani.pt\/en\/wp-json\/wp\/v2\/evento\/44558\/revisions"}],"predecessor-version":[{"id":44847,"href":"https:\/\/ani.pt\/en\/wp-json\/wp\/v2\/evento\/44558\/revisions\/44847"}],"wp:featuredmedia":[{"embeddable":true,"href":"https:\/\/ani.pt\/en\/wp-json\/wp\/v2\/media\/44359"}],"wp:attachment":[{"href":"https:\/\/ani.pt\/en\/wp-json\/wp\/v2\/media?parent=44558"}],"wp:term":[{"taxonomy":"categoria-eventos","embeddable":true,"href":"https:\/\/ani.pt\/en\/wp-json\/wp\/v2\/categoria-eventos?post=44558"}],"curies":[{"name":"wp","href":"https:\/\/api.w.org\/{rel}","templated":true}]}}

Sessão dedicada à nova oportunidade de financiamento Horizonte Europa: implementação da Década do Oceano

<p class="has-text-align-center"><strong>26 de janeiro, 12h, online</strong></p>



<p>O Comité para a Década do Oceano do Reino Unido vai promover um webinar, no dia 26 de janeiro, pelas 12h, dedicado a uma nova oportunidade de financiamento do Horizonte Europa para fortalecer a implementação da Década das Nações Unidas das Ciências do Oceano para o Desenvolvimento Sustentável 2021-2030.</p>



<p>Esta sessão é de registo obrigatório que pode ser feito&nbsp;<a href="https://forms.office.com/pages/responsepage.aspx?id=UCQKdycCYkyQx044U38RAsDgT5mcW5JOsP7IShs7mSlUQ1pFWjg2NVpEU1BLSldSWEhYUUtISENBUy4u&amp;route=shorturl" target="_blank" rel="noreferrer noopener">aqui</a>.</p>



<p>Mais informação sobre este tópico pode ser consultada&nbsp;<a href="https://ec.europa.eu/info/funding-tenders/opportunities/portal/screen/opportunities/topic-details/HORIZON-CL6-2026-03-GOVERNANCE-03" target="_blank" rel="noreferrer noopener">aqui</a>.</p>



<p>Está também disponível para consulta o plano de trabalhos 2026-2027 do Cluster 6 – Food, Bioeconomy, Natural Resources, Agriculture and Environment)&nbsp;<a href="https://ec.europa.eu/info/funding-tenders/opportunities/docs/2021-2027/horizon/wp-call/2026-2027/wp-9-food-bioeconomy-natural-resources-agriculture-and-environment_horizon-2026-2027_en.pdf" target="_blank" rel="noreferrer noopener">aqui</a>.</p>

<p>26 de janeiro, 12h, online O Comité para a Década do Oceano do Reino Unido vai promover um webinar, no dia 26 de janeiro, pelas 12h, dedicado a uma nova oportunidade de financiamento do Horizonte Europa para fortalecer a implementação da Década das Nações Unidas das Ciências do Oceano para o Desenvolvimento Sustentável 2021-2030. Esta [&hellip;]</p>

<!-- This site is optimized with the Yoast SEO plugin v27.4 - https://yoast.com/product/yoast-seo-wordpress/ -->
<title>Sessão dedicada à nova oportunidade de financiamento Horizonte Europa: implementação da Década do Oceano - ANI</title>
<meta name="robots" content="index, follow, max-snippet:-1, max-image-preview:large, max-video-preview:-1" />
<link rel="canonical" href="https://ani.pt/en/evento/sessao-dedicada-a-nova-oportunidade-de-financiamento-horizonte-europa-implementacao-da-decada-do-oceano/" />
<meta property="og:locale" content="en_US" />
<meta property="og:type" content="article" />
<meta property="og:title" content="Sessão dedicada à nova oportunidade de financiamento Horizonte Europa: implementação da Década do Oceano - ANI" />
<meta property="og:description" content="26 de janeiro, 12h, online O Comité para a Década do Oceano do Reino Unido vai promover um webinar, no dia 26 de janeiro, pelas 12h, dedicado a uma nova oportunidade de financiamento do Horizonte Europa para fortalecer a implementação da Década das Nações Unidas das Ciências do Oceano para o Desenvolvimento Sustentável 2021-2030. Esta [&hellip;]" />
<meta property="og:url" content="https://ani.pt/en/evento/sessao-dedicada-a-nova-oportunidade-de-financiamento-horizonte-europa-implementacao-da-decada-do-oceano/" />
<meta property="og:site_name" content="ANI" />
<meta property="article:publisher" content="https://www.facebook.com/agencianacionaldeinovacao/" />
<meta property="article:modified_time" content="2026-02-09T14:48:03+00:00" />
<meta name="twitter:card" content="summary_large_image" />
<meta name="twitter:label1" content="Est. reading time" />
	<meta name="twitter:data1" content="1 minute" />
<script type="application/ld+json" class="yoast-schema-graph">{"@context":"https:\/\/schema.org","@graph":[{"@type":"WebPage","@id":"https:\/\/ani.pt\/en\/evento\/sessao-dedicada-a-nova-oportunidade-de-financiamento-horizonte-europa-implementacao-da-decada-do-oceano\/","url":"https:\/\/ani.pt\/en\/evento\/sessao-dedicada-a-nova-oportunidade-de-financiamento-horizonte-europa-implementacao-da-decada-do-oceano\/","name":"Sessão dedicada à nova oportunidade de financiamento Horizonte Europa: implementação da Década do Oceano - ANI","isPartOf":{"@id":"https:\/\/ani.pt\/en\/#website"},"primaryImageOfPage":{"@id":"https:\/\/ani.pt\/en\/evento\/sessao-dedicada-a-nova-oportunidade-de-financiamento-horizonte-europa-implementacao-da-decada-do-oceano\/#primaryimage"},"image":{"@id":"https:\/\/ani.pt\/en\/evento\/sessao-dedicada-a-nova-oportunidade-de-financiamento-horizonte-europa-implementacao-da-decada-do-oceano\/#primaryimage"},"thumbnailUrl":"https:\/\/ani.pt\/wp-content\/uploads\/2026\/01\/eventos_DecadaOceano.png","datePublished":"2026-02-06T12:40:46+00:00","dateModified":"2026-02-09T14:48:03+00:00","breadcrumb":{"@id":"https:\/\/ani.pt\/en\/evento\/sessao-dedicada-a-nova-oportunidade-de-financiamento-horizonte-europa-implementacao-da-decada-do-oceano\/#breadcrumb"},"inLanguage":"en-US","potentialAction":[{"@type":"ReadAction","target":["https:\/\/ani.pt\/en\/evento\/sessao-dedicada-a-nova-oportunidade-de-financiamento-horizonte-europa-implementacao-da-decada-do-oceano\/"]}]},{"@type":"ImageObject","inLanguage":"en-US","@id":"https:\/\/ani.pt\/en\/evento\/sessao-dedicada-a-nova-oportunidade-de-financiamento-horizonte-europa-implementacao-da-decada-do-oceano\/#primaryimage","url":"https:\/\/ani.pt\/wp-content\/uploads\/2026\/01\/eventos_DecadaOceano.png","contentUrl":"https:\/\/ani.pt\/wp-content\/uploads\/2026\/01\/eventos_DecadaOceano.png","width":1920,"height":1080},{"@type":"BreadcrumbList","@id":"https:\/\/ani.pt\/en\/evento\/sessao-dedicada-a-nova-oportunidade-de-financiamento-horizonte-europa-implementacao-da-decada-do-oceano\/#breadcrumb","itemListElement":[{"@type":"ListItem","position":1,"name":"Homepage","item":"https:\/\/ani.pt\/en\/"},{"@type":"ListItem","position":2,"name":"Eventos","item":"https:\/\/ani.pt\/en\/evento\/"},{"@type":"ListItem","position":3,"name":"Financiamentos, Calls &amp; Concursos","item":"https:\/\/ani.pt\/en\/categoria-eventos\/financiamentos-calls-concursos\/"},{"@type":"ListItem","position":4,"name":"Sessão dedicada à nova oportunidade de financiamento Horizonte Europa: implementação da Década do Oceano"}]},{"@type":"WebSite","@id":"https:\/\/ani.pt\/en\/#website","url":"https:\/\/ani.pt\/en\/","name":"ANI","description":"","potentialAction":[{"@type":"SearchAction","target":{"@type":"EntryPoint","urlTemplate":"https:\/\/ani.pt\/en\/?s={search_term_string}"},"query-input":{"@type":"PropertyValueSpecification","valueRequired":true,"valueName":"search_term_string"}}],"inLanguage":"en-US"}]}</script>
<!-- / Yoast SEO plugin. -->

Sessão dedicada à nova oportunidade de financiamento Horizonte Europa: implementação da Década do Oceano - ANI

26 de janeiro, 12h, online O Comité para a Década do Oceano do Reino Unido vai promover um webinar, no dia 26 de janeiro, pelas 12h, dedicado a uma nova oportunidade de financiamento do Horizonte Europa para fortalecer a implementação da Década das Nações Unidas das Ciências do Oceano para o Desenvolvimento Sustentável 2021-2030. Esta [&hellip;]
